INSERT INTO `module_blocks` (`id`, `pid`, `page_id`, `lang_id`, `order_id`, `visible`, `name`, `data`, `class_name`, `sysname`, `no_delete`, `place`, `check1`, `check2`, `check3`, `check4`, `check5`, `check6`, `var1`, `var2`, `var3`, `var4`, `var5`, `order_all`, `updated`, `created`, `double1`, `double2`) VALUES
(2899, '', 37, 3, 190, 1, 'блокквот', '{\"description\":\"Lorem ipsum dolor sit amet, consectetur adipiscing elit. Donec hendrerit feugiat magna rhoncus sodales. Duis elementum\"}', 'blockquote', 'rygegocekucuverohapywibicelybatevorytyzofanyzyzamu', NULL, 0, 0, 0, 0, 0, 0, 0, NULL, NULL, NULL, NULL, NULL, NULL, '2018-12-15 16:02:37', '2018-12-15 16:02:29', NULL, NULL),
(2900, '', 37, 3, 200, 1, '2 col', '{\"description_l\":\"<p>Lorem ipsum dolor sit amet, consectetur adipiscing elit. Donec hendrerit feugiat magna rhoncus sodales. Duis elementum mi justo, ut hendrerit ante rutrum id. Nulla tristique eu nibh eget vulputate. Integer et congue dui. Cras non dapibus mi. Cras iaculis nulla ac urna condimentum fringilla. Nam finibus dictum tortor eu interdum. Link style sit amet, Link hover style. Nulla venenatis risus neque, a elementum lorem iaculis vitae. Suspendisse viverra efficitur mauris, eget accumsan mi placerat at.<\\/p>\",\"align_center_l\":\"0\",\"description_r\":\"<p>Lorem ipsum dolor sit amet, consectetur adipiscing elit. Donec hendrerit feugiat magna rhoncus sodales. Duis elementum mi justo, ut hendrerit ante rutrum id. Nulla tristique eu nibh eget vulputate. Integer et congue dui. Cras non dapibus mi. Cras iaculis nulla ac urna condimentum fringilla. Nam finibus dictum tortor eu interdum. Link style sit amet, Link hover style. Nulla venenatis risus neque, a elementum lorem iaculis vitae. Suspendisse viverra efficitur mauris, eget accumsan mi placerat at.<\\/p>\",\"align_center_r\":\"0\"}', 'html2col', 'sacyjawujanyrobipirozuguhomuboluvyladoqudejupujigo', NULL, 0, 0, 0, 0, 0, 0, 0, NULL, NULL, NULL, NULL, NULL, NULL, '2018-12-16 12:01:14', '2018-12-16 11:59:52', NULL, NULL),
(2901, '', 37, 3, 210, 1, '3 col', '{\"title\":\"Lorem impsum\",\"description_1\":\"<p>Lorem ipsum dolor sit amet, consectetur adipiscing elit. Donec hendrerit feugiat magna rhoncus sodales. Duis elementum mi justo, ut hendrerit ante rutrum id. Nulla tristique eu nibh eget vulputate. Integer et congue dui. Cras non dapibus mi. Cras iaculis nulla ac urna condimentum fringilla. Nam finibus dictum tortor eu interdum. Link style sit amet, Link hover style. Nulla venenatis risus neque, a elementum lorem iaculis vitae. Suspendisse viverra efficitur mauris, eget accumsan mi placerat at.<\\/p>\",\"description_2\":\"<p>Lorem ipsum dolor sit amet, consectetur adipiscing elit. Donec hendrerit feugiat magna rhoncus sodales. Duis elementum mi justo, ut hendrerit ante rutrum id. Nulla tristique eu nibh eget vulputate. Integer et congue dui. Cras non dapibus mi. Cras iaculis nulla ac urna condimentum fringilla. Nam finibus dictum tortor eu interdum. Link style sit amet, Link hover style. Nulla venenatis risus neque, a elementum lorem iaculis vitae. Suspendisse viverra efficitur mauris, eget accumsan mi placerat at.<\\/p>\",\"description_3\":\"<p>Lorem ipsum dolor sit amet, consectetur adipiscing elit. Donec hendrerit feugiat magna rhoncus sodales. Duis elementum mi justo, ut hendrerit ante rutrum id. Nulla tristique eu nibh eget vulputate. Integer et congue dui. Cras non dapibus mi. Cras iaculis nulla ac urna condimentum fringilla. Nam finibus dictum tortor eu interdum. Link style sit amet, Link hover style. Nulla venenatis risus neque, a elementum lorem iaculis vitae. Suspendisse viverra efficitur mauris, eget accumsan mi placerat at.<\\/p>\"}', 'html3col', 'hyhagyhipehysiqudetavilinovoradopizuhycusoxozywuci', NULL, 0, 0, 0, 0, 0, 0, 0, NULL, NULL, NULL, NULL, NULL, NULL, '2018-12-16 12:01:34', '2018-12-16 12:00:02', NULL, NULL),
(2902, '', 37, 3, 220, 1, '4 col', '{\"title\":\"Lorem impsum\",\"description_1\":\"<p>Lorem ipsum dolor sit amet, consectetur adipiscing elit. Donec hendrerit feugiat magna rhoncus sodales. Duis elementum mi justo, ut hendrerit ante rutrum id. Nulla tristique eu nibh eget vulputate. Integer et congue dui. Cras non dapibus mi. Cras iaculis nulla ac urna condimentum fringilla. Nam finibus dictum tortor eu interdum. Link style sit amet, Link hover style. Nulla venenatis risus neque, a elementum lorem iaculis vitae. Suspendisse viverra efficitur mauris, eget accumsan mi placerat at.<\\/p>\",\"description_2\":\"<p>Lorem ipsum dolor sit amet, consectetur adipiscing elit. Donec hendrerit feugiat magna rhoncus sodales. Duis elementum mi justo, ut hendrerit ante rutrum id. Nulla tristique eu nibh eget vulputate. Integer et congue dui. Cras non dapibus mi. Cras iaculis nulla ac urna condimentum fringilla. Nam finibus dictum tortor eu interdum. Link style sit amet, Link hover style. Nulla venenatis risus neque, a elementum lorem iaculis vitae. Suspendisse viverra efficitur mauris, eget accumsan mi placerat at.<\\/p>\",\"description_3\":\"<p>Lorem ipsum dolor sit amet, consectetur adipiscing elit. Donec hendrerit feugiat magna rhoncus sodales. Duis elementum mi justo, ut hendrerit ante rutrum id. Nulla tristique eu nibh eget vulputate. Integer et congue dui. Cras non dapibus mi. Cras iaculis nulla ac urna condimentum fringilla. Nam finibus dictum tortor eu interdum. Link style sit amet, Link hover style. Nulla venenatis risus neque, a elementum lorem iaculis vitae. Suspendisse viverra efficitur mauris, eget accumsan mi placerat at.<\\/p>\",\"description_4\":\"<p>Lorem ipsum dolor sit amet, consectetur adipiscing elit. Donec hendrerit feugiat magna rhoncus sodales. Duis elementum mi justo, ut hendrerit ante rutrum id. Nulla tristique eu nibh eget vulputate. Integer et congue dui. Cras non dapibus mi. Cras iaculis nulla ac urna condimentum fringilla. Nam finibus dictum tortor eu interdum. Link style sit amet, Link hover style. Nulla venenatis risus neque, a elementum lorem iaculis vitae. Suspendisse viverra efficitur mauris, eget accumsan mi placerat at.<\\/p>\"}', 'html4col', 'tuwavabozasegocademykuxibewusavejopehotusinywazuve', NULL, 0, 0, 0, 0, 0, 0, 0, NULL, NULL, NULL, NULL, NULL, NULL, '2018-12-16 12:01:51', '2018-12-16 12:00:11', NULL, NULL),
(2903, '', 37, 3, 230, 1, 'big gal', NULL, 'photogal', 'nugiwahipipiragylyvanexogyjaguriqefagipecuzenorudo', NULL, 0, 0, 0, 0, 0, 0, 0, NULL, NULL, NULL, NULL, NULL, NULL, '2018-12-16 12:00:40', '2018-12-16 12:00:32', NULL, NULL),
(2908, '2890_items', 24, 3, 30, 1, 'Электроснабжение', '{\"title\":\"Электроснабжение\",\"description\":\"Общее электроснабжение каждого дома составляет 12-14 кВт (25 A).\",\"img\":\"bogogofupi.svg\"}', 'listLogo', 'febydicyvenawydupunuvuhafonymeqoqikycunihemejekoro', NULL, -1, 0, 0, 0, 0, 0, 0, NULL, NULL, NULL, NULL, NULL, NULL, '2018-12-17 08:27:58', '2018-12-17 08:25:30', NULL, NULL),
(2909, '2890_items', 24, 3, 40, 1, 'Освещаемые улицы', '{\"title\":\"Освещаемые улицы\",\"description\":\"Улицы поселка в темные вечера всегда освещаются.\",\"img\":\"bymuxeqovo.svg\"}', 'listLogo', 'wopabudajamasehazematuqewusematibyzebupajewacehyte', NULL, -1, 0, 0, 0, 0, 0, 0, NULL, NULL, NULL, NULL, NULL, NULL, '2018-12-17 08:28:24', '2018-12-17 08:25:47', NULL, NULL),
(2910, '2890_items', 24, 3, 50, 1, 'Асфальтированные дороги', '{\"title\":\"Асфальтированные дороги\",\"description\":\"Все улицы в поселке заасфальтированы.\",\"img\":\"viwatilina.svg\"}', 'listLogo', 'qiburosukupadajugejihojuhokusutucudefowemozefobyde', NULL, -1, 0, 0, 0, 0, 0, 0, NULL, NULL, NULL, NULL, NULL, NULL, '2018-12-17 08:29:27', '2018-12-17 08:26:08', NULL, NULL),
(2911, '2890_items', 24, 3, 60, 1, 'Интернет и ТВ', '{\"title\":\"Интернет и ТВ\",\"description\":\"Широкий выбор телевизионного и интернет-подключения обеспечивают SIA Bradis, Lattelecom, Viasat или LMT 4G.\",\"img\":\"dywyrudume.svg\"}', 'listLogo', 'pababerigemyworyzopusacavubanibuzeqawecabegufidibu', NULL, -1, 0, 0, 0, 0, 0, 0, NULL, NULL, NULL, NULL, NULL, NULL, '2018-12-17 08:29:53', '2018-12-17 08:26:36', NULL, NULL),
(2912, '2890_items', 24, 3, 70, 1, 'Отопление', '{\"title\":\"Отопление\",\"description\":\"Предлагаем различные отопительные решения — газовое отопление, электрическое отопление, гранульный котел, тепловой насос.\",\"img\":\"nuxafovybu.svg\"}', 'listLogo', 'qutelodijotozoxusuvafufinefazafegimiqejowojykusuxu', NULL, -1, 0, 0, 0, 0, 0, 0, NULL, NULL, NULL, NULL, NULL, NULL, '2018-12-17 08:30:16', '2018-12-17 08:26:51', NULL, NULL),
(2913, '2890_items', 24, 3, 80, 1, 'Канализация', '{\"title\":\"Канализация\",\"description\":\"Централизованная (городская) канализация.\",\"img\":\"dutikagice.svg\"}', 'listLogo', 'qapyzizepudarugiqimyqekyryrysuvitubecelusuvuvacavo', NULL, -1, 0, 0, 0, 0, 0, 0, NULL, NULL, NULL, NULL, NULL, NULL, '2018-12-17 08:30:47', '2018-12-17 08:27:02', NULL, NULL),
(2915, '2905_items', 24, 1, 20, 1, 'Žogs', '{\"title\":\"Žogs\",\"description\":\"Ievērojot kopīgus apbūves principus, visām mājām jaunajā ciematā ir vienota stila žogi.\",\"img\":\"monupevyby.svg\"}', 'listLogo', 'qududabewexudifehiqykoryxusavifihyrolozoxavubigiqo', NULL, -1, 0, 0, 0, 0, 0, 0, NULL, NULL, NULL, NULL, NULL, NULL, '2018-12-17 08:47:46', '2018-12-17 08:38:56', NULL, NULL),
(2916, '2905_items', 24, 1, 30, 1, 'Elektropiegāde', '{\"title\":\"Elektropiegāde\",\"description\":\"Kopējā elektropiegāde katrai mājai ir 12-14kW (25A).\",\"img\":\"xigaxahyku.svg\"}', 'listLogo', 'vavorodypudihimeqekolorotyrykokywibetyxucusucasapa', NULL, -1, 0, 0, 0, 0, 0, 0, NULL, NULL, NULL, NULL, NULL, NULL, '2018-12-17 08:48:25', '2018-12-17 08:39:05', NULL, NULL),
(2917, '2905_items', 24, 1, 40, 1, 'Apgaismotas ielas', '{\"title\":\"Apgaismotas ielas\",\"description\":\"Ciemata ielas tumšajos vakaros vienmēr tiek apgaismotas.\",\"img\":\"gygafocawo.svg\"}', 'listLogo', 'sanahypahewyrotyxaxusuvojixafafagaqejiwyqowyroroty', NULL, -1, 0, 0, 0, 0, 0, 0, NULL, NULL, NULL, NULL, NULL, NULL, '2018-12-17 08:48:50', '2018-12-17 08:39:12', NULL, NULL),
(2918, '2905_items', 24, 1, 50, 1, 'Asfaltēti ceļi', '{\"title\":\"Asfaltēti ceļi\",\"description\":\"Visas ielas ciematā ir asfaltētas.\",\"img\":\"samorefuvu.svg\"}', 'listLogo', 'qykunyzafegenihiqiwibyhylyrywabikemojywywylytixasu', NULL, -1, 0, 0, 0, 0, 0, 0, NULL, NULL, NULL, NULL, NULL, NULL, '2018-12-17 08:49:43', '2018-12-17 08:39:27', NULL, NULL),
(2919, '2905_items', 24, 1, 60, 1, 'Internets un TV', '{\"title\":\"Internets un TV\",\"description\":\"Plašas televīzijas un interneta pieslēgumu izvēles iespējas nodrošina SIA Bradis, Lattelecom, Viasat vai LMT 4G.\",\"img\":\"tyweqovywo.svg\"}', 'listLogo', 'kiqezirudojapiqyxejadijyxukoluvejopinuramejysinote', NULL, -1, 0, 0, 0, 0, 0, 0, NULL, NULL, NULL, NULL, NULL, NULL, '2018-12-17 13:36:04', '2018-12-17 08:40:32', NULL, NULL),
(2920, '2905_items', 24, 1, 70, 1, 'Apkure', '{\"title\":\"Apkure\",\"description\":\"Piedāvājam dažādus apkures risinājumus – gāzes apkure, elektriskā apkure, granulu katls, siltumsūknis.\",\"img\":\"zasudewaha.svg\"}', 'listLogo', 'cemihegegosewisytaguqylykiridogahusimacihycejoxeno', NULL, -1, 0, 0, 0, 0, 0, 0, NULL, NULL, NULL, NULL, NULL, NULL, '2018-12-17 08:56:13', '2018-12-17 08:40:47', NULL, NULL),
(2921, '2905_items', 24, 1, 80, 1, 'Kanalizācija', '{\"title\":\"Kanalizācija\",\"description\":\"Centralizēta (pilsētas) kanalizācija.\",\"img\":\"femikysyxe.svg\"}', 'listLogo', 'jamubivezadubabinekywylyzypoxucovememiqiwyryzatehe', NULL, -1, 0, 0, 0, 0, 0, 0, NULL, NULL, NULL, NULL, NULL, NULL, '2018-12-17 08:56:44', '2018-12-17 08:40:57', NULL, NULL),
(2922, '2873_items', 24, 14, 10, 1, 'Fresh water', '{\"title\":\"Fresh water\",\"description\":\"Municipal water supply.\",\"img\":\"qajidoxeqo.svg\"}', 'listLogo', 'xalezepizavifapynunygekoryzutypacadadacevifineqiwy', NULL, -1, 0, 0, 0, 0, 0, 0, NULL, NULL, NULL, NULL, NULL, NULL, '2018-12-17 09:05:02', '2018-12-17 09:01:49', NULL, NULL),
(2923, '2873_items', 24, 14, 20, 1, 'Fence', '{\"title\":\"Fence\",\"description\":\"Taking into account principles of common design, all the buildings in the new village have fences of identical style.\",\"img\":\"ryziraheho.svg\"}', 'listLogo', 'segodijypacuvejoxigotiwusifypuvyqupequxafyrimuzudi', NULL, -1, 0, 0, 0, 0, 0, 0, NULL, NULL, NULL, NULL, NULL, NULL, '2018-12-17 09:05:32', '2018-12-17 09:02:03', NULL, NULL),
(2924, '2873_items', 24, 14, 30, 1, 'Electric power supply', '{\"title\":\"Electric power supply\",\"description\":\"Total electric power supply for each house is 12-14 kW (25 A).\",\"img\":\"dopahawycu.svg\"}', 'listLogo', 'kigoveqydejimyjokyrylegeheqehejikiqijewyqekyrokylo', NULL, -1, 0, 0, 0, 0, 0, 0, NULL, NULL, NULL, NULL, NULL, NULL, '2018-12-17 09:06:15', '2018-12-17 09:02:24', NULL, NULL),
(2925, '2873_items', 24, 14, 40, 1, 'Lighted streets', '{\"title\":\"Lighted streets\",\"description\":\"When the darkness sets in at night, streets in the village are always well- lit.\",\"img\":\"tofanozefe.svg\"}', 'listLogo', 'susoxusawytopacadurudiqikokorogorygelarykuzagyjiwy', NULL, -1, 0, 0, 0, 0, 0, 0, NULL, NULL, NULL, NULL, NULL, NULL, '2018-12-17 09:06:39', '2018-12-17 09:02:47', NULL, NULL),
(2926, '2873_items', 24, 14, 50, 1, 'Asphalted roads', '{\"title\":\"Asphalted roads\",\"description\":\"All streets within the village are asphalted.\",\"img\":\"guvyfekaro.svg\"}', 'listLogo', 'hequmosodunikifaqimyfyqyfinimisasawehihijixolyzesi', NULL, -1, 0, 0, 0, 0, 0, 0, NULL, NULL, NULL, NULL, NULL, NULL, '2018-12-17 09:07:03', '2018-12-17 09:03:07', NULL, NULL),
(2927, '2873_items', 24, 14, 60, 1, 'Internet and TV', '{\"title\":\"Internet and TV\",\"description\":\"Internet and television connection is provided by SIA Bradis, Lattelecom, Viasat, or LMT 4G.\",\"img\":\"tidocewypu.svg\"}', 'listLogo', 'dehuqovijywylorasadasucokidenuxuvebegimucukozylyty', NULL, -1, 0, 0, 0, 0, 0, 0, NULL, NULL, NULL, NULL, NULL, NULL, '2018-12-17 09:07:24', '2018-12-17 09:03:27', NULL, NULL),
(2928, '2873_items', 24, 14, 70, 1, 'Heating', '{\"title\":\"Heating\",\"description\":\"You can choose from various heating options — gas heating, electric heating, pellet boiler, heat pump.\",\"img\":\"secajikere.svg\"}', 'listLogo', 'wypamycuxiqozimadycavaxysoquzohagupegovagyravolake', NULL, -1, 0, 0, 0, 0, 0, 0, NULL, NULL, NULL, NULL, NULL, NULL, '2018-12-17 09:12:37', '2018-12-17 09:03:50', NULL, NULL),
(2929, '2873_items', 24, 14, 80, 1, 'Sewage', '{\"title\":\"Sewage\",\"description\":\"Municipal sewage system.\",\"img\":\"segunezabe.svg\"}', 'listLogo', 'kyqukeqypoxyxucadalyturutozuratypazupacuxedihegehe', NULL, -1, 0, 0, 0, 0, 0, 0, NULL, NULL, NULL, NULL, NULL, NULL, '2018-12-17 09:18:31', '2018-12-17 09:04:04', NULL, NULL),
(2930, '', 44, 14, 20, 1, 'Infrastructure', '{\"link\":\"2873\"}', 'blocklink', 'fykerurycyxaqywafefydyledyjapimutiwotufekusimyzufi', NULL, 0, 0, 0, 0, 0, 0, 0, NULL, NULL, NULL, NULL, NULL, NULL, '2018-12-17 09:19:33', '2018-12-17 09:14:00', NULL, NULL),
(2931, '', 44, 14, 10, 1, 'Title', '{\"title\":\"Infrastructure\",\"description\":\"Good social infrastructure, asphalted roads, street lights, all amenities. Convenient traffic & public transportation options, shopping, and versatile leisure opportunities\\r\\n\\r\\n\\r\\n\",\"overlay_color\":\"\",\"labels\":\"\",\"link\":\"\",\"dots\":\"0\",\"village_Lapsas\":\"0\",\"village_Dailas\":\"0\",\"village_Ziedlejas\":\"0\",\"village_Jaunzemes\":\"0\",\"status_active\":\"0\",\"status_reserved\":\"0\",\"status_sold\":\"0\",\"sort\":\"price ask\"}', 'sliderHouse', 'jivuxizelunoxuvyripikokacehytifyzufewusehozavojoxu', NULL, 0, 0, 0, 0, 0, 0, 0, NULL, NULL, NULL, NULL, NULL, NULL, '2018-12-17 09:27:35', '2018-12-17 09:19:25', NULL, NULL),
(2932, '', 44, 3, 20, 1, 'Title', '{\"title\":\"Инфраструктура\",\"description\":\"Полностью построены дороги, коммуникации и все удобства. Удобное сообщение и шопинг, разнообразные возможности отдыха\\r\\n\\r\\n\",\"overlay_color\":\"\",\"labels\":\"\",\"link\":\"\",\"dots\":\"0\",\"village_Lapsas\":\"0\",\"village_Dailas\":\"0\",\"village_Ziedlejas\":\"0\",\"village_Jaunzemes\":\"0\",\"status_active\":\"0\",\"status_reserved\":\"0\",\"status_sold\":\"0\",\"sort\":\"price ask\"}', 'sliderHouse', 'lugydecejyryzapyzasipufozylogorasivihubinaqyworoty', NULL, 0, 0, 0, 0, 0, 0, 0, NULL, NULL, NULL, NULL, NULL, NULL, '2018-12-17 09:25:26', '2018-12-17 09:21:00', NULL, NULL),
(2933, '2543_items', 79, 99, 10, 1, 'Ziemciešu iela', '{\"top\":\"302.4050\",\"left\":\"280.6000\",\"rotate_left\":\"\",\"rotate_right\":\"\",\"height\":\"1.2\",\"width\":\"1.2\",\"text_ru\":\" УЛ.ЗИЕМЦИЕШУ\",\"text_lv\":\"ZIEMCIEŠU IELA\",\"text_en\":\"ZIEMCIESU STREET\"}', 'addTextMap', 'geheranaloxasanijikoqepaserysipiqyrowyrovyxokosege', NULL, -1, 0, 0, 0, 0, 0, 0, NULL, NULL, NULL, NULL, NULL, NULL, '2018-12-17 11:09:49', '2018-12-17 10:55:59', NULL, NULL),
(2934, '2543_items', 79, 99, 20, 1, 'Lielā iela', '{\"top\":\"477,1006\",\"left\":\"477,536\",\"rotate_left\":\"\",\"rotate_right\":\"\",\"height\":\"\",\"width\":\"\",\"text_ru\":\"УЛ. ЛИЕЛА\",\"text_lv\":\"LIELĀ IELA\",\"text_en\":\"LIELA STREET\"}', 'addTextMap', 'cudamagubozabiwecirorabowuvijuxudyjyxigyrusehutusu', NULL, -1, 0, 0, 0, 0, 0, 0, NULL, NULL, NULL, NULL, NULL, NULL, '2018-12-17 11:21:34', '2018-12-17 11:14:46', NULL, NULL),
(3051, '', 85, 1, 20, 0, 'Infrastruktura', '{\"link\":\"3041\"}', 'blocklink', 'vuvubovozeracimasimybimozegolufikusijyxemozinozafy', NULL, 0, 0, 0, 0, 0, 0, 0, NULL, NULL, NULL, NULL, NULL, NULL, '2019-02-06 08:04:27', '2019-01-28 09:27:05', NULL, NULL),
(2939, '', 91, 99, 20, 1, 'Interjeri', '{\"title_ru\":\"Интерьеры\",\"purl_ru\":\"interjeri-adazi.html\",\"title_lv\":\"Interjeri\",\"purl_lv\":\"interjeri-adazi-dailas.html\",\"title_en\":\"Interiors\",\"purl_en\":\"interiors-adazi.html\"}', 'photogalWithPurl', 'titabugykupunejycubenowucimylytifimapoqovinysesely', NULL, 0, 0, 0, 0, 0, 0, 0, NULL, NULL, NULL, NULL, NULL, NULL, '2018-12-17 14:06:19', '2018-12-17 14:00:22', NULL, NULL),
(2941, '', 74, 1, 20, 1, 'Partner logo', '{\"link\":\"2768\"}', 'blocklink', 'bicetafitobunolyzaxusafaniwehetekusotetuxesadevibe', NULL, 0, 0, 0, 0, 0, 0, 0, NULL, NULL, NULL, NULL, NULL, NULL, '2018-12-17 14:25:01', '2018-12-17 14:24:51', NULL, NULL),
(2942, '', 74, 1, 40, 1, 'Gallery', '{\"title\":\"Video un photo galerijas\"}', 'gallery', 'moqanelocihehiqozabagyryducuducadubaduvubedubyjuci', NULL, 0, 0, 0, 0, 0, 0, 0, NULL, NULL, NULL, NULL, NULL, NULL, '2019-01-28 09:36:43', '2018-12-17 14:26:39', NULL, NULL),
(2943, '', 74, 1, 50, 1, 'Map', '{\"title\":\"Dzīve Ādažos\",\"description\":\"Ciemats “Dailas” atrodas Ādažos, 23 km attālumā no Rīgas centra un to ieskauj zaļa un kopta apkārtējā teritorija. Ciemata tuvumā teicama infrastruktūra – skolas, bērnu dārzs, tirdzniecības, sporta un atpūtas centri. Tikai 1km attālumā no ciemata atrodas Vējupes peldvieta. Ērts sabiedriskais transports līdz Rīgai. \\r\\n\\r\\n\",\"labels\":\"Kā nokļūt ciematā\",\"link\":\"https:\\/\\/www.google.com\\/maps\\/place\\/Ciemats+%22Dailas%22\\/@57.0682042,24.3463777,512m\\/data=!3m1!1e3!4m5!3m4!1s0x46eeca1a0084aac7:0x13071674515afeff!8m2!3d57.0686373!4d24.3469892\",\"center_map_x\":\"57.1\",\"center_map_y\":\"24.1\"}', 'map', 'gebycavyrebyrufibenibefabudubidubyjumigixypapopunu', NULL, 0, 0, 0, 0, 0, 0, 0, NULL, NULL, NULL, NULL, NULL, NULL, '2019-02-06 14:38:24', '2018-12-17 14:46:52', NULL, NULL),
(2944, '2943_geo', 74, 99, 10, 1, 'Geo', '{\"geo\":\"57.068773, 24.347021\",\"title\":\"Ādaži\",\"small_text\":\"Dailas\",\"position_text\":\"20, 123\",\"link_status\":\"1\",\"link\":\"%{INSERTLINK}%75%{INSERTLINK}%\",\"type\":\"small\",\"icon\":\"kaxizoduho.png\"}', 'geoPlace', 'pudajekysavujudubagikowahoqyzikabuderywaratuxoxafo', NULL, -1, 0, 0, 0, 0, 0, 0, NULL, NULL, NULL, NULL, NULL, NULL, '2019-01-17 13:31:12', '2018-12-17 14:48:13', NULL, NULL),
(2945, '', 85, 1, 10, 0, 'Title', '{\"title\":\"Infrastruktūra\",\"description\":\"Mēs rūpējamais, lai ciemata iedzīvotājiem dzīvošana ciematā būtu maksimāli ērta, tāpēc esam nodrošinājuši visas komunikācijas: ūdens, kanalizācija, elektrība, gāze.\",\"overlay_color\":\"\",\"labels\":\"\",\"link\":\"\",\"dots\":\"0\",\"village_Lapsas\":\"0\",\"village_Dailas\":\"0\",\"village_Ziedlejas\":\"0\",\"village_Jaunzemes\":\"0\",\"status_active\":\"0\",\"status_reserved\":\"0\",\"status_sold\":\"0\",\"sort\":\"price ask\"}', 'sliderHouse', 'mutexerujezyfotubyquxenoravenytabikafelifykabehyzo', NULL, 0, 0, 0, 0, 0, 0, 0, NULL, NULL, NULL, NULL, NULL, NULL, '2019-02-06 08:04:26', '2018-12-17 15:37:25', NULL, NULL),
(3087, '3085_options', 54, 99, 10, 1, 'test', NULL, 'elemOptions', 'cenagodirigytubywafowubiwabekacihytavogypenoluveqo', NULL, -1, 0, 0, 0, 0, 0, 0, NULL, NULL, NULL, NULL, NULL, NULL, '2019-01-30 08:30:59', '2019-01-30 08:30:56', NULL, NULL),
(2950, '', 97, 3, 1, 0, 'Add page content here', NULL, 'html', 'radiwosuretotasezupupucavyzaxaqaqeqinyvavafafegymy', 0, 0, 0, 0, 0, 0, 0, 0, NULL, NULL, NULL, NULL, NULL, NULL, '2018-12-19 23:23:57', NULL, NULL, NULL),
(2951, '', 97, 1, 1, 0, 'Add page content here', NULL, 'html', 'radiwosuretotasezupupucavyzaxaqaqeqinyvavafafegymy', 0, 0, 0, 0, 0, 0, 0, 0, NULL, NULL, NULL, NULL, NULL, NULL, '2018-12-19 23:23:57', NULL, NULL, NULL),
(2952, '', 97, 14, 1, 0, 'Add page content here', NULL, 'html', 'radiwosuretotasezupupucavyzaxaqaqeqinyvavafafegymy', 0, 0, 0, 0, 0, 0, 0, 0, NULL, NULL, NULL, NULL, NULL, NULL, '2018-12-19 23:23:57', NULL, NULL, NULL),
(2953, '', 97, 99, 1, 0, 'Add page content here', NULL, 'html', 'radiwosuretotasezupupucavyzaxaqaqeqinyvavafafegymy', 0, 0, 0, 0, 0, 0, 0, 0, NULL, NULL, NULL, NULL, NULL, NULL, '2018-12-19 23:23:57', NULL, NULL, NULL),
(2954, '', 46, 1, 20, 1, 'test action', '{\"title\":\"Partneru mājokļu piedāvājumi\",\"description\":\"Partneru mājokļu piedāvājumi. Neatkarīgi no tā, cik liels ir tavs kapitāls, mums ir risinājumi, kas palīdzēs to vairot.\\r\\n\\r\\n \",\"labels\":\"Uzzināt vairāk\",\"link\":\"%{INSERTLINK}%61%{INSERTLINK}%\",\"show_open_view\":\"0\",\"page\":{\"38\":\"on\"}}', 'callToAction', 'coxezafetacalopokiwuwasyzejufucabasoducoreqabupyli', NULL, 0, 0, 0, 0, 0, 0, 0, NULL, NULL, NULL, NULL, NULL, NULL, '2019-01-16 15:40:12', '2018-12-19 23:58:36', NULL, NULL),
(3093, '', 54, 99, 50, 0, 'text', '{\"option_ru\":\"\",\"option_lv\":\"Platība\",\"option_en\":\"\",\"prefix_ru\":\"\",\"prefix_lv\":\"no \",\"prefix_en\":\"\",\"postfix_ru\":\"\",\"postfix_lv\":\"m2\",\"postfix_en\":\"\"}', 'text', 'wemubitihyboxupucavabafegimiqokilorucavudubeqeqime', NULL, 0, 0, 0, 0, 0, 0, 0, NULL, NULL, NULL, NULL, NULL, NULL, '2019-02-04 14:31:40', '2019-01-30 09:48:49', NULL, NULL),
(2956, '2955_options', 54, 99, 10, 1, 'option 1', '{\"labels_ru\":\"Опция 1\",\"link_ru\":\"http:\\/\\/www.amparo.lv\",\"labels_lv\":\"Opcija 1\",\"link_lv\":\"http:\\/\\/www.amparo.lv\",\"labels_en\":\"\",\"link_en\":\"\"}', 'elemOptions', 'kafypizamugyrubotimaruwugaxeqypegoravyravejypacimo', NULL, -1, 0, 0, 0, 0, 0, 0, NULL, NULL, NULL, NULL, NULL, NULL, '2018-12-26 01:32:16', '2018-12-26 01:29:48', NULL, NULL),
(3098, '3078_options', 54, 99, 10, 1, 'Pilna', '{\"labels_ru\":\"\",\"link_ru\":\"\",\"labels_lv\":\"Pilna\",\"link_lv\":\"%{INSERTLINK}%1%{INSERTLINK}%\",\"labels_en\":\"\",\"link_en\":\"\"}', 'elemOptions', 'hasenopunihyjasudafaworytusedemosusegehemyfinememe', NULL, -1, 0, 0, 0, 0, 0, 0, NULL, NULL, NULL, NULL, NULL, NULL, '2019-04-08 10:46:49', '2019-02-04 14:31:09', NULL, NULL),
(2960, '2959_options', 54, 99, 10, 1, 'Option test 1', '{\"labels_ru\":\"\",\"link_ru\":\"\",\"labels_lv\":\"option test\",\"link_lv\":\"\",\"labels_en\":\"\",\"link_en\":\"\"}', 'elemOptions', 'feduhobovarihusimacematujocabewetenyfoladepytalaci', NULL, -1, 0, 0, 0, 0, 0, 0, NULL, NULL, NULL, NULL, NULL, NULL, '2018-12-26 01:37:09', '2018-12-26 01:37:00', NULL, NULL),
(2963, '', 14, 14, 1, 0, 'Add page content here', NULL, 'html', 'fotaragedylyxasuvidebenemewyryhaqozotuzureqawozyxo', 0, 0, 0, 0, 0, 0, 0, 0, NULL, NULL, NULL, NULL, NULL, NULL, '2019-01-03 09:23:11', NULL, NULL, NULL),
(2964, '', 14, 99, 1, 0, 'Add page content here', NULL, 'html', 'fotaragedylyxasuvidebenemewyryhaqozotuzureqawozyxo', 0, 0, 0, 0, 0, 0, 0, 0, NULL, NULL, NULL, NULL, NULL, NULL, '2019-01-03 09:23:11', NULL, NULL, NULL),
(3147, '', 54, 99, 70, 1, 'Interjera apraksts', '{\"option_ru\":\"Описание интерьера\",\"option_lv\":\"Interjera apraksts\",\"option_en\":\"Interior\",\"prefix_ru\":\"no\",\"prefix_lv\":\"no\",\"prefix_en\":\"\",\"postfix_ru\":\"\",\"postfix_lv\":\"m<sup>2<\\/sup>\",\"postfix_en\":\"\"}', 'text', 'mekofojovolopusagetiwilafijewasubeqikowoxucacukufi', NULL, 0, 0, 0, 0, 0, 0, 0, NULL, NULL, NULL, NULL, NULL, NULL, '2019-04-08 16:25:46', '2019-04-08 10:39:12', NULL, NULL),
(2966, '', 78, 99, 116, 1, 'test', '{\"status\":\"sold\",\"price\":\"10.00\",\"old_price\":\"0.00\",\"address\":null,\"area\":\"11\",\"type_object\":\"land\",\"number_of_floors_allowed\":\"11\",\"numbers\":\"11\",\"picture\":\"\",\"type_crop\":\"smallImgInMap;photoGallery;imgInListHouse\",\"total_area\":\"\",\"living_space\":\"\",\"floors\":\"\",\"rooms\":\"\",\"test\":\"\",\"test2\":\"\",\"test 3\":\"\",\"option text\":\"\",\"text\":\"\",\"option test\":\"\",\"action_check_ru\":\"0\",\"action_ru\":\"test\",\"name_ru\":\"\",\"small_description_ru\":\"test\",\"description_ru\":\"\",\"action_check_lv\":\"0\",\"action_lv\":\"\",\"name_lv\":\"\",\"small_description_lv\":\"\",\"description_lv\":\"\",\"action_check_en\":\"0\",\"action_en\":\"\",\"name_en\":\"\",\"small_description_en\":\"\",\"description_en\":\"\"}', 'villageObject', 'gafinofigimogehegijypimikaqykyryworokyworywivejywo', 1, 0, 0, 0, 0, 0, 0, 0, NULL, 'sold', 'land', NULL, 'test', NULL, '2019-02-11 12:09:15', NULL, 10.00, 0.00),
(2967, '', 78, 1, 116, 1, 'Object 116', NULL, 'villageObject', 'gafinofigimogehegijypimikaqykyryworokyworywivejywo', 1, 0, 0, 0, 0, 0, 0, 0, NULL, NULL, NULL, NULL, 'Object-116', NULL, '2019-02-11 12:09:15', NULL, NULL, NULL),
(2968, '', 78, 3, 116, 1, 'Object 116', NULL, 'villageObject', 'gafinofigimogehegijypimikaqykyryworokyworywivejywo', 1, 0, 0, 0, 0, 0, 0, 0, NULL, NULL, NULL, NULL, 'Object-116', NULL, '2019-02-11 12:09:15', NULL, NULL, NULL),
(2969, '', 78, 14, 116, 1, 'Object 116', NULL, 'villageObject', 'gafinofigimogehegijypimikaqykyryworokyworywivejywo', 1, 0, 0, 0, 0, 0, 0, 0, NULL, NULL, NULL, NULL, 'Object-116', NULL, '2019-02-11 12:09:15', NULL, NULL, NULL),
(2972, '', 71, 1, 20, 1, '4 partners logo', '{\"link\":\"2768\"}', 'blocklink', 'lynanysisigoracemazifewacegolaveqopedyqabeninytubo', NULL, 0, 0, 0, 0, 0, 0, 0, NULL, NULL, NULL, NULL, NULL, NULL, '2019-01-11 13:01:52', '2019-01-11 13:01:42', NULL, NULL),
(2971, '', 71, 1, 10, 1, 'Gatavas majas', '{\"title\":\"Gatavās mājas\",\"description\":\"Aicinām iepazīties ar šobrīd pieejamajām mājām un, ja kāda ir Jūs ieinteresējusi, vienosimies par tās apskati\",\"overlay_color\":\"\",\"labels\":\"Apskatīt visas mājas\",\"link\":\"%{INSERTLINK}%73%{INSERTLINK}%\",\"dots\":\"0\",\"village_Lapsas\":\"1\",\"village_Dailas\":\"0\",\"village_Ziedlejas\":\"0\",\"village_Jaunzemes\":\"0\",\"status_active\":\"1\",\"status_reserved\":\"1\",\"status_sold\":\"1\",\"sort\":\"price ask\"}', 'sliderHouse', 'ducolanimytudabymyrokypasaniqekyrucavinemarozuxave', NULL, 0, 0, 0, 0, 0, 0, 0, NULL, NULL, NULL, NULL, NULL, NULL, '2019-01-16 14:35:17', '2019-01-11 12:55:46', NULL, NULL),
(3042, '3041_items', 24, 1, 10, 1, 'Elektropiegade', '{\"title\":\"Elektropiegāde\",\"description\":\"Elektropiegāde katram īpašumam 12-14 kw.\\r\\n\",\"img\":\"hykulivitu.svg\"}', 'listLogo', 'wewecilunufigimijyjokypopusadehehejexafatecehololo', NULL, -1, 0, 0, 0, 0, 0, 0, NULL, NULL, NULL, NULL, NULL, NULL, '2019-01-28 09:20:00', '2019-01-28 09:19:42', NULL, NULL),
(3099, '', 84, 1, 20, 1, 'Title 1', '{\"title\":\"Kā rīkoties, ja mājai iegādei nepieciešams kredīts?\",\"description\":\"Ja mājas vai zemes iegādei Jums ir nepieciešams bankas finansējums, tad pirms Rezervācijas līguma parakstīšanas iesakām apmeklēt bankas kredītspeciālistu un noskaidrot savas iespējas saņemt hipotekāro kredītu. Domuss Ciemati sadarbojas ar visām vadošajām bankām Latvijā. Kamēr banka gatavo lēmumu par kredīta piešķiršanu, Jums ir iespēja \\\\\\\"pieturēt\\\\\\\" izvēlēto māju vai zemi, mutiski to rezervējot uz laiku līdz vienai nedēļai.\",\"overlay_color\":\"\",\"labels\":\"\",\"link\":\"\",\"dots\":\"0\",\"village_Lapsas\":\"0\",\"village_Dailas\":\"0\",\"village_Ziedlejas\":\"0\",\"village_Jaunzemes\":\"0\",\"status_active\":\"0\",\"status_reserved\":\"0\",\"status_sold\":\"0\",\"sort\":\"price ask\"}', 'sliderHouse', 'keqetufumulotalikeqytigifinehyjemyqykowalezelusyde', NULL, 0, 0, 0, 0, 0, 0, 0, NULL, NULL, NULL, NULL, NULL, NULL, '2019-02-06 08:05:24', '2019-02-06 08:05:01', NULL, NULL),
(2976, '', 84, 1, 10, 0, 'Title', '{\"title\":\"Infrastruktūra\",\"description\":\"Mēs rūpējamais, lai ciemata iedzīvotājiem dzīvošana ciematā būtu maksimāli ērta, tāpēc esam nodrošinājuši visas komunikācijas: ūdens, kanalizācija, elektrība, gāze.\",\"overlay_color\":\"\",\"labels\":\"\",\"link\":\"\",\"dots\":\"0\",\"village_Lapsas\":\"0\",\"village_Dailas\":\"0\",\"village_Ziedlejas\":\"0\",\"village_Jaunzemes\":\"0\",\"status_active\":\"0\",\"status_reserved\":\"0\",\"status_sold\":\"0\",\"sort\":\"price ask\"}', 'sliderHouse', 'qejahurypiqapyrifyrimasihacihytabewacihygamajuwabo', NULL, 0, 0, 0, 0, 0, 0, 0, NULL, NULL, NULL, NULL, NULL, NULL, '2019-02-06 08:04:10', '2019-01-11 13:08:03', NULL, NULL),
(3007, '', 90, 1, 10, 1, 'Call to action', '{\"title\":\"Pasūtīt jaunas mājas būvniecību\",\"description\":\"Savas sapņu mājas būvniecībai piedāvājam izvēlēties kādu no mūsu ilglaicīgajiem partneriem. Šīs ir profesionālas būvkompānijas ar nopietnu pieredzi gan Latvijā, gan ārzemēs.\",\"labels\":\"Uzzināt vairāk\",\"link\":\"%{INSERTLINK}%63%{INSERTLINK}%\",\"show_open_view\":\"0\",\"page\":{\"4\":\"on\"}}', 'callToAction', 'tuvamyverunyradyruviqapigyhozimotubykucimatebunyzu', NULL, 1, 0, 0, 0, 0, 0, 0, NULL, NULL, NULL, NULL, NULL, NULL, '2019-02-07 14:37:30', '2019-01-16 14:41:05', NULL, NULL),
(2978, '2977_items', 71, 99, 10, 1, '1', NULL, 'listLogo', 'vyhejupudemeqimejiqehiqikylykoryrylyrokylovyrotolo', NULL, -1, 0, 0, 0, 0, 0, 0, NULL, NULL, NULL, NULL, NULL, NULL, '2019-01-11 14:39:30', '2019-01-11 14:39:27', NULL, NULL),
(3041, '', 24, 1, 110, 1, 'Infrastruktura no title (Mārupe, Ādaži, Carnikava)', NULL, 'infrastructure', 'potekumavavoquxinyladiqofimowacehykesihozudoqoxeci', NULL, 0, 0, 0, 0, 0, 0, 0, NULL, NULL, NULL, NULL, NULL, NULL, '2019-01-28 09:19:17', '2019-01-28 09:19:10', NULL, NULL),
(2980, '2979_items', 24, 1, 10, 1, '1', '{\"title\":\"Svaigs ūdens\",\"description\":\"Centralizēta (pilsētas) ūdens apgāde.\",\"img\":\"dyriwurunu.svg\"}', 'listLogo', 'poxapijidolypyxekoruqacavirykorytylumuhikibenuraci', NULL, -1, 0, 0, 0, 0, 0, 0, NULL, NULL, NULL, NULL, NULL, NULL, '2019-01-11 14:41:36', '2019-01-11 14:41:04', NULL, NULL),
(2981, '2979_items', 24, 1, 20, 1, '2', '{\"title\":\"Žogs\",\"description\":\"Ievērojot kopīgus apbūves principus, visām mājām jaunajā ciematā ir vienota stila žogi.\",\"img\":\"voletubewy.svg\"}', 'listLogo', 'zolodiruvikozopaducivafanefikytofucuvabuheqimyjoko', NULL, -1, 0, 0, 0, 0, 0, 0, NULL, NULL, NULL, NULL, NULL, NULL, '2019-01-11 14:42:57', '2019-01-11 14:41:43', NULL, NULL),
(2982, '2979_items', 24, 1, 30, 1, '3', '{\"title\":\"Elektropiegāde\",\"description\":\"Kopējā elektropiegāde katrai mājai ir 12-14kW (25A).\",\"img\":\"finixuhumu.svg\"}', 'listLogo', 'kivuhagymyfahemajoqawaxugutypilymoreqacyzabydorazo', NULL, -1, 0, 0, 0, 0, 0, 0, NULL, NULL, NULL, NULL, NULL, NULL, '2019-01-11 14:44:25', '2019-01-11 14:44:02', NULL, NULL),
(2983, '2979_items', 24, 1, 40, 1, '4', '{\"title\":\"Apgaismotas ielas\",\"description\":\"Ciemata ielas tumšajos vakaros vienmēr tiek apgaismotas.\",\"img\":\"temefykilu.svg\"}', 'listLogo', 'wahajegumekabokacimopanyqapinubuqyxejoxegoladijypi', NULL, -1, 0, 0, 0, 0, 0, 0, NULL, NULL, NULL, NULL, NULL, NULL, '2019-01-11 14:45:00', '2019-01-11 14:44:33', NULL, NULL),
(2984, '2979_items', 24, 1, 50, 1, '5', '{\"title\":\"Asfaltēti ceļi\",\"description\":\"Visas ielas ciematā ir asfaltētas.\",\"img\":\"zocyxeqola.svg\"}', 'listLogo', 'gevabylolokimyzokiravoradiqyriveqoxemawyxitabewasy', NULL, -1, 0, 0, 0, 0, 0, 0, NULL, NULL, NULL, NULL, NULL, NULL, '2019-01-11 14:46:07', '2019-01-11 14:45:44', NULL, NULL),
(2985, '2979_items', 24, 1, 60, 1, '6', '{\"title\":\"Internets un TV\",\"description\":\"Plašas televīzijas un interneta pieslēgumu izvēles iespējas nodrošina SIA Bradis, Lattelecom, Viasat vai LMT 4G.\",\"img\":\"hisovodala.svg\"}', 'listLogo', 'vobitufezocytuxuvecivubisesecivyludibydehiqyjexyvo', NULL, -1, 0, 0, 0, 0, 0, 0, NULL, NULL, NULL, NULL, NULL, NULL, '2019-01-11 14:47:11', '2019-01-11 14:46:28', NULL, NULL),
(2986, '2979_items', 24, 1, 70, 1, '7', '{\"title\":\"Apkure\",\"description\":\"Piedāvājam dažādus apkures risinājumus – gāzes apkure, elektriskā apkure, granulu katls, siltumsūknis.\",\"img\":\"mehiziliqe.svg\"}', 'listLogo', 'xabosanaxybekasojudenebozoxutigasotibucazigirejoto', NULL, -1, 0, 0, 0, 0, 0, 0, NULL, NULL, NULL, NULL, NULL, NULL, '2019-01-11 14:48:12', '2019-01-11 14:47:49', NULL, NULL),
(2987, '2979_items', 24, 1, 80, 1, '8', '{\"title\":\"Kanalizācija\",\"description\":\"Centralizēta (pilsētas) kanalizācija.\",\"img\":\"cobewyxojy.svg\"}', 'listLogo', 'pyruxocadibeginymosifyjiheqemeqohigihuniloneneheji', NULL, -1, 0, 0, 0, 0, 0, 0, NULL, NULL, NULL, NULL, NULL, NULL, '2019-01-11 14:49:32', '2019-01-11 14:49:05', NULL, NULL),
(3069, '', 71, 1, 30, 1, 'Infrastruktura', '{\"title\":\"Infrastruktūra\",\"description\":\"Mēs rūpējamais, lai ciemata iedzīvotājiem dzīvošana ciematā būtu maksimāli ērta, tāpēc esam nodrošinājuši visas komunikācijas: ūdens, kanalizācija, elektrība, gāze.\"}', 'infrastructure', 'myhegidoxuvimytoxapacuvafadubyxonevefegeqorylyloly', NULL, 0, 0, 0, 0, 0, 0, 0, NULL, NULL, NULL, NULL, NULL, NULL, '2019-01-28 09:54:07', '2019-01-28 09:53:17', NULL, NULL),
(2989, '', 71, 1, 40, 1, 'Photo Gallery', '{\"title\":\"Video un foto galerija\"}', 'gallery', 'xihitarotyrigolaviqimibikasebypusazypeqoxunyqapolu', NULL, 0, 0, 0, 0, 0, 0, 0, NULL, NULL, NULL, NULL, NULL, NULL, '2019-01-11 15:02:53', '2019-01-11 14:53:55', NULL, NULL),
(2990, '', 71, 1, 50, 1, 'Map', '{\"title\":\"Dzīve Babītē\",\"description\":\"Ciemats LAPSAS atrodas Babītes novadā – tikai 18 km no Rīgas centra.  <br>\\r\\n<\\/br>\\r\\nTikai 3 km attālumā no ciemata atrodas Božu ezers ar peldvietām, 4 km attālumā atrodas Babītes ezers – makšķernieku paradīze.\\r\\n\",\"labels\":\"Kā nokļūt ciematā\",\"link\":\"https:\\/\\/www.google.com\\/maps\\/place\\/Lapsas,+%D0%91%D0%B0%D0%B1%D0%B8%D1%82%D1%81%D0%BA%D0%B0%D1%8F+%D0%B2%D0%BE%D0%BB%D0%BE%D1%81%D1%82%D1%8C,+LV-2107\\/@56.9046144,23.8323146,2056m\\/data=!3m2!1e3!4b1!4m5!3m4!1s0x46eedbfdc885c7ab:0xe13fff9fa4e91487!8m2!3d56.8997059!4d23.8411291\",\"center_map_x\":\"57.0\",\"center_map_y\":\"23.68\"}', 'map', 'fykekabavazokohewifywucikacehejudejyxegyladeqoxino', NULL, 0, 0, 0, 0, 0, 0, 0, NULL, NULL, NULL, NULL, NULL, NULL, '2019-02-06 14:35:21', '2019-01-11 15:05:35', NULL, NULL),
(2991, '2990_geo', 71, 99, 10, 1, 'Babite Location Pin', '{\"geo\":\"56.898972, 23.839975\",\"title\":\"Babīte\",\"small_text\":\"Ciemats Lapsas\",\"position_text\":\"35, 126\",\"link_status\":\"0\",\"link\":\"%{INSERTLINK}%72%{INSERTLINK}%\",\"type\":\"small\",\"icon\":\"helesapyju.png\"}', 'geoPlace', 'tovalagamenadizyhigokycihefawaputylirufujetotiqeli', NULL, -1, 0, 0, 0, 0, 0, 0, NULL, NULL, NULL, NULL, NULL, NULL, '2019-01-11 15:44:58', '2019-01-11 15:14:32', NULL, NULL),
(3006, '', 73, 1, 30, 1, 'Call to action', '{\"title\":\"Pasūtīt jaunas mājas būvniecību\",\"description\":\"Savas sapņu mājas būvniecībai piedāvājam izvēlēties kādu no mūsu ilglaicīgajiem partneriem. Šīs ir profesionālas būvkompānijas ar nopietnu pieredzi gan Latvijā, gan ārzemēs.\",\"labels\":\"Uzzināt vairāk\",\"link\":\"%{INSERTLINK}%63%{INSERTLINK}%\",\"show_open_view\":\"0\",\"page\":{\"73\":\"on\"}}', 'callToAction', 'popeminalymocejupehuserihenaxuwihygapylidejegesoke', NULL, 0, 0, 0, 0, 0, 0, 0, NULL, NULL, NULL, NULL, NULL, NULL, '2019-02-07 14:39:03', '2019-01-16 14:31:34', NULL, NULL),
(2994, '2708_items', 61, 99, 20, 1, 'Slider 2', '{\"title\":\"Pasūtīt jaunas mājas būvniecību\",\"description\":\"Mūsu mājas ir īsts Latvijas produkts, jo māju ražošana notiek tepat mūsu rūpnīcās. Māju projektu izstrādi veikuši Latvijas arhitekti, kuri veidojot gan māju plānojumus, gan fasādes, arhitektūru ir ņēmuši vērā latviešu izpratni par stabilu, ērtu un estētiski skaistu mājokli.\",\"link\":\"\",\"img\":\"mebynubyse.jpg\"}', 'articleSlider', 'jafacokumoviracekapywomojyvabatykokurygocevubuwiho', NULL, -1, 0, 0, 0, 0, 0, 0, NULL, NULL, NULL, NULL, NULL, NULL, '2019-01-14 08:24:15', '2019-01-14 08:21:09', NULL, NULL),
(3000, '2660_items', 63, 99, 10, 1, '1', '{\"img\":\"jutofytage.jpg\"}', 'listImg', 'nytekysupoquqycavebazucamacudanipozoxazoxusubusidu', NULL, -1, 0, 0, 0, 0, 0, 0, NULL, NULL, NULL, NULL, NULL, NULL, '2019-01-14 10:35:01', '2019-01-14 10:13:29', NULL, NULL),
(3001, '2660_items', 63, 99, 20, 1, '2', '{\"img\":\"wefonebyvo.png\"}', 'listImg', 'qotyvejyracafazikytopasuxicypababinebyvydetaxucusa', NULL, -1, 0, 0, 0, 0, 0, 0, NULL, NULL, NULL, NULL, NULL, NULL, '2019-01-14 10:16:53', '2019-01-14 10:14:52', NULL, NULL),
(3002, '', 72, 1, 10, 0, 'Majas citos ciematos', '{\"title\":\"Mājas citos ciematos\",\"description\":\"Aicinām iepazīties ar šobrīd pieejamajām mājām un, ja kāda ir Jūs ieinteresējusi, vienosimies par tās apskati.\",\"overlay_color\":\"\",\"labels\":\"\",\"link\":\"\",\"dots\":\"1\",\"village_Lapsas\":\"1\",\"village_Dailas\":\"1\",\"village_Ziedlejas\":\"1\",\"village_Jaunzemes\":\"1\",\"status_active\":\"1\",\"status_reserved\":\"1\",\"status_sold\":\"0\",\"sort\":\"price ask\"}', 'sliderHouse', 'gylejysijyjyvemijejikyrozylyzozolozufykadadusudusa', NULL, 0, 0, 0, 0, 0, 0, 0, NULL, NULL, NULL, NULL, NULL, NULL, '2019-02-07 14:33:00', '2019-01-14 14:54:16', NULL, NULL),
(2998, '', 62, 1, 30, 1, 'Priekšrocības', '{\"description_l\":\"<h3>Ekoloģija<\\/h3>\\r\\n<p>Perfekti sabalansēts iek&scaron;ējais mikroklimats, kas tiek nodro&scaron;ināts, pateicoties būvniecībā izmantotajiem materiāliem un koka konstrukciju īpa&scaron;ībām, kas kalpo kā dabisks gaisa mitruma balanss. Rūpnieciskā ražo&scaron;ana būvniecības procesā samazina vides piesārņojumu mājas būvniecības laikā.<\\/p>\",\"align_center_l\":\"0\",\"description_r\":\"<h3>Ātrums<\\/h3>\\r\\n<p>Pateicoties mūsu arhitektu, konstruktoru, celtniecības inženieru un dizaineru profesionalitātei, mājas būvniecība no līguma parakstī&scaron;anas brīža līdz tās pilnīgai nodo&scaron;anai ekspluatācijā aizņem tikai dažus mēne&scaron;us.<\\/p>\",\"align_center_r\":\"0\"}', 'html2col', 'nifukysekucemozufykapenylameqyzibokasemazifavijope', NULL, 0, 0, 0, 0, 0, 0, 0, NULL, NULL, NULL, NULL, NULL, NULL, '2019-01-14 09:27:52', '2019-01-14 09:17:22', NULL, NULL),
(3008, '', 90, 1, 20, 1, 'Izdevigs piedavajums', '{\"title\":\"Izdevīgs finansējuma piedāvājums!\",\"description\":\"Vai esat kādreiz sapņojis par jaunu māju? Pieteikties hipotekārajam aizdevumam, un mēs piedāvāsim labvēlīgus nosacījumus ar samazinātu pirmo iemaksu.\",\"link\":\"%{INSERTLINK}%61%{INSERTLINK}%\",\"labels\":\"Uzzināt vairāk\",\"img\":\"hemonufujy.jpg\"}', 'infoImageOnBg', 'dyrilikugorevaxiwacehaluwusihuzibywawagupacerotimu', NULL, 1, 0, 0, 0, 0, 0, 0, NULL, NULL, NULL, NULL, NULL, NULL, '2019-01-16 14:58:18', '2019-01-16 14:43:10', NULL, NULL),
(3026, '', 92, 1, 110, 1, 'test', NULL, 'benefitsIcons', 'ryrejypycerytuxucadusalusasucacaxusapusuxasaposuda', NULL, 0, 0, 0, 0, 0, 0, 0, NULL, NULL, NULL, NULL, NULL, NULL, '2019-01-27 15:46:09', '2019-01-27 15:46:05', NULL, NULL),
(3142, '', 70, 1, 10, 1, 'Slider houses', '{\"title\":\"Mājas citos ciematos\",\"description\":\"\",\"overlay_color\":\"#ececec\",\"labels\":\"\",\"link\":\"\",\"dots\":\"1\",\"village_Lapsas\":\"1\",\"village_Dailas\":\"1\",\"village_Ziedlejas\":\"1\",\"village_Jaunzemes\":\"1\",\"status_active\":\"1\",\"status_reserved\":\"1\",\"status_sold\":\"1\",\"sort\":\"price ask\"}', 'sliderHouse', 'supizigucaxaqyzymupegyzebowacyqacehypebazenycacimu', NULL, 0, 0, 0, 0, 0, 0, 0, NULL, NULL, NULL, NULL, NULL, NULL, '2019-02-06 14:10:10', '2019-02-06 14:09:31', NULL, NULL),
(3010, '', 64, 1, 80, 1, 'map', '{\"title\":\"Dzīve Carnikavā\",\"description\":\"Piejūras ciemats Carnikava atrodas pusstundas brauciena jeb 27 kilometru attālumā no Rīgas centra. Savukārt jaunais ciemats „Ziedlejas” atrodas 1 kilometra attālumā no Carnikavas centra un tikai 4 kilometru attālumā no Baltijas jūras pludmales.\\r\\n\",\"labels\":\"Kā nokļūt ciematā\",\"link\":\"https:\\/\\/www.google.com\\/maps\\/place\\/Ziedleju+iela,+Carnikava,+Carnikavas+novads,+LV-2163\\/@57.1249227,24.2910129,511m\\/data=!3m2!1e3!4b1!4m5!3m4!1s0x46eeb7b4fa22f18d:0x416e34fce86a1a46!8m2!3d57.1249198!4d24.2932069\",\"center_map_x\":\"57.18\",\"center_map_y\":\"24.15\"}', 'map', 'vorytikyhuhacyhavyjupequpekorafiwovoradyrapemotuho', NULL, 0, 0, 0, 0, 0, 0, 0, NULL, NULL, NULL, NULL, NULL, NULL, '2019-02-06 14:33:21', '2019-01-17 12:44:48', NULL, NULL),
(3011, '3010_geo', 64, 99, 10, 1, 'pin', '{\"geo\":\"57.124966, 24.293196\",\"title\":\"Carnikava\",\"small_text\":\"Ziedlejas\",\"position_text\":\"35, 126\",\"link_status\":\"0\",\"link\":\"%{INSERTLINK}%65%{INSERTLINK}%\",\"type\":\"small\",\"icon\":\"bitybixejo.png\"}', 'geoPlace', 'riwafovogyjejyracejyvarezojuxifakebinobynulidajove', NULL, -1, 0, 0, 0, 0, 0, 0, NULL, NULL, NULL, NULL, NULL, NULL, '2019-01-17 13:16:00', '2019-01-17 12:49:54', NULL, NULL),
(3012, '', 68, 1, 20, 1, 'map', '{\"title\":\"Dzīve Mārupē\",\"description\":\"Ciemats \\\\\\\"Mežavēji\\\\\\\" ir tikai 7km attālumā no Rīgas centra, 3km attālumā no T\\/C Spice, kā arī 4km attālumā no Lidostas. Ciemata iedzīvotājiem ir pieejama teicama infrastruktūra – skolas, bērnudārzi, tirdzniecības, sporta un atpūtas centri. Regulārs sabiedriskais transports uz\\/no Rīgas. \",\"labels\":\"Kā nokļūt ciematā\",\"link\":\"https:\\/\\/www.google.com\\/maps\\/place\\/%D0%9C%D0%B0%D1%80%D1%83%D0%BF%D0%B5,+M%C4%81rupes+novads,+LV-2167\\/@56.9049578,23.996505,13z\\/data=!3m1!4b1!4m5!3m4!1s0x46eeda04a07106af:0x400cfcd68f31970!8m2!3d56.907241!4d24.0317249\",\"center_map_x\":\"56.97\",\"center_map_y\":\"23.8\"}', 'map', 'giqelysunijozilawefozafikacemazezebekucehywusemytu', NULL, 0, 0, 0, 0, 0, 0, 0, NULL, NULL, NULL, NULL, NULL, NULL, '2019-01-28 09:38:06', '2019-01-17 13:03:06', NULL, NULL),
(3013, '3012_geo', 68, 99, 10, 1, 'pin', '{\"geo\":\"56.902849, 24.043540\",\"title\":\"Mārupe\",\"small_text\":\"Mežavēji\",\"position_text\":\"30, 126\",\"link_status\":\"0\",\"link\":\"%{INSERTLINK}%69%{INSERTLINK}%\",\"type\":\"small\",\"icon\":\"ruvovegiky.png\"}', 'geoPlace', 'wamisepycemigorevojuxegapyfonudoqaposiqitimotubowa', NULL, -1, 0, 0, 0, 0, 0, 0, NULL, NULL, NULL, NULL, NULL, NULL, '2019-01-21 14:18:00', '2019-01-17 13:04:36', NULL, NULL),
(3014, '', 64, 1, 30, 1, 'Slider houses', '{\"title\":\"Gatavās mājas\",\"description\":\"Aicinām iepazīties ar šobrīd pieejamajām mājām un, ja kāda ir Jūs ieinteresējusi, vienosimies par tās apskati.\\r\\n\\r\\n\",\"overlay_color\":\"\",\"labels\":\"Apskatīt visas mājas\",\"link\":\"%{INSERTLINK}%66%{INSERTLINK}%\",\"dots\":\"0\",\"village_Lapsas\":\"0\",\"village_Dailas\":\"0\",\"village_Ziedlejas\":\"1\",\"village_Jaunzemes\":\"0\",\"status_active\":\"1\",\"status_reserved\":\"1\",\"status_sold\":\"1\",\"sort\":\"price ask\"}', 'sliderHouse', 'gacixijylasabydacidyfemoqikoloracavavubegimekolyze', NULL, 0, 0, 0, 0, 0, 0, 0, NULL, NULL, NULL, NULL, NULL, NULL, '2019-01-17 13:53:59', '2019-01-17 13:51:56', NULL, NULL),
(3015, '', 64, 1, 40, 1, 'Partner logos', '{\"link\":\"2768\"}', 'blocklink', 'begamejysyquvequvijyxigoregyquvitoxinolagyxaladira', NULL, 0, 0, 0, 0, 0, 0, 0, NULL, NULL, NULL, NULL, NULL, NULL, '2019-01-17 13:54:49', '2019-01-17 13:54:40', NULL, NULL),
(3059, '', 64, 1, 50, 1, 'Infrastruktura', '{\"link\":\"3052\"}', 'blocklink', 'mahuwyrugivicevynoxudukularelezyqudifaqydaqakujoro', NULL, 0, 0, 0, 0, 0, 0, 0, NULL, NULL, NULL, NULL, NULL, NULL, '2019-01-28 09:35:14', '2019-01-28 09:35:02', NULL, NULL),
(3018, '', 64, 1, 70, 1, 'Galerija', '{\"title\":\"Galerija\"}', 'gallery', 'qenysumopavajenyqewulyworolezaholywyxyluqopacypusa', NULL, 0, 0, 0, 0, 0, 0, 0, NULL, NULL, NULL, NULL, NULL, NULL, '2019-01-17 13:59:04', '2019-01-17 13:58:11', NULL, NULL),
(3019, '', 66, 1, 10, 1, 'Slider houses', '{\"title\":\"Mājas citos ciematos\",\"description\":\"\",\"overlay_color\":\"#ececec\",\"labels\":\"\",\"link\":\"-\",\"dots\":\"1\",\"village_Lapsas\":\"1\",\"village_Dailas\":\"1\",\"village_Ziedlejas\":\"0\",\"village_Jaunzemes\":\"1\",\"status_active\":\"1\",\"status_reserved\":\"1\",\"status_sold\":\"1\",\"sort\":\"random\"}', 'sliderHouse', 'roqumogezafaqejekyzapadubugijywyzopagunalypigiwota', NULL, 0, 0, 0, 0, 0, 0, 0, NULL, NULL, NULL, NULL, NULL, NULL, '2019-02-06 14:12:46', '2019-01-17 14:01:35', NULL, NULL),
(3020, '', 66, 1, 20, 1, 'Call to action', '{\"title\":\"Pasūtīt jaunas mājas būvniecību\",\"description\":\"Savas sapņu mājas būvniecībai piedāvājam izvēlēties kādu no mūsu ilglaicīgajiem partneriem. Šīs ir profesionālas būvkompānijas ar nopietnu pieredzi gan Latvijā, gan ārzemēs.\",\"labels\":\"Uzzināt vairāk\",\"link\":\"%{INSERTLINK}%4%{INSERTLINK}%\",\"show_open_view\":\"0\",\"page\":{\"66\":\"on\"}}', 'callToAction', 'fidydilypucufinimejeqojobegacetuduvafagemehoxuvubu', NULL, 0, 0, 0, 0, 0, 0, 0, NULL, NULL, NULL, NULL, NULL, NULL, '2019-01-17 14:06:16', '2019-01-17 14:05:26', NULL, NULL),
(3022, '', 98, 3, 1, 0, 'Add page content here', NULL, 'html', 'peqijunahacemotigyrubewasehyzymydijypigorujukacihu', 0, 0, 0, 0, 0, 0, 0, 0, NULL, NULL, NULL, NULL, NULL, NULL, '2019-01-25 09:47:30', NULL, NULL, NULL),
(3023, '', 98, 1, 1, 0, 'Add page content here', NULL, 'html', 'peqijunahacemotigyrubewasehyzymydijypigorujukacihu', 0, 0, 0, 0, 0, 0, 0, 0, NULL, NULL, NULL, NULL, NULL, NULL, '2019-01-25 09:47:30', NULL, NULL, NULL),
(3024, '', 98, 14, 1, 0, 'Add page content here', NULL, 'html', 'peqijunahacemotigyrubewasehyzymydijypigorujukacihu', 0, 0, 0, 0, 0, 0, 0, 0, NULL, NULL, NULL, NULL, NULL, NULL, '2019-01-25 09:47:30', NULL, NULL, NULL),
(3025, '', 98, 99, 1, 0, 'Add page content here', NULL, 'html', 'peqijunahacemotigyrubewasehyzymydijypigorujukacihu', 0, 0, 0, 0, 0, 0, 0, 0, NULL, NULL, NULL, NULL, NULL, NULL, '2019-01-25 09:47:30', NULL, NULL, NULL),
(3028, '3027_items', 44, 99, 10, 1, 'Elektropiegade', '{\"title\":\"Elektropiegāde\",\"description\":\"Elektropiegāde katram īpašumam 12-14 kw.\",\"img\":\"zipesyxahe.svg\"}', 'listLogo', 'xupypujilypusavabunigowylolykyrytoxypypeneheqyqewy', NULL, -1, 0, 0, 0, 0, 0, 0, NULL, NULL, NULL, NULL, NULL, NULL, '2019-01-28 08:23:19', '2019-01-28 08:08:30', NULL, NULL),
(3029, '3027_items', 44, 99, 20, 1, 'Apkure', '{\"title\":\"Apkure\",\"description\":\"Piedāvājam dažādus apkures risinājumus - elektrisko apkuri, granulu katlu, siltumsūkni.\\r\\n\",\"img\":\"remocepusi.svg\"}', 'listLogo', 'pibycuhokyjokorotubyzufekucibykupegylozefozafihati', NULL, -1, 0, 0, 0, 0, 0, 0, NULL, NULL, NULL, NULL, NULL, NULL, '2019-01-28 09:00:08', '2019-01-28 08:12:00', NULL, NULL),
(3030, '3027_items', 44, 99, 30, 1, 'Kanalizācija', '{\"title\":\"Kanalizācija \",\"description\":\"Centralizēta (pilsētas) kanalizācija, t.sk., mājas lietus notekūdeņu kanalizācijas ievads.\",\"img\":\"xebafyvabe.svg\"}', 'listLogo', 'kylilovecyfasadebywotepewehyrolutyxasihijavatypana', NULL, -1, 0, 0, 0, 0, 0, 0, NULL, NULL, NULL, NULL, NULL, NULL, '2019-01-28 08:25:07', '2019-01-28 08:24:35', NULL, NULL),
(3031, '3027_items', 44, 99, 40, 1, 'Labiekārtota vide', '{\"title\":\"Labiekārtota vide\",\"description\":\" Visas ielas ir asfaltētas. Diennakts tumšajā laikā tiek nodrošināts ielu apgaismojums.\",\"img\":\"fomuhumyxo.svg\"}', 'listLogo', 'xyjizozicysamusemelunudorinodocibytabihocanyrapijy', NULL, -1, 0, 0, 0, 0, 0, 0, NULL, NULL, NULL, NULL, NULL, NULL, '2019-01-28 08:54:21', '2019-01-28 08:26:07', NULL, NULL),
(3032, '3027_items', 44, 99, 50, 1, 'Ūdens', '{\"title\":\"Ūdens\",\"description\":\"Centralizēta (pilsētas) ūdens apgāde.\\r\\n\",\"img\":\"hyqahufiko.svg\"}', 'listLogo', 'fajiqodubegiminifefibejugejokudediheqehozomohinoxi', NULL, -1, 0, 0, 0, 0, 0, 0, NULL, NULL, NULL, NULL, NULL, NULL, '2019-01-28 09:05:20', '2019-01-28 09:04:46', NULL, NULL),
(3033, '3027_items', 44, 99, 60, 1, 'Tv', '{\"title\":\"Internets un TV\",\"description\":\"Izbūvētas kabeļu trases interneta un TV ievilkšanai.\\r\\n\",\"img\":\"wehesyxyzi.svg\"}', 'listLogo', 'vesoxubujeminylozoremufypowihejehuvucyteqafusyriqa', NULL, -1, 0, 0, 0, 0, 0, 0, NULL, NULL, NULL, NULL, NULL, NULL, '2019-01-28 09:07:43', '2019-01-28 09:07:07', NULL, NULL),
(3035, '3034_items', 40, 99, 10, 1, 'Elektropiegade', '{\"title\":\"Elektropiegāde\",\"description\":\"Elektropiegāde katram īpašumam 12-14 kw.\\r\\n \",\"img\":\"subezoxuly.svg\"}', 'listLogo', 'zopozakaxudyhiquhowyrozijytucuvucudusixusudebifiqi', NULL, -1, 0, 0, 0, 0, 0, 0, NULL, NULL, NULL, NULL, NULL, NULL, '2019-01-28 09:13:40', '2019-01-28 09:12:53', NULL, NULL),
(3036, '3034_items', 40, 99, 20, 1, 'Apkure', '{\"title\":\"Apkure\",\"description\":\"Piedāvājam dažādus apkures risinājumus - elektrisko apkuri, granulu katlu, siltumsūkni.\\r\\n\",\"img\":\"cohawylema.svg\"}', 'listLogo', 'jasebyjezizumiqyxegopegyxenycavysiwucyhovabylabywa', NULL, -1, 0, 0, 0, 0, 0, 0, NULL, NULL, NULL, NULL, NULL, NULL, '2019-01-28 09:14:13', '2019-01-28 09:13:51', NULL, NULL),
(3037, '3034_items', 40, 99, 30, 1, 'Kanalizācija', '{\"title\":\"Kanalizācija\",\"description\":\"Centralizēta (pilsētas) kanalizācija, t.sk., mājas lietus notekūdeņu kanalizācijas ievads.\",\"img\":\"tyhifugosa.svg\"}', 'listLogo', 'bedyqotuvasehekugymesefyqylazepadiloquzybywicavupy', NULL, -1, 0, 0, 0, 0, 0, 0, NULL, NULL, NULL, NULL, NULL, NULL, '2019-01-28 09:14:51', '2019-01-28 09:14:24', NULL, NULL);
INSERT INTO `module_blocks` (`id`, `pid`, `page_id`, `lang_id`, `order_id`, `visible`, `name`, `data`, `class_name`, `sysname`, `no_delete`, `place`, `check1`, `check2`, `check3`, `check4`, `check5`, `check6`, `var1`, `var2`, `var3`, `var4`, `var5`, `order_all`, `updated`, `created`, `double1`, `double2`) VALUES
(3038, '3034_items', 40, 99, 40, 1, 'Labiekārtota vide', '{\"title\":\"Labiekārtota vide\",\"description\":\"Visas ielas ir asfaltētas. Diennakts tumšajā laikā tiek nodrošināts ielu apgaismojums.\",\"img\":\"bipemabosy.svg\"}', 'listLogo', 'vopycatalapemyvecuzajesuruqumyvixukyfibixuwyfidecu', NULL, -1, 0, 0, 0, 0, 0, 0, NULL, NULL, NULL, NULL, NULL, NULL, '2019-01-28 09:15:37', '2019-01-28 09:15:09', NULL, NULL),
(3039, '3034_items', 40, 99, 50, 1, 'Ūdens', '{\"title\":\"Ūdens\",\"description\":\"Centralizēta (pilsētas) ūdens apgāde.\\r\\n\",\"img\":\"vofuqyfyte.svg\"}', 'listLogo', 'degiqamafysudipozyxazolivuxilemijimiqimeqemejimiqi', NULL, -1, 0, 0, 0, 0, 0, 0, NULL, NULL, NULL, NULL, NULL, NULL, '2019-01-28 09:16:40', '2019-01-28 09:16:17', NULL, NULL),
(3040, '3034_items', 40, 99, 60, 1, 'Internets un TV', '{\"title\":\"Internets un TV\",\"description\":\"Izbūvētas kabeļu trases interneta un TV ievilkšanai.\\r\\n\",\"img\":\"nimotovobe.svg\"}', 'listLogo', 'hepyzuwagewyvyxacasuhirihojokysytotupasadudifijyjy', NULL, -1, 0, 0, 0, 0, 0, 0, NULL, NULL, NULL, NULL, NULL, NULL, '2019-01-28 09:17:33', '2019-01-28 09:17:13', NULL, NULL),
(3044, '3041_items', 24, 1, 30, 1, 'Kanalizācija', '{\"title\":\"Kanalizācija\",\"description\":\"Centralizēta (pilsētas) kanalizācija, t.sk., mājas lietus notekūdeņu kanalizācijas ievads.\",\"img\":\"worobisila.svg\"}', 'listLogo', 'fafizufiwymowypysydadabigygyxucygaqavabagegafidufi', NULL, -1, 0, 0, 0, 0, 0, 0, NULL, NULL, NULL, NULL, NULL, NULL, '2019-01-28 09:21:20', '2019-01-28 09:21:02', NULL, NULL),
(3045, '3041_items', 24, 1, 40, 1, 'Labiekārtota vide', '{\"title\":\"Labiekārtota vide\",\"description\":\"Visas ielas ir asfaltētas. Diennakts tumšajā laikā tiek nodrošināts ielu apgaismojums.\",\"img\":\"sizujydiqo.svg\"}', 'listLogo', 'fifaqubanypeqoxyvumubuligyxinyvizelevarihocakufowa', NULL, -1, 0, 0, 0, 0, 0, 0, NULL, NULL, NULL, NULL, NULL, NULL, '2019-01-28 09:22:02', '2019-01-28 09:21:39', NULL, NULL),
(3046, '3041_items', 24, 1, 50, 1, 'Ūdens', '{\"title\":\"Ūdens\",\"description\":\"Centralizēta (pilsētas) ūdens apgāde.\",\"img\":\"vehijumyfo.svg\"}', 'listLogo', 'ducazijezacinegikywyrijolonepucavegifejejewolozoja', NULL, -1, 0, 0, 0, 0, 0, 0, NULL, NULL, NULL, NULL, NULL, NULL, '2019-01-28 09:22:42', '2019-01-28 09:22:19', NULL, NULL),
(3047, '3041_items', 24, 1, 60, 1, 'Internets un TV', '{\"title\":\"Internets un TV\",\"description\":\"Izbūvētas kabeļu trases interneta un TV ievilkšanai.\\r\\n\",\"img\":\"fasagufydu.svg\"}', 'listLogo', 'zamusojixuvuxywihadurewigopojuvycyzyjegaforirimefy', NULL, -1, 0, 0, 0, 0, 0, 0, NULL, NULL, NULL, NULL, NULL, NULL, '2019-01-28 09:23:30', '2019-01-28 09:23:06', NULL, NULL),
(3052, '', 24, 1, 120, 1, 'Infrastruktura with title (Mārupe, Ādaži, Carnikava)', '{\"title\":\"Infrastruktūra\",\"description\":\"Mēs rūpējamais, lai ciemata iedzīvotājiem dzīvošana ciematā būtu maksimāli ērta, tāpēc esam nodrošinājuši visas komunikācijas: ūdens, kanalizācija, elektrība, gāze.\"}', 'infrastructure', 'cyraferugejyrytopusadoqamykuxucafinefedudobyxafiho', NULL, 0, 0, 0, 0, 0, 0, 0, NULL, NULL, NULL, NULL, NULL, NULL, '2019-01-28 09:31:23', '2019-01-28 09:29:56', NULL, NULL),
(3053, '3052_items', 24, 1, 10, 1, 'Elektropiegade', '{\"title\":\"Elektropiegāde\",\"description\":\"Elektropiegāde katram īpašumam 12-14 kw.\\r\\n\",\"img\":\"sogokusefe.svg\"}', 'listLogo', 'doraheleminadacopowimudasytijigusyreqewinacucorimi', NULL, -1, 0, 0, 0, 0, 0, 0, NULL, NULL, NULL, NULL, NULL, NULL, '2019-01-28 09:31:03', '2019-01-28 09:30:44', NULL, NULL),
(3054, '3052_items', 24, 1, 20, 1, 'Gāze', '{\"title\":\"Gāze\",\"description\":\"Gāzes pieslēgums katrai mājai un zemesgabalam.\",\"img\":\"nebikubytu.svg\"}', 'listLogo', 'lotelodeciheqomocineqiwyluwonipaqolyzurufirotyxusu', NULL, -1, 0, 0, 0, 0, 0, 0, NULL, NULL, NULL, NULL, NULL, NULL, '2019-01-28 09:32:00', '2019-01-28 09:31:39', NULL, NULL),
(3055, '3052_items', 24, 1, 30, 1, 'Kanalizācija', '{\"title\":\"Kanalizācija\",\"description\":\"Centralizēta (pilsētas) kanalizācija, t.sk., mājas lietus notekūdeņu kanalizācijas ievads.\",\"img\":\"vafytixamo.svg\"}', 'listLogo', 'hubawysuzumagejinusytegypylubotimuzyvosiqugoxerage', NULL, -1, 0, 0, 0, 0, 0, 0, NULL, NULL, NULL, NULL, NULL, NULL, '2019-01-28 09:32:37', '2019-01-28 09:32:16', NULL, NULL),
(3056, '3052_items', 24, 1, 40, 1, 'Labiekārtota vide', '{\"title\":\"Labiekārtota vide\",\"description\":\"Visas ielas ir asfaltētas. Diennakts tumšajā laikā tiek nodrošināts ielu apgaismojums.\",\"img\":\"jafagyvubu.svg\"}', 'listLogo', 'dihonahoxequxenyxegyruvejycimyzafewusihotacijacigy', NULL, -1, 0, 0, 0, 0, 0, 0, NULL, NULL, NULL, NULL, NULL, NULL, '2019-01-28 09:33:10', '2019-01-28 09:32:51', NULL, NULL),
(3057, '3052_items', 24, 1, 50, 1, 'Ūdens', '{\"title\":\"Ūdens\",\"description\":\"Centralizēta (pilsētas) ūdens apgāde.\\r\\n\",\"img\":\"wafanexuqy.svg\"}', 'listLogo', 'pidafyzahylyxucadehemejehikememijikylykanaduvubedu', NULL, -1, 0, 0, 0, 0, 0, 0, NULL, NULL, NULL, NULL, NULL, NULL, '2019-01-28 09:33:47', '2019-01-28 09:33:28', NULL, NULL),
(3058, '3052_items', 24, 1, 60, 1, 'Internets un TV', '{\"title\":\"Internets un TV\",\"description\":\"Izbūvētas kabeļu trases interneta un TV ievilkšanai.\\r\\n\",\"img\":\"vutedybezo.svg\"}', 'listLogo', 'fyjyjamedofijijekojekolokyripusipaqiwyqikokylykyly', NULL, -1, 0, 0, 0, 0, 0, 0, NULL, NULL, NULL, NULL, NULL, NULL, '2019-01-28 09:34:27', '2019-01-28 09:34:07', NULL, NULL),
(3060, '', 74, 1, 30, 1, 'Infrastruktura', '{\"link\":\"3052\"}', 'blocklink', 'pymunytusedenehojykobibigemojywyworyjibizurucuvuda', NULL, 0, 0, 0, 0, 0, 0, 0, NULL, NULL, NULL, NULL, NULL, NULL, '2019-01-28 09:36:37', '2019-01-28 09:36:15', NULL, NULL),
(3061, '', 68, 1, 10, 1, 'Infrastruktura', '{\"link\":\"3052\"}', 'blocklink', 'syrawytezujukogyligyrijusywusehozuforymabowudiquci', NULL, 0, 0, 0, 0, 0, 0, 0, NULL, NULL, NULL, NULL, NULL, NULL, '2019-01-28 09:38:03', '2019-01-28 09:37:41', NULL, NULL),
(3063, '3062_items', 84, 99, 10, 1, 'Svaigs ūdens', '{\"title\":\"Svaigs ūdens\",\"description\":\"Centralizēta ūdens apgāde no ciemata kopējā artēziskā urbuma.\",\"img\":\"joloselizi.svg\"}', 'listLogo', 'rojezufekytypaqebyxorotupagavudifibubigiheqehejihi', NULL, -1, 0, 0, 0, 0, 0, 0, NULL, NULL, NULL, NULL, NULL, NULL, '2019-01-28 09:43:43', '2019-01-28 09:43:09', NULL, NULL),
(3064, '3062_items', 84, 99, 20, 1, 'Internets un TV', '{\"title\":\"TV, internets un zvani\",\"description\":\"TV un interneta pieslēgums nodrošina Viasat, LMT un Lattelecom\\r\\n\",\"img\":\"xefyverovu.svg\"}', 'listLogo', 'nidurikufypeguwybudoqapijypigoragyruviqypaluvunoxi', NULL, -1, 0, 0, 0, 0, 0, 0, NULL, NULL, NULL, NULL, NULL, NULL, '2019-01-28 09:46:07', '2019-01-28 09:44:01', NULL, NULL),
(3065, '3062_items', 84, 99, 30, 1, 'Apgaismotas ielas', '{\"title\":\"Apgaismotas ielas\",\"description\":\"Ciemata ielas tumšajos vakaros vienmēr tiek apgaismotas.\",\"img\":\"xibyvilagi.svg\"}', 'listLogo', 'futirodamolotytoxasypacabidebenimyqejikyrozozopuca', NULL, -1, 0, 0, 0, 0, 0, 0, NULL, NULL, NULL, NULL, NULL, NULL, '2019-01-28 09:47:31', '2019-01-28 09:47:11', NULL, NULL),
(3066, '3062_items', 84, 99, 40, 1, 'Asfaltēti ceļi', '{\"title\":\"Asfaltēti ceļi \",\"description\":\"Visas ielas ciematā ir asfaltētas. Gājēju celiņi ciematā ir klāti ar bruģakmeņiem.\",\"img\":\"lenopycopy.svg\"}', 'listLogo', 'zuvocyciqozypapusuvinehegikatagumuvatugiwywyrytyry', NULL, -1, 0, 0, 0, 0, 0, 0, NULL, NULL, NULL, NULL, NULL, NULL, '2019-01-28 09:52:51', '2019-01-28 09:49:22', NULL, NULL),
(3067, '3062_items', 84, 99, 50, 1, 'Elektropiegade', '{\"title\":\"Elektropiegāde\",\"description\":\"Elektropiegāde katram īpašumam 12-14 kw.\\r\\n\",\"img\":\"cydurymage.svg\"}', 'listLogo', 'paragityrucehojokyrymolubikoqaxifijehigifidifibeho', NULL, -1, 0, 0, 0, 0, 0, 0, NULL, NULL, NULL, NULL, NULL, NULL, '2019-01-28 09:50:16', '2019-01-28 09:50:01', NULL, NULL),
(3068, '3062_items', 84, 99, 60, 1, 'Apkure', '{\"title\":\"Apkure\",\"description\":\"Piedāvājam dažādus apkures risinājumus - elektrisko apkuri, granulu katlu, siltumsūkni.\\r\\n\",\"img\":\"wehevakogy.svg\"}', 'listLogo', 'gaxyzerabimejimojoqokyloguvuvebanemiquloworebehacu', NULL, -1, 0, 0, 0, 0, 0, 0, NULL, NULL, NULL, NULL, NULL, NULL, '2019-01-28 09:51:16', '2019-01-28 09:50:51', NULL, NULL),
(3070, '3069_items', 71, 99, 10, 1, 'Svaigs ūdens', '{\"title\":\"Svaigs ūdens\",\"description\":\" Centralizēta ūdens apgāde no ciemata kopējā artēziskā urbuma.\",\"img\":\"pemadowytu.svg\"}', 'listLogo', 'marelycoxagorogivefadusafyraforavykacimuzegytekase', NULL, -1, 0, 0, 0, 0, 0, 0, NULL, NULL, NULL, NULL, NULL, NULL, '2019-01-28 09:54:39', '2019-01-28 09:53:58', NULL, NULL),
(3071, '3069_items', 71, 99, 20, 1, 'Tv', '{\"title\":\"TV, internets un zvani\",\"description\":\"TV un interneta pieslēgums nodrošina Viasat, LMT un Lattelecom.\",\"img\":\"jutetanita.svg\"}', 'listLogo', 'nowurohyladoqadeqylequjudexeneqekixivulyjowozywulo', NULL, -1, 0, 0, 0, 0, 0, 0, NULL, NULL, NULL, NULL, NULL, NULL, '2019-01-28 09:55:25', '2019-01-28 09:55:03', NULL, NULL),
(3072, '3069_items', 71, 99, 30, 1, 'Apgaismotas ielas', '{\"title\":\"Apgaismotas ielas\",\"description\":\"Ciemata ielas tumšajos vakaros vienmēr tiek apgaismotas.\",\"img\":\"cinamodoxe.svg\"}', 'listLogo', 'xybeguhucufiqekoworytopyzisezapavasuvabunifubifufi', NULL, -1, 0, 0, 0, 0, 0, 0, NULL, NULL, NULL, NULL, NULL, NULL, '2019-01-28 09:56:06', '2019-01-28 09:55:04', NULL, NULL),
(3073, '3069_items', 71, 99, 40, 1, 'Asfaltēti ceļi', '{\"title\":\"Asfaltēti ceļi\",\"description\":\"Visas ielas ciematā ir asfaltētas. Gājēju celiņi ciematā ir klāti ar bruģakmeņiem.\",\"img\":\"rasybozudi.svg\"}', 'listLogo', 'mibanocikopavabogyryzypypusadafafejewolixucavudadi', NULL, -1, 0, 0, 0, 0, 0, 0, NULL, NULL, NULL, NULL, NULL, NULL, '2019-01-28 09:56:38', '2019-01-28 09:56:16', NULL, NULL),
(3074, '3069_items', 71, 99, 50, 1, 'Elektropiegade', '{\"title\":\"Elektropiegāde\",\"description\":\"Elektropiegāde katram īpašumam 12-14 kw.\\r\\n \\r\\n\",\"img\":\"kykegikavu.svg\"}', 'listLogo', 'xojizegorigywusemowasihyrytubimytufypigylebemuzabi', NULL, -1, 0, 0, 0, 0, 0, 0, NULL, NULL, NULL, NULL, NULL, NULL, '2019-01-28 09:57:22', '2019-01-28 09:56:50', NULL, NULL),
(3075, '3069_items', 71, 99, 60, 1, 'Apkure', '{\"title\":\"Apkure\",\"description\":\"Piedāvājam dažādus apkures risinājumus - elektrisko apkuri, granulu katlu, siltumsūkni.\",\"img\":\"ciquhycopu.svg\"}', 'listLogo', 'talevumotapusehewalubabenehijujuhafaweloxumekolyta', NULL, -1, 0, 0, 0, 0, 0, 0, NULL, NULL, NULL, NULL, NULL, NULL, '2019-01-28 09:58:01', '2019-01-28 09:57:40', NULL, NULL),
(3076, '164_items', 38, 99, 50, 1, '5', '{\"img\":\"wihiqaqoto.jpg\"}', 'listImg', 'kiboseqozytypacadifunuroninifenihiqeheqejiwojinily', NULL, -1, 0, 0, 0, 0, 0, 0, NULL, NULL, NULL, NULL, NULL, NULL, '2019-02-06 12:43:36', '2019-01-28 13:48:50', NULL, NULL),
(3078, '', 54, 99, 40, 1, 'Apdare', '{\"option_ru\":\"\",\"option_lv\":\"Apdare\",\"option_en\":\"\"}', 'options', 'sehuderocyhycanevabegefugogiligemaqepucudasudusehy', NULL, 0, 0, 0, 0, 0, 0, 0, NULL, NULL, NULL, NULL, NULL, NULL, '2019-04-08 10:47:49', '2019-01-29 14:38:42', NULL, NULL),
(3089, '3088_options', 54, 99, 10, 1, 'test', '{\"labels_ru\":\"\",\"link_ru\":\"\",\"labels_lv\":\"Uzzināt par investoriem \",\"link_lv\":\"%{INSERTLINK}%15%{INSERTLINK}%\",\"labels_en\":\"\",\"link_en\":\"\"}', 'elemOptions', 'reveheruxecymymaceboqivacinurycacuninemegehejypusu', NULL, -1, 0, 0, 0, 0, 0, 0, NULL, NULL, NULL, NULL, NULL, NULL, '2019-01-30 09:04:18', '2019-01-30 08:37:06', NULL, NULL),
(3094, '', 54, 99, 60, 0, 'Option 2', '{\"option_ru\":\"\",\"option_lv\":\"Тип дома\",\"option_en\":\"\"}', 'options', 'xolikuwoxikibasukozubenihoqejekobuvisukesaxacuvufu', NULL, 0, 0, 0, 0, 0, 0, 0, NULL, NULL, NULL, NULL, NULL, NULL, '2019-02-04 14:31:40', '2019-02-04 13:33:11', NULL, NULL),
(3095, '3094_options', 54, 99, 10, 1, 'Тип 1', '{\"labels_ru\":\"Тип 1\",\"link_ru\":\"%{INSERTLINK}%1%{INSERTLINK}%\",\"labels_lv\":\"\",\"link_lv\":\"\",\"labels_en\":\"\",\"link_en\":\"\"}', 'elemOptions', 'qugowevequpymysyhutuxosimimaqinumitirikufusewadyra', NULL, -1, 0, 0, 0, 0, 0, 0, NULL, NULL, NULL, NULL, NULL, NULL, '2019-02-04 13:35:56', '2019-02-04 13:33:37', NULL, NULL),
(3096, '3094_options', 54, 99, 20, 1, 'Тип 2', NULL, 'elemOptions', 'qygevuqedytapofyluveqypemivyjaxesozubewacohydibywu', NULL, -1, 0, 0, 0, 0, 0, 0, NULL, NULL, NULL, NULL, NULL, NULL, '2019-02-04 13:35:57', '2019-02-04 13:33:44', NULL, NULL),
(3102, '', 84, 1, 50, 1, 'Slider', '{\"link\":\"2751\"}', 'blocklink', 'mucilybehesuwylolorixusuxasucovehatofigibigujikoji', NULL, 0, 0, 0, 0, 0, 0, 0, NULL, NULL, NULL, NULL, NULL, NULL, '2019-02-06 08:09:21', '2019-02-06 08:09:10', NULL, NULL),
(3101, '', 84, 1, 40, 1, '3 icons', '{\"link\":\"2765\"}', 'blocklink', 'duzematyrutuxigihabewagyxigyjojofigoluvamuwyfozafe', NULL, 0, 0, 0, 0, 0, 0, 0, NULL, NULL, NULL, NULL, NULL, NULL, '2019-02-06 08:06:09', '2019-02-06 08:05:57', NULL, NULL),
(3110, '', 87, 1, 40, 1, '3 icons', '{\"link\":\"2765\"}', 'blocklink', 'wacikepahojinehijyrywyragyzixuqozozoxasadacuvavafi', NULL, 0, 0, 0, 0, 0, 0, 0, NULL, NULL, NULL, NULL, NULL, NULL, '2019-02-06 08:28:30', '2019-02-06 08:28:24', NULL, NULL),
(3111, '', 87, 1, 50, 1, 'Slider + image', '{\"link\":\"2751\"}', 'blocklink', 'kyfiqemonucadihuvysudolepafokusozabipusematibyzufi', NULL, 0, 0, 0, 0, 0, 0, 0, NULL, NULL, NULL, NULL, NULL, NULL, '2019-02-06 08:28:50', '2019-02-06 08:28:44', NULL, NULL),
(3112, '', 86, 1, 40, 1, 'Title 1', '{\"title\":\"Kā rīkoties, ja mājai iegādei nepieciešams kredīts?\",\"description\":\"Ja mājas vai zemes iegādei Jums ir nepieciešams bankas finansējums, tad pirms Rezervācijas līguma parakstīšanas iesakām apmeklēt bankas kredītspeciālistu un noskaidrot savas iespējas saņemt hipotekāro kredītu. Domuss Ciemati sadarbojas ar visām vadošajām bankām Latvijā. Kamēr banka gatavo lēmumu par kredīta piešķiršanu, Jums ir iespēja \\\\\\\"pieturēt\\\\\\\" izvēlēto māju vai zemi, mutiski to rezervējot uz laiku līdz vienai nedēļai.\",\"overlay_color\":\"\",\"labels\":\"\",\"link\":\"\",\"dots\":\"0\",\"village_Lapsas\":\"0\",\"village_Dailas\":\"0\",\"village_Ziedlejas\":\"0\",\"village_Jaunzemes\":\"0\",\"status_active\":\"0\",\"status_reserved\":\"0\",\"status_sold\":\"0\",\"sort\":\"price ask\"}', 'sliderHouse', 'gucilosubijijekolyzapohegyhygihijymyqehiqyvuqyluze', NULL, 0, 0, 0, 0, 0, 0, 0, NULL, NULL, NULL, NULL, NULL, NULL, '2019-02-06 08:30:10', '2019-02-06 08:29:51', NULL, NULL),
(3113, '', 86, 1, 50, 1, '3 icons', '{\"link\":\"2765\"}', 'blocklink', 'gequmewydinihenihejihanehijeqeqejehopotazaxuseheje', NULL, 0, 0, 0, 0, 0, 0, 0, NULL, NULL, NULL, NULL, NULL, NULL, '2019-02-06 08:30:26', '2019-02-06 08:30:20', NULL, NULL),
(3114, '', 86, 1, 60, 1, 'Slider + image', '{\"link\":\"2751\"}', 'blocklink', 'xifycahewylatypopacivebaginihyqiwyjikykolyworozoxo', NULL, 0, 0, 0, 0, 0, 0, 0, NULL, NULL, NULL, NULL, NULL, NULL, '2019-02-06 08:30:43', '2019-02-06 08:30:36', NULL, NULL),
(3115, '', 86, 1, 90, 1, 'Call to action', '{\"link\":\"2748\"}', 'blocklink', 'gegytegijekorutunabegebigemegihimehemuhedapuwalowe', NULL, 0, 0, 0, 0, 0, 0, 0, NULL, NULL, NULL, NULL, NULL, NULL, '2019-02-06 08:31:50', '2019-02-06 08:30:54', NULL, NULL),
(3116, '', 86, 1, 80, 1, 'Partner logos', '{\"link\":\"2755\"}', 'blocklink', 'nyleqoxyfugafyxorewacyrywihunojydusyxorixinuducory', NULL, 0, 0, 0, 0, 0, 0, 0, NULL, NULL, NULL, NULL, NULL, NULL, '2019-02-06 08:31:44', '2019-02-06 08:31:36', NULL, NULL),
(3117, '', 44, 1, 70, 1, 'Partner logos', '{\"link\":\"2755\"}', 'blocklink', 'qamunatelydikiqenapugorenudysafenonasotatanalydeby', NULL, 0, 0, 0, 0, 0, 0, 0, NULL, NULL, NULL, NULL, NULL, NULL, '2019-02-06 08:33:50', '2019-02-06 08:33:37', NULL, NULL),
(3118, '', 87, 1, 60, 1, 'Partners', '{\"link\":\"2755\"}', 'blocklink', 'xiqikuhopimyzizexinyxinylavewopimotafiwatifuvehoze', NULL, 0, 0, 0, 0, 0, 0, 0, NULL, NULL, NULL, NULL, NULL, NULL, '2019-02-06 08:35:07', '2019-02-06 08:34:59', NULL, NULL),
(3119, '', 87, 1, 70, 1, 'Call to action', '{\"link\":\"2748\"}', 'blocklink', 'pusopiqotegyrujuvoqopegylyxehahyxinyruhucihotehusy', NULL, 0, 0, 0, 0, 0, 0, 0, NULL, NULL, NULL, NULL, NULL, NULL, '2019-02-06 08:35:22', '2019-02-06 08:35:16', NULL, NULL),
(3120, '', 85, 1, 30, 1, 'Title 1', '{\"title\":\"Kā rīkoties, ja mājai iegādei nepieciešams kredīts?\",\"description\":\"Ja mājas vai zemes iegādei Jums ir nepieciešams bankas finansējums, tad pirms Rezervācijas līguma parakstīšanas iesakām apmeklēt bankas kredītspeciālistu un noskaidrot savas iespējas saņemt hipotekāro kredītu. Domuss Ciemati sadarbojas ar visām vadošajām bankām Latvijā. Kamēr banka gatavo lēmumu par kredīta piešķiršanu, Jums ir iespēja \\\\\\\"pieturēt\\\\\\\" izvēlēto māju vai zemi, mutiski to rezervējot uz laiku līdz vienai nedēļai.\",\"overlay_color\":\"\",\"labels\":\"\",\"link\":\"\",\"dots\":\"0\",\"village_Lapsas\":\"0\",\"village_Dailas\":\"0\",\"village_Ziedlejas\":\"0\",\"village_Jaunzemes\":\"0\",\"status_active\":\"0\",\"status_reserved\":\"0\",\"status_sold\":\"0\",\"sort\":\"price ask\"}', 'sliderHouse', 'sidubadovojasohopanoluvijypigolidezyxebolusimasihu', NULL, 0, 0, 0, 0, 0, 0, 0, NULL, NULL, NULL, NULL, NULL, NULL, '2019-02-06 08:36:26', '2019-02-06 08:36:07', NULL, NULL),
(3121, '', 85, 1, 40, 1, '3 icons', '{\"link\":\"2765\"}', 'blocklink', 'razyvutiwubypucehotubowacemotafylapinyruveqopefaka', NULL, 0, 0, 0, 0, 0, 0, 0, NULL, NULL, NULL, NULL, NULL, NULL, '2019-02-06 08:36:47', '2019-02-06 08:36:40', NULL, NULL),
(3123, '', 85, 1, 50, 1, 'Slider + image', '{\"link\":\"2751\"}', 'blocklink', 'zykaxunexanimigedeqiketuvafafigehijiqujexacubysufe', NULL, 0, 0, 0, 0, 0, 0, 0, NULL, NULL, NULL, NULL, NULL, NULL, '2019-02-06 08:37:16', '2019-02-06 08:37:09', NULL, NULL),
(3124, '', 85, 1, 60, 1, 'Partners', '{\"link\":\"2755\"}', 'blocklink', 'buzypytelanacehotunoroxemoruvegorucebovuvytufyludi', NULL, 0, 0, 0, 0, 0, 0, 0, NULL, NULL, NULL, NULL, NULL, NULL, '2019-02-06 08:37:39', '2019-02-06 08:37:31', NULL, NULL),
(3125, '', 85, 1, 70, 1, 'Call to action', '{\"link\":\"2748\"}', 'blocklink', 'tywunypanowusudegorucadegikytoxopabukoxucusudijoky', NULL, 0, 0, 0, 0, 0, 0, 0, NULL, NULL, NULL, NULL, NULL, NULL, '2019-02-06 08:37:55', '2019-02-06 08:37:48', NULL, NULL),
(3126, '', 100, 3, 1, 0, 'Add page content here', NULL, 'html', 'jokicodiropemikopytozupibaqigehoqihijyrawylozuzuva', 0, 0, 0, 0, 0, 0, 0, 0, NULL, NULL, NULL, NULL, NULL, NULL, '2019-02-06 10:28:25', NULL, NULL, NULL),
(3127, '', 100, 1, 1, 0, 'Add page content here', NULL, 'html', 'jokicodiropemikopytozupibaqigehoqihijyrawylozuzuva', 0, 0, 0, 0, 0, 0, 0, 0, NULL, NULL, NULL, NULL, NULL, NULL, '2019-02-06 10:28:25', NULL, NULL, NULL),
(3128, '', 100, 14, 1, 0, 'Add page content here', NULL, 'html', 'jokicodiropemikopytozupibaqigehoqihijyrawylozuzuva', 0, 0, 0, 0, 0, 0, 0, 0, NULL, NULL, NULL, NULL, NULL, NULL, '2019-02-06 10:28:25', NULL, NULL, NULL),
(3129, '', 100, 99, 1, 0, 'Add page content here', NULL, 'html', 'jokicodiropemikopytozupibaqigehoqihijyrawylozuzuva', 0, 0, 0, 0, 0, 0, 0, 0, NULL, NULL, NULL, NULL, NULL, NULL, '2019-02-06 10:28:25', NULL, NULL, NULL),
(3133, '', 101, 3, 1, 0, 'Add page content here', NULL, 'html', 'koxagamanyvowabytihypiqadylypekafowubolinyxenuxequ', 0, 0, 0, 0, 0, 0, 0, 0, NULL, NULL, NULL, NULL, NULL, NULL, '2019-02-06 10:36:31', NULL, NULL, NULL),
(3134, '', 101, 1, 1, 0, 'Add page content here', NULL, 'html', 'koxagamanyvowabytihypiqadylypekafowubolinyxenuxequ', 0, 0, 0, 0, 0, 0, 0, 0, NULL, NULL, NULL, NULL, NULL, NULL, '2019-02-06 10:36:31', NULL, NULL, NULL),
(3135, '', 101, 14, 1, 0, 'Add page content here', NULL, 'html', 'koxagamanyvowabytihypiqadylypekafowubolinyxenuxequ', 0, 0, 0, 0, 0, 0, 0, 0, NULL, NULL, NULL, NULL, NULL, NULL, '2019-02-06 10:36:31', NULL, NULL, NULL),
(3136, '', 101, 99, 1, 0, 'Add page content here', NULL, 'html', 'koxagamanyvowabytihypiqadylypekafowubolinyxenuxequ', 0, 0, 0, 0, 0, 0, 0, 0, NULL, NULL, NULL, NULL, NULL, NULL, '2019-02-06 10:36:31', NULL, NULL, NULL),
(3137, '163_items', 38, 99, 50, 1, '5', '{\"img\":\"cehakyxugi.jpg\"}', 'listImg', 'sydexahejivalukefysywuxogityhohubebinygaluqodiruqy', NULL, -1, 0, 0, 0, 0, 0, 0, NULL, NULL, NULL, NULL, NULL, NULL, '2019-02-06 13:24:51', '2019-02-06 13:24:42', NULL, NULL),
(3138, '165_items', 38, 99, 50, 1, 'Photo 5', '{\"img\":\"todomyrogu.jpg\"}', 'listImg', 'kasydolocabegimehoroxucahubabenefinihusykucadababi', NULL, -1, 0, 0, 0, 0, 0, 0, NULL, NULL, NULL, NULL, NULL, NULL, '2019-02-06 13:26:04', '2019-02-06 13:25:53', NULL, NULL),
(3140, '', 73, 1, 50, 1, 'Finansejums', '{\"link\":\"2786\"}', 'blocklink', 'mubyzovagiheqihanafuvasoxyzytotyrywopytoloweqiguba', NULL, 0, 0, 0, 0, 0, 0, 0, NULL, NULL, NULL, NULL, NULL, NULL, '2019-02-06 13:52:53', '2019-02-06 13:39:42', NULL, NULL),
(3143, '', 76, 1, 10, 1, 'Slider houses', '{\"title\":\"Mājas citos ciematos\",\"description\":\"\",\"overlay_color\":\"#ececec\",\"labels\":\"\",\"link\":\"\",\"dots\":\"1\",\"village_Lapsas\":\"1\",\"village_Dailas\":\"0\",\"village_Ziedlejas\":\"1\",\"village_Jaunzemes\":\"1\",\"status_active\":\"1\",\"status_reserved\":\"1\",\"status_sold\":\"1\",\"sort\":\"price ask\"}', 'sliderHouse', 'gehanawajytotopysilutyxutaxacipenemiqijycyhimyrozo', NULL, 0, 0, 0, 0, 0, 0, 0, NULL, NULL, NULL, NULL, NULL, NULL, '2019-02-06 14:12:16', '2019-02-06 14:11:47', NULL, NULL),
(3144, '', 42, 1, 30, 1, 'Finansejums', '{\"link\":\"2786\"}', 'blocklink', 'dutuweleweqadojusiwujuvyrajipupusuvacudafadugehiji', NULL, 0, 0, 0, 0, 0, 0, 0, NULL, NULL, NULL, NULL, NULL, NULL, '2019-02-06 14:16:26', '2019-02-06 14:16:08', NULL, NULL),
(3145, '', 46, 1, 20, 0, 'Test Akcija', '{\"title\":\"Test Akcija\",\"description\":\"Description\",\"labels\":\"Button name\",\"link\":\"%{INSERTLINK}%1%{INSERTLINK}%\",\"img\":\"vemydejiwe.jpg\",\"overlay_color\":\"#7a3333\",\"overlay_opacity\":\"0.9\",\"page\":{\"all_pages\":\"on\"}}', 'akcijaGlobal', 'husozamuvewatekabikucequcerocijoxehivyluforavyjoxu', NULL, 1, 0, 0, 0, 0, 0, 0, NULL, NULL, NULL, NULL, NULL, NULL, '2019-04-08 09:03:56', '2019-04-08 09:02:31', NULL, NULL),
(3148, '', 54, 99, 80, 1, 'Описание в PDF', '{\"option_ru\":\"Описание в PDF\",\"option_lv\":\"Описание в PDF\",\"option_en\":\"\"}', 'options', 'pylatipixylugorabotifozaqywufikufohelujyvubyzabiku', NULL, 0, 0, 0, 0, 0, 0, 0, NULL, NULL, NULL, NULL, NULL, NULL, '2019-04-08 10:44:40', '2019-04-08 10:44:25', NULL, NULL),
(3149, '3148_options', 54, 99, 10, 1, 'Option 1', NULL, 'elemOptions', 'juvuxozizosehacehatykezevykafytejypihotufiwefypali', NULL, -1, 0, 0, 0, 0, 0, 0, NULL, NULL, NULL, NULL, NULL, NULL, '2019-04-08 10:44:58', '2019-04-08 10:44:48', NULL, NULL),
(3150, '3078_options', 54, 99, 20, 1, 'Peleka', '{\"labels_ru\":\"\",\"link_ru\":\"\",\"labels_lv\":\"Peleka\",\"link_lv\":\"%{INSERTLINK}%1%{INSERTLINK}%\",\"labels_en\":\"\",\"link_en\":\"\"}', 'elemOptions', 'dodakihotelonoxibezucavavehyqiwywuhiqeqanilatacani', NULL, -1, 0, 0, 0, 0, 0, 0, NULL, NULL, NULL, NULL, NULL, NULL, '2019-04-08 10:47:19', '2019-04-08 10:47:08', NULL, NULL),
(3151, '', 24, 1, 130, 0, 'test', NULL, 'html1col', 'qarogerunyxejodyjurusepanypinaravemoxehytabikusimo', NULL, 0, 0, 0, 0, 0, 0, 0, NULL, NULL, NULL, NULL, NULL, NULL, '2019-04-08 10:56:54', '2019-04-08 10:56:51', NULL, NULL),
(3152, '', 63, 1, 60, 1, 'Somu maja', '{\"title\":\"\",\"logo\":\"wemofapejo.jpg\",\"description\":\"Somu maja daudz modelju\",\"link\":\"http:\\/\\/www.somumaja.lv\",\"labels\":\"www.somumaja.lv\"}', 'parentInfo', 'kucotubewopocacudufamubugigefegejinekywulucacopecy', NULL, 0, 0, 0, 0, 0, 0, 0, NULL, NULL, NULL, NULL, NULL, NULL, '2019-04-08 11:54:17', '2019-04-08 11:52:01', NULL, NULL),
(3153, '3152_items', 63, 99, 10, 1, 'imag1', '{\"img\":\"gemirotafi.jpg\"}', 'listImg', 'qenelojetyzyweqenylegabyjypenuxufewucimazimozubowa', NULL, -1, 0, 0, 0, 0, 0, 0, NULL, NULL, NULL, NULL, NULL, NULL, '2019-04-08 11:55:15', '2019-04-08 11:54:54', NULL, NULL),
(3154, '', 47, 99, 25, 1, 'Skolas salaspili', NULL, 'photogalWithPurl', 'byzesamopudegihylimytadubimejowozypavafehepedobiho', NULL, 0, 0, 0, 0, 0, 0, 0, NULL, NULL, NULL, NULL, NULL, NULL, '2019-04-08 12:10:19', '2019-04-08 12:09:13', NULL, NULL);

-- --------------------------------------------------------

--
-- Table structure for table `module_blocks_photogallery`
--

CREATE TABLE `module_blocks_photogallery` (
  `id` int(11) NOT NULL,
  `pid` int(11) NOT NULL DEFAULT '0',
  `field` varchar(255) DEFAULT NULL,
  `updated` timestamp NOT NULL DEFAULT CURRENT_TIMESTAMP ON UPDATE CURRENT_TIMESTAMP,
  `created` timestamp NULL DEFAULT NULL,
  `order_id` int(11) NOT NULL DEFAULT '0',
  `visible` int(1) NOT NULL DEFAULT '1',
  `filename` varchar(255) DEFAULT NULL,
  `about` text
) ENGINE=InnoDB DEFAULT CHARSET=utf8;

--
-- Dumping data for table `module_blocks_photogallery`
--

INSERT INTO `module_blocks_photogallery` (`id`, `pid`, `field`, `updated`, `created`, `order_id`, `visible`, `filename`, `about`) VALUES
(54, 121, 'picture', '2018-10-04 16:10:47', '2018-10-04 16:10:09', 1, 1, 'rajigylykecykezeduja.jpg', '{\"3\":\"\"}'),
(55, 121, 'picture', '2018-10-04 16:10:47', '2018-10-04 16:10:09', 2, 1, 'vabufitujegabinipewy.jpg', '{\"3\":\"\"}'),
(56, 121, 'picture', '2018-10-04 16:10:47', '2018-10-04 16:10:09', 3, 1, 'difyjopyrojofosimiso.jpg', '{\"3\":\"\"}'),
(57, 121, 'picture', '2018-10-04 16:10:47', '2018-10-04 16:10:10', 4, 1, 'vacikunycyxejonuqiby.jpg', '{\"3\":\"\"}'),
(58, 121, 'picture', '2018-10-04 16:10:47', '2018-10-04 16:10:10', 5, 1, 'herajezisocikopusomu.jpg', '{\"3\":\"\"}'),
(60, 121, 'picture', '2018-10-04 16:10:46', '2018-10-04 16:10:46', 6, 1, 'tajoqovirykinamumiqo.jpg', NULL),
(62, 121, 'picture', '2018-10-04 16:12:14', '2018-10-04 16:12:14', 7, 1, 'cidybugazijupilumuso.jpg', NULL),
(64, 776, 'picture', '2018-12-06 09:35:15', '2018-10-12 15:25:21', 0, 1, 'zuxotykunewotebirano.jpg', '{\"3\":\"\"}'),
(65, 776, 'picture', '2018-12-06 09:35:15', '2018-10-12 15:25:21', 1, 1, 'vibugicijyrasavevihi.jpg', '{\"3\":\"\"}'),
(66, 776, 'picture', '2018-12-06 09:35:15', '2018-10-12 15:25:21', 2, 1, 'cesorydakamabiwyhuko.jpg', '{\"3\":\"\"}'),
(67, 776, 'picture', '2018-12-06 09:35:15', '2018-10-12 15:25:22', 3, 1, 'rozazypiserugukykihe.jpg', '{\"3\":\"\"}'),
(68, 776, 'picture', '2018-12-06 09:35:15', '2018-10-12 15:25:22', 4, 1, 'wagawabuqenozubykuby.jpg', '{\"3\":\"\"}'),
(69, 776, 'picture', '2018-12-06 09:35:15', '2018-10-12 15:25:43', 5, 1, 'jiguhajahiqekorazucu.jpg', NULL),
(70, 776, 'picture', '2018-12-06 09:35:15', '2018-10-12 15:25:43', 6, 1, 'duhojokamotadadilavi.jpg', NULL),
(71, 776, 'picture', '2018-12-06 09:35:15', '2018-10-12 15:25:44', 7, 1, 'zyxivygydenizazuvefu.jpg', NULL),
(77, 788, 'photos', '2019-01-29 14:34:37', '2018-10-13 08:48:44', 3, 1, 'byxadipyrewesegykoky.jpg', '{\"3\":\"\",\"1\":\"\",\"14\":\"\",\"video\":\"\"}'),
(78, 788, 'photos', '2019-01-29 14:34:37', '2018-10-13 08:49:18', 4, 1, 'wukyfokubugefavafufe.jpg', '{\"3\":\"\",\"1\":\"\",\"14\":\"\",\"video\":\"\"}'),
(79, 788, 'photos', '2019-01-29 14:34:37', '2018-10-13 08:49:18', 5, 1, 'ficapecoxeqawubykuvi.jpg', '{\"3\":\"\",\"1\":\"\",\"14\":\"\",\"video\":\"\"}'),
(103, 788, 'plan', '2019-01-29 14:34:37', '2018-10-15 10:38:29', 1, 1, 'junadedytucudimuzafi.jpg', '{\"3\":\"\",\"1\":\"\",\"14\":\"\",\"video\":\"\"}'),
(104, 788, 'plan', '2019-01-29 14:34:37', '2018-10-15 10:38:29', 2, 1, 'qufelumerapuzipufafe.jpg', '{\"3\":\"\",\"1\":\"\",\"14\":\"\",\"video\":\"\"}'),
(105, 1899, 'photos', '2018-12-05 15:01:11', '2018-11-27 09:00:29', 1, 1, 'lujojykyjybezuwyxidi.jpg', '{\"3\":\"\",\"1\":\"\",\"14\":\"\"}'),
(106, 1899, 'photos', '2018-12-05 15:01:11', '2018-11-27 09:00:29', 2, 1, 'qadaxexaxamucunyzifo.jpg', '{\"3\":\"\",\"1\":\"\",\"14\":\"\"}'),
(113, 1499, 'plan', '2018-12-17 11:25:40', '2018-11-27 09:06:16', 1, 1, 'dilymifasyracapiwylu.jpg', '{\"3\":\"\",\"1\":\"\",\"14\":\"\"}'),
(114, 792, 'photos', '2019-03-01 10:45:09', '2018-12-05 15:21:58', 1, 1, 'meluqizepyzenogunyzu.jpg', '{\"3\":\"\",\"1\":\"\",\"14\":\"\",\"video\":\"\"}'),
(115, 792, 'photos', '2019-03-01 10:45:09', '2018-12-05 15:21:58', 2, 1, 'wixijivecoziradyqiky.jpg', '{\"3\":\"\",\"1\":\"\",\"14\":\"\",\"video\":\"\"}'),
(116, 792, 'photos', '2019-01-28 14:20:39', '2018-12-05 15:21:58', 3, 1, 'mofobosaqihugucoteje.jpg', '{\"3\":\"\",\"1\":\"\",\"14\":\"\",\"video\":\"\"}'),
(117, 792, 'photos', '2019-03-01 10:45:09', '2018-12-05 15:21:59', 4, 1, 'muxezepybehoqolotoxu.jpg', '{\"3\":\"\",\"1\":\"\",\"14\":\"\",\"video\":\"\"}'),
(118, 792, 'photos', '2019-01-28 14:20:39', '2018-12-05 15:21:59', 5, 1, 'pyqewogovigyxufugiqi.jpg', '{\"3\":\"\",\"1\":\"\",\"14\":\"\",\"video\":\"\"}'),
(119, 792, 'photos', '2019-01-28 14:20:39', '2018-12-05 15:21:59', 6, 1, 'lycumysigywuzavihywu.jpg', '{\"3\":\"\",\"1\":\"\",\"14\":\"\",\"video\":\"\"}'),
(120, 792, 'photos', '2019-01-28 14:20:39', '2018-12-05 15:21:59', 7, 1, 'bahiwelydawyvacysopy.jpg', '{\"3\":\"\",\"1\":\"\",\"14\":\"\",\"video\":\"\"}'),
(121, 792, 'photos', '2019-01-28 14:20:39', '2018-12-05 15:22:00', 8, 1, 'qowiqikohiqurugasuse.jpg', '{\"3\":\"\",\"1\":\"\",\"14\":\"\",\"video\":\"\"}'),
(122, 792, 'photos', '2019-01-28 14:20:39', '2018-12-05 15:22:00', 9, 1, 'ceragamanefajedexeva.jpg', '{\"3\":\"\",\"1\":\"\",\"14\":\"\",\"video\":\"\"}'),
(123, 792, 'photos', '2019-01-28 14:20:39', '2018-12-05 15:22:00', 10, 1, 'risonosiremanikyrary.jpg', '{\"3\":\"\",\"1\":\"\",\"14\":\"\",\"video\":\"\"}'),
(124, 792, 'photos', '2019-01-28 14:20:39', '2018-12-05 15:22:00', 11, 1, 'gysiwejugecexajigoxi.jpg', '{\"3\":\"\",\"1\":\"\",\"14\":\"\",\"video\":\"\"}'),
(125, 792, 'photos', '2019-01-28 14:20:39', '2018-12-05 15:22:01', 12, 1, 'suvukijurucequdylity.jpg', '{\"3\":\"\",\"1\":\"\",\"14\":\"\",\"video\":\"\"}'),
(126, 792, 'photos', '2019-01-28 14:20:39', '2018-12-05 15:22:01', 13, 1, 'gidefuwafywabeqiteki.jpg', '{\"3\":\"\",\"1\":\"\",\"14\":\"\",\"video\":\"\"}'),
(127, 792, 'photos', '2019-03-01 10:45:09', '2018-12-05 15:22:01', 14, 1, 'pihejilitivizufozafi.jpg', '{\"3\":\"\",\"1\":\"\",\"14\":\"\",\"video\":\"\"}'),
(128, 792, 'photos', '2019-01-28 14:20:39', '2018-12-05 15:22:01', 15, 1, 'vicozefajuwybacomysa.jpg', '{\"3\":\"\",\"1\":\"\",\"14\":\"\",\"video\":\"\"}'),
(129, 792, 'photos', '2019-01-28 14:20:39', '2018-12-05 15:22:02', 16, 1, 'dozubezubemegehyroko.jpg', '{\"3\":\"\",\"1\":\"\",\"14\":\"\",\"video\":\"\"}'),
(130, 792, 'photos', '2019-01-28 14:20:39', '2018-12-05 15:22:02', 17, 1, 'xaqeryrovehigelosucu.jpg', '{\"3\":\"\",\"1\":\"\",\"14\":\"\",\"video\":\"\"}'),
(131, 792, 'photos', '2019-01-28 14:20:39', '2018-12-05 15:22:02', 18, 1, 'vasyfunovolorilafowy.jpg', '{\"3\":\"\",\"1\":\"\",\"14\":\"\",\"video\":\"\"}'),
(133, 796, 'photos', '2019-01-30 10:00:07', '2018-12-05 16:28:16', 1, 1, 'hyvapujypevufyrudylu.jpg', '{\"3\":\"\",\"1\":\"\",\"14\":\"\",\"video\":\"\"}'),
(134, 796, 'photos', '2019-01-30 10:00:07', '2018-12-05 16:28:16', 2, 1, 'gebugagakilavubebige.jpg', '{\"3\":\"\",\"1\":\"\",\"14\":\"\",\"video\":\"\"}'),
(135, 796, 'photos', '2019-01-30 10:00:07', '2018-12-05 16:28:17', 3, 1, 'qijixybydytikygogabu.jpg', '{\"3\":\"\",\"1\":\"\",\"14\":\"\",\"video\":\"\"}'),
(136, 796, 'photos', '2019-01-30 10:00:07', '2018-12-05 16:28:17', 4, 1, 'lujajizysaninutabana.jpg', '{\"3\":\"\",\"1\":\"\",\"14\":\"\",\"video\":\"\"}'),
(137, 796, 'photos', '2019-01-30 10:00:07', '2018-12-05 16:28:17', 5, 1, 'wyduwycarejebejubytu.jpg', '{\"3\":\"\",\"1\":\"\",\"14\":\"\",\"video\":\"\"}'),
(138, 796, 'photos', '2019-01-30 10:00:07', '2018-12-05 16:28:17', 6, 1, 'sinilekixejypudorudi.jpg', '{\"3\":\"\",\"1\":\"\",\"14\":\"\",\"video\":\"\"}'),
(139, 796, 'photos', '2019-01-30 10:00:07', '2018-12-05 16:28:18', 7, 1, 'zabijuhazohusihutemu.jpg', '{\"3\":\"\",\"1\":\"\",\"14\":\"\",\"video\":\"\"}'),
(140, 796, 'photos', '2019-01-30 10:00:07', '2018-12-05 16:28:18', 8, 1, 'cowukajydimekolyzufa.jpg', '{\"3\":\"\",\"1\":\"\",\"14\":\"\",\"video\":\"\"}'),
(141, 796, 'photos', '2019-01-30 10:00:07', '2018-12-05 16:28:18', 9, 1, 'sutexijixuxyxowikowu.jpg', '{\"3\":\"\",\"1\":\"\",\"14\":\"\",\"video\":\"\"}'),
(142, 796, 'photos', '2019-01-30 10:00:07', '2018-12-05 16:28:18', 10, 1, 'qygahulasusaxycanihi.jpg', '{\"3\":\"\",\"1\":\"\",\"14\":\"\",\"video\":\"\"}'),
(143, 796, 'photos', '2019-01-30 10:00:07', '2018-12-05 16:28:19', 11, 1, 'rokexosixogohazylevo.jpg', '{\"3\":\"\",\"1\":\"\",\"14\":\"\",\"video\":\"\"}'),
(144, 796, 'photos', '2019-01-30 10:00:07', '2018-12-05 16:28:19', 12, 1, 'jolelujixejybozefyxa.jpg', '{\"3\":\"\",\"1\":\"\",\"14\":\"\",\"video\":\"\"}'),
(145, 796, 'photos', '2019-01-30 10:00:07', '2018-12-05 16:28:19', 13, 1, 'xehytycaqizuvyxidofy.jpg', '{\"3\":\"\",\"1\":\"\",\"14\":\"\",\"video\":\"\"}'),
(146, 796, 'photos', '2019-01-30 10:00:07', '2018-12-05 16:28:19', 14, 1, 'kuxajabikajagufapiru.jpg', '{\"3\":\"\",\"1\":\"\",\"14\":\"\",\"video\":\"\"}'),
(147, 796, 'photos', '2019-01-30 10:00:07', '2018-12-05 16:28:20', 15, 1, 'kulyxuveqywywyrazawy.jpg', '{\"3\":\"\",\"1\":\"\",\"14\":\"\",\"video\":\"\"}'),
(148, 796, 'photos', '2019-01-30 10:00:07', '2018-12-05 16:28:20', 16, 1, 'pogegudeheworowypice.jpg', '{\"3\":\"\",\"1\":\"\",\"14\":\"\",\"video\":\"\"}'),
(149, 796, 'photos', '2019-01-30 10:00:07', '2018-12-05 16:28:20', 17, 1, 'kuliluhufemyquwikihe.jpg', '{\"3\":\"\",\"1\":\"\",\"14\":\"\",\"video\":\"\"}'),
(150, 796, 'photos', '2019-01-30 10:00:07', '2018-12-05 16:28:20', 18, 1, 'hezadizuweruviqoxino.jpg', '{\"3\":\"\",\"1\":\"\",\"14\":\"\",\"video\":\"\"}'),
(151, 800, 'photos', '2019-04-08 11:04:21', '2018-12-06 07:57:22', 1, 1, 'jusybavilovysudabepe.jpg', '{\"3\":\"\",\"1\":\"\",\"14\":\"\",\"video\":\"\"}'),
(152, 800, 'photos', '2019-04-08 11:04:21', '2018-12-06 07:57:22', 0, 1, 'wifinekomywyrotymylu.jpg', '{\"3\":\"\",\"1\":\"\",\"14\":\"\",\"video\":\"\"}'),
(153, 800, 'photos', '2019-02-06 14:54:50', '2018-12-06 07:57:23', 3, 1, 'xynumepadylyjubigoli.jpg', '{\"3\":\"\",\"1\":\"\",\"14\":\"\",\"video\":\"\"}'),
(154, 800, 'photos', '2019-04-08 11:04:18', '2018-12-06 07:57:23', 2, 1, 'gedojycokotevibihoqi.jpg', '{\"3\":\"\",\"1\":\"\",\"14\":\"\",\"video\":\"\"}'),
(155, 800, 'photos', '2019-04-08 11:04:18', '2018-12-06 07:57:23', 4, 1, 'gipyxotexunudifanolo.jpg', '{\"3\":\"\",\"1\":\"\",\"14\":\"\",\"video\":\"\"}'),
(156, 800, 'photos', '2019-04-08 11:04:18', '2018-12-06 07:57:23', 5, 1, 'jykuwekugywylokolylo.jpg', '{\"3\":\"\",\"1\":\"\",\"14\":\"\",\"video\":\"\"}'),
(157, 800, 'photos', '2019-04-08 11:04:18', '2018-12-06 07:57:24', 6, 1, 'pifumuzalyvisukyfyqe.jpg', '{\"3\":\"\",\"1\":\"\",\"14\":\"\",\"video\":\"\"}'),
(158, 800, 'photos', '2019-04-08 11:04:18', '2018-12-06 07:57:24', 7, 1, 'nybycekirusucuhuroxu.jpg', '{\"3\":\"\",\"1\":\"\",\"14\":\"\",\"video\":\"\"}'),
(159, 800, 'photos', '2019-04-08 11:04:18', '2018-12-06 07:57:24', 8, 1, 'bakexepetovubytiredo.jpg', '{\"3\":\"\",\"1\":\"\",\"14\":\"\",\"video\":\"\"}'),
(160, 800, 'photos', '2019-04-08 11:04:18', '2018-12-06 07:57:25', 9, 1, 'kusynunyxotemesykuci.jpg', '{\"3\":\"\",\"1\":\"\",\"14\":\"\",\"video\":\"\"}'),
(161, 800, 'photos', '2019-04-08 11:04:18', '2018-12-06 07:57:25', 10, 1, 'nisapamadehejosujolo.jpg', '{\"3\":\"\",\"1\":\"\",\"14\":\"\",\"video\":\"\"}'),
(162, 800, 'photos', '2019-04-08 11:04:18', '2018-12-06 07:57:25', 11, 1, 'guxycamypoxetuwupaxa.jpg', '{\"3\":\"\",\"1\":\"\",\"14\":\"\",\"video\":\"\"}'),
(163, 800, 'photos', '2019-04-08 11:04:18', '2018-12-06 07:57:25', 12, 1, 'sexaxitydefanyqimolo.jpg', '{\"3\":\"\",\"1\":\"\",\"14\":\"\",\"video\":\"\"}'),
(164, 800, 'photos', '2019-04-08 11:04:18', '2018-12-06 07:57:26', 13, 1, 'sipebasakyfoxasaduba.jpg', '{\"3\":\"\",\"1\":\"\",\"14\":\"\",\"video\":\"\"}'),
(165, 800, 'photos', '2019-04-08 11:04:18', '2018-12-06 07:57:26', 14, 1, 'renipylexerorowyryky.jpg', '{\"3\":\"\",\"1\":\"\",\"14\":\"\",\"video\":\"\"}'),
(166, 800, 'photos', '2019-04-08 11:04:18', '2018-12-06 07:57:26', 15, 1, 'meceqijyredoravejuca.jpg', '{\"3\":\"\",\"1\":\"\",\"14\":\"\",\"video\":\"\"}'),
(167, 800, 'photos', '2019-04-08 11:04:18', '2018-12-06 07:57:26', 16, 1, 'gilipysetijyxijadoqu.jpg', '{\"3\":\"\",\"1\":\"\",\"14\":\"\",\"video\":\"\"}'),
(168, 800, 'photos', '2019-04-08 11:04:18', '2018-12-06 07:57:27', 17, 1, 'regagusycoqopefekusi.jpg', '{\"3\":\"\",\"1\":\"\",\"14\":\"\",\"video\":\"\"}'),
(169, 232, 'picture', '2019-03-01 10:45:39', '2018-12-07 12:20:38', 5, 1, 'nityxasolebifarydoza.jpg', '{\"3\":\"\",\"1\":\"\",\"14\":\"\",\"video\":\"\"}'),
(170, 232, 'picture', '2019-03-01 10:45:39', '2018-12-07 12:24:17', 6, 1, 'fazahezyzapijukycequ.jpg', '{\"3\":\"\",\"1\":\"\",\"14\":\"\",\"video\":\"\"}'),
(171, 233, 'picture', '2019-03-01 10:29:09', '2018-12-07 12:25:26', 1, 1, 'ranapasytapekuxinyka.jpg', '{\"3\":\"\",\"1\":\"\",\"14\":\"\",\"video\":\"https:\\/\\/www.youtube.com\\/watch?v=OSSgXkISgGw\"}'),
(172, 233, 'picture', '2019-03-01 10:29:09', '2018-12-07 12:25:26', 2, 1, 'rywexepydehijijuxaji.jpg', '{\"3\":\"\",\"1\":\"\",\"14\":\"\",\"video\":\"\"}'),
(173, 233, 'picture', '2019-03-01 10:29:09', '2018-12-07 12:25:26', 3, 1, 'jycunuhuhasewucudovy.jpg', '{\"3\":\"\",\"1\":\"\",\"14\":\"\",\"video\":\"\"}'),
(174, 233, 'picture', '2019-03-01 10:29:09', '2018-12-07 12:25:27', 4, 1, 'wuhopujuxuhovelecobo.jpg', '{\"3\":\"\",\"1\":\"\",\"14\":\"\",\"video\":\"\"}'),
(175, 233, 'picture', '2019-03-01 10:29:09', '2018-12-07 12:25:27', 5, 1, 'qopydyrixufimuniqiti.jpg', '{\"3\":\"\",\"1\":\"\",\"14\":\"\",\"video\":\"\"}'),
(176, 233, 'picture', '2019-03-01 10:29:09', '2018-12-07 12:26:20', 6, 1, 'puhisenijadyjuxijyxe.jpg', '{\"3\":\"\",\"1\":\"\",\"14\":\"\",\"video\":\"\"}'),
(177, 233, 'picture', '2019-03-01 10:29:09', '2018-12-07 12:26:20', 7, 1, 'sigeqixagabucoresifi.jpg', '{\"3\":\"\",\"1\":\"\",\"14\":\"\",\"video\":\"\"}'),
(178, 233, 'picture', '2019-03-01 10:29:09', '2018-12-07 12:26:20', 8, 1, 'vopymyqyporykuzewace.jpg', '{\"3\":\"\",\"1\":\"\",\"14\":\"\",\"video\":\"\"}'),
(179, 233, 'picture', '2019-03-01 10:29:09', '2018-12-07 12:26:21', 9, 1, 'ryjaruqacucavebihupo.jpg', '{\"3\":\"\",\"1\":\"\",\"14\":\"\",\"video\":\"\"}'),
(180, 233, 'picture', '2019-03-01 10:29:09', '2018-12-07 12:26:21', 10, 1, 'kywabityjidajadijopi.jpg', '{\"3\":\"\",\"1\":\"\",\"14\":\"\",\"video\":\"\"}'),
(181, 233, 'picture', '2019-03-01 10:29:09', '2018-12-07 12:26:21', 11, 1, 'fasarozikotaraqylacu.jpg', '{\"3\":\"\",\"1\":\"\",\"14\":\"\",\"video\":\"\"}'),
(182, 233, 'picture', '2019-03-01 10:29:09', '2018-12-07 12:26:22', 12, 1, 'kowejurymyzoterugylu.jpg', '{\"3\":\"\",\"1\":\"\",\"14\":\"\",\"video\":\"\"}'),
(183, 233, 'picture', '2019-03-01 10:29:09', '2018-12-07 12:26:22', 13, 1, 'lenadisoxuwimojituca.jpg', '{\"3\":\"\",\"1\":\"\",\"14\":\"\",\"video\":\"\"}'),
(184, 233, 'picture', '2019-03-01 10:29:09', '2018-12-07 12:26:44', 14, 1, 'sedalanovitevacekysu.jpg', '{\"3\":\"\",\"1\":\"\",\"14\":\"\",\"video\":\"\"}'),
(185, 233, 'picture', '2019-03-01 10:29:09', '2018-12-07 12:26:44', 15, 1, 'gikosokyjakomywumiwy.jpg', '{\"3\":\"\",\"1\":\"\",\"14\":\"\",\"video\":\"\"}'),
(186, 969, 'picture', '2018-12-10 10:12:49', '2018-12-10 09:07:40', 0, 1, 'varalikopynamamosagy.jpg', '{\"1\":\"\"}'),
(187, 969, 'picture', '2018-12-10 10:12:49', '2018-12-10 09:09:10', 1, 1, 'jegahysahytuhopupubu.jpg', '{\"1\":\"\"}'),
(188, 969, 'picture', '2018-12-10 10:12:49', '2018-12-10 09:09:10', 2, 1, 'samoxezegigaxecijavi.jpg', '{\"1\":\"\"}'),
(189, 969, 'picture', '2018-12-10 10:12:49', '2018-12-10 09:09:11', 3, 1, 'havumudiwyfimyjudabi.jpg', '{\"1\":\"\"}'),
(190, 969, 'picture', '2018-12-10 10:12:49', '2018-12-10 09:09:11', 4, 1, 'jojyhahezyhopenapeja.jpg', '{\"1\":\"\"}'),
(191, 969, 'picture', '2018-12-10 10:12:49', '2018-12-10 09:09:42', 5, 1, 'davajufacimoxigozuno.jpg', '{\"1\":\"\"}'),
(192, 969, 'picture', '2018-12-10 10:12:49', '2018-12-10 10:11:32', 6, 1, 'wabuqydilutanehylyko.jpg', NULL),
(193, 2598, 'picture', '2018-12-12 07:41:47', '2018-12-12 07:41:47', 1, 1, 'guxozahufypuqufuwubo.jpg', NULL),
(194, 2598, 'picture', '2018-12-12 07:41:47', '2018-12-12 07:41:47', 2, 1, 'senaniryjugesanekixy.jpg', NULL),
(195, 2598, 'picture', '2018-12-12 07:41:48', '2018-12-12 07:41:48', 3, 1, 'fejotokirubylykujyto.jpg', NULL),
(196, 2598, 'picture', '2018-12-12 07:41:48', '2018-12-12 07:41:48', 4, 1, 'cuxaquxolexocunubyti.jpg', NULL),
(197, 2598, 'picture', '2018-12-12 07:41:48', '2018-12-12 07:41:48', 5, 1, 'xifegyketaqyrocaluqy.jpg', NULL),
(198, 2598, 'picture', '2018-12-12 07:41:49', '2018-12-12 07:41:49', 6, 1, 'bolixudebimyjykoryru.jpg', NULL),
(199, 2598, 'picture', '2018-12-12 07:41:49', '2018-12-12 07:41:49', 7, 1, 'tidowyzewilujylopasa.jpg', NULL),
(200, 2598, 'picture', '2018-12-12 07:41:49', '2018-12-12 07:41:49', 8, 1, 'lixiligyxoziroqokoqe.jpg', NULL),
(201, 2598, 'picture', '2018-12-12 07:41:50', '2018-12-12 07:41:50', 9, 1, 'rojewapekypadabugigi.jpg', NULL),
(202, 2598, 'picture', '2018-12-12 07:41:50', '2018-12-12 07:41:50', 10, 1, 'wycewiwyzyvelylacune.jpg', NULL),
(203, 2598, 'picture', '2018-12-12 07:41:50', '2018-12-12 07:41:50', 11, 1, 'xuzixolyjaragadigode.jpg', NULL),
(204, 2598, 'picture', '2018-12-12 07:41:51', '2018-12-12 07:41:51', 12, 1, 'lifamunyvanypenyxony.jpg', NULL),
(205, 2598, 'picture', '2018-12-12 07:41:51', '2018-12-12 07:41:51', 13, 1, 'wahibiseleqemutehata.jpg', NULL),
(206, 2598, 'picture', '2018-12-12 07:41:51', '2018-12-12 07:41:51', 14, 1, 'nemerosowoqikufykafi.jpg', NULL),
(207, 2598, 'picture', '2018-12-12 07:41:52', '2018-12-12 07:41:52', 15, 1, 'kuxymepemeqohabokasa.jpg', NULL),
(208, 2598, 'picture', '2018-12-12 07:41:52', '2018-12-12 07:41:52', 16, 1, 'vozewocodyhokizacuve.jpg', NULL),
(209, 2598, 'picture', '2018-12-12 07:41:52', '2018-12-12 07:41:52', 17, 1, 'horanurexiqadylaboto.jpg', NULL),
(210, 2598, 'picture', '2018-12-12 07:41:53', '2018-12-12 07:41:53', 18, 1, 'dygegokugodegowugoky.jpg', NULL),
(235, 2858, 'picture', '2018-12-14 08:32:50', '2018-12-14 08:27:32', 3, 1, 'cesexyzekatigenemoto.jpg', '{\"3\":\"\",\"1\":\"\",\"14\":\"\"}'),
(236, 2858, 'picture', '2018-12-14 08:32:50', '2018-12-14 08:27:33', 4, 1, 'cetanihikusaququcema.jpg', '{\"3\":\"\",\"1\":\"\",\"14\":\"\"}'),
(237, 2858, 'picture', '2018-12-14 08:32:50', '2018-12-14 08:27:33', 5, 1, 'xypixopozyxozyfyzibo.jpg', '{\"3\":\"\",\"1\":\"\",\"14\":\"\"}'),
(238, 2858, 'picture', '2018-12-14 08:32:50', '2018-12-14 08:27:33', 6, 1, 'xaramugevafihoqoteqy.jpg', '{\"3\":\"\",\"1\":\"\",\"14\":\"\"}'),
(239, 2858, 'picture', '2018-12-14 08:32:50', '2018-12-14 08:27:34', 7, 1, 'xyzumazohabugegivipy.jpg', '{\"3\":\"\",\"1\":\"\",\"14\":\"\"}'),
(240, 2858, 'picture', '2018-12-14 08:32:50', '2018-12-14 08:27:34', 8, 1, 'canasaholexyxykociva.jpg', '{\"3\":\"\",\"1\":\"\",\"14\":\"\"}'),
(241, 2858, 'picture', '2018-12-14 08:32:50', '2018-12-14 08:27:35', 9, 1, 'wybytyxoxewopibimopo.jpg', '{\"3\":\"\",\"1\":\"\",\"14\":\"\"}'),
(243, 2858, 'picture', '2018-12-14 08:32:50', '2018-12-14 08:27:35', 11, 1, 'dirafazowasamehegeho.jpg', '{\"3\":\"\",\"1\":\"\",\"14\":\"\"}'),
(244, 2858, 'picture', '2018-12-14 08:32:50', '2018-12-14 08:27:36', 12, 1, 'fidikoretuvegemyrozu.jpg', '{\"3\":\"\",\"1\":\"\",\"14\":\"\"}'),
(245, 2858, 'picture', '2018-12-14 08:32:50', '2018-12-14 08:27:36', 13, 1, 'kudezofiqolozucunemo.jpg', '{\"3\":\"\",\"1\":\"\",\"14\":\"\"}'),
(246, 2858, 'picture', '2018-12-14 08:32:50', '2018-12-14 08:27:37', 14, 1, 'molocyfydefyxacivaco.jpg', '{\"3\":\"\",\"1\":\"\",\"14\":\"\"}'),
(247, 2858, 'picture', '2018-12-14 08:32:50', '2018-12-14 08:27:37', 15, 1, 'mufitobysabaduheqemu.jpg', '{\"3\":\"\",\"1\":\"\",\"14\":\"\"}'),
(248, 2858, 'picture', '2018-12-14 08:32:50', '2018-12-14 08:27:38', 16, 1, 'zevonopiqudokyzaduxo.jpg', '{\"3\":\"\",\"1\":\"\",\"14\":\"\"}'),
(249, 2858, 'picture', '2018-12-14 08:32:50', '2018-12-14 08:27:38', 17, 1, 'rorikiluqijofitabewu.jpg', '{\"3\":\"\",\"1\":\"\",\"14\":\"\"}'),
(250, 2858, 'picture', '2018-12-14 08:32:50', '2018-12-14 08:27:39', 18, 1, 'gymafufanyqyjidifena.jpg', '{\"3\":\"\",\"1\":\"\",\"14\":\"\"}'),
(251, 2858, 'picture', '2018-12-14 08:32:50', '2018-12-14 08:27:39', 19, 1, 'nihiragyfoxeruqibope.jpg', '{\"3\":\"\",\"1\":\"\",\"14\":\"\"}'),
(252, 2858, 'picture', '2018-12-14 08:32:50', '2018-12-14 08:27:39', 20, 1, 'nudebirizegudykuboqi.jpg', '{\"3\":\"\",\"1\":\"\",\"14\":\"\"}'),
(253, 2858, 'picture', '2018-12-14 08:32:50', '2018-12-14 08:27:40', 21, 1, 'jepucynyfezybakysugo.jpg', '{\"3\":\"\",\"1\":\"\",\"14\":\"\"}'),
(254, 2858, 'picture', '2018-12-14 08:32:50', '2018-12-14 08:27:40', 22, 1, 'hoxazobisyligurudaxe.jpg', '{\"3\":\"\",\"1\":\"\",\"14\":\"\"}'),
(255, 2859, 'picture', '2018-12-14 08:30:15', '2018-12-14 08:29:37', 1, 1, 'zarijusimufupiwematu.jpg', '{\"3\":\"\",\"1\":\"\",\"14\":\"\"}'),
(256, 2859, 'picture', '2018-12-14 08:30:15', '2018-12-14 08:29:37', 2, 1, 'moxewyrelejilabakupi.jpg', '{\"3\":\"\",\"1\":\"\",\"14\":\"\"}'),
(261, 2861, 'picture', '2018-12-14 08:46:04', '2018-12-14 08:44:56', 5, 1, 'muhatererufokofyzabi.jpg', '{\"3\":\"\",\"1\":\"\",\"14\":\"\"}'),
(263, 2861, 'picture', '2018-12-14 08:46:04', '2018-12-14 08:44:57', 7, 1, 'vineqazubinixagejihi.jpg', '{\"3\":\"\",\"1\":\"\",\"14\":\"\"}'),
(268, 2863, 'picture', '2018-12-14 09:41:31', '2018-12-14 09:22:42', 1, 1, 'ryjuhycitegylenylade.jpg', '{\"3\":\"\",\"1\":\"\",\"14\":\"\"}'),
(269, 2863, 'picture', '2018-12-14 09:41:31', '2018-12-14 09:22:42', 2, 1, 'xehiqydikacazelevoqu.jpg', '{\"3\":\"\",\"1\":\"\",\"14\":\"\"}'),
(272, 2863, 'picture', '2018-12-14 09:41:31', '2018-12-14 09:22:43', 5, 1, 'zoziqepuhahusasyxeho.jpg', '{\"3\":\"\",\"1\":\"\",\"14\":\"\"}'),
(273, 2863, 'picture', '2018-12-14 09:41:31', '2018-12-14 09:22:44', 6, 1, 'byfoderypihilytevene.jpg', '{\"3\":\"\",\"1\":\"\",\"14\":\"\"}'),
(274, 2863, 'picture', '2018-12-14 09:41:31', '2018-12-14 09:22:44', 7, 1, 'jinobejorusavilopusu.jpg', '{\"3\":\"\",\"1\":\"\",\"14\":\"\"}'),
(275, 2863, 'picture', '2018-12-14 09:41:31', '2018-12-14 09:22:45', 8, 1, 'duwumytadylytadudehy.jpg', '{\"3\":\"\",\"1\":\"\",\"14\":\"\"}'),
(276, 2863, 'picture', '2018-12-14 09:41:31', '2018-12-14 09:22:45', 9, 1, 'qyfusubotokypozutaxa.jpg', '{\"3\":\"\",\"1\":\"\",\"14\":\"\"}'),
(277, 2863, 'picture', '2018-12-14 09:41:31', '2018-12-14 09:22:46', 10, 1, 'patyvuhyxequdejoxego.jpg', '{\"3\":\"\",\"1\":\"\",\"14\":\"\"}'),
(278, 2863, 'picture', '2018-12-14 09:41:31', '2018-12-14 09:22:46', 11, 1, 'qezaxysubasavunevega.jpg', '{\"3\":\"\",\"1\":\"\",\"14\":\"\"}'),
(279, 2863, 'picture', '2018-12-14 09:41:31', '2018-12-14 09:22:47', 12, 1, 'bufugypyxuhehejedubu.jpg', '{\"3\":\"\",\"1\":\"\",\"14\":\"\"}'),
(280, 2863, 'picture', '2018-12-14 09:41:31', '2018-12-14 09:22:47', 13, 1, 'fidixenijywiroziqiky.jpg', '{\"3\":\"\",\"1\":\"\",\"14\":\"\"}'),
(281, 2863, 'picture', '2018-12-14 09:41:31', '2018-12-14 09:22:48', 14, 1, 'lihumewupuvifihejoty.jpg', '{\"3\":\"\",\"1\":\"\",\"14\":\"\"}'),
(282, 2863, 'picture', '2018-12-14 09:41:31', '2018-12-14 09:22:48', 15, 1, 'hafyrycexokovujadule.jpg', '{\"3\":\"\",\"1\":\"\",\"14\":\"\"}'),
(283, 2863, 'picture', '2018-12-14 09:41:31', '2018-12-14 09:22:49', 16, 1, 'fozolytomagofykyroty.jpg', '{\"3\":\"\",\"1\":\"\",\"14\":\"\"}'),
(284, 2863, 'picture', '2018-12-14 09:41:31', '2018-12-14 09:22:49', 17, 1, 'fenuwojoqovufybolibi.jpg', '{\"3\":\"\",\"1\":\"\",\"14\":\"\"}'),
(286, 2863, 'picture', '2018-12-14 09:41:31', '2018-12-14 09:22:50', 19, 1, 'pofygejyzyxetepasucu.jpg', '{\"3\":\"\",\"1\":\"\",\"14\":\"\"}'),
(287, 2863, 'picture', '2018-12-14 09:41:31', '2018-12-14 09:22:51', 20, 1, 'rusylykoxyvasiwuceka.jpg', '{\"3\":\"\",\"1\":\"\",\"14\":\"\"}'),
(288, 2863, 'picture', '2018-12-14 09:41:31', '2018-12-14 09:22:51', 21, 1, 'wasizyfucamokoryzufa.jpg', '{\"3\":\"\",\"1\":\"\",\"14\":\"\"}'),
(289, 2863, 'picture', '2018-12-14 09:41:31', '2018-12-14 09:22:51', 22, 1, 'pavysimytuviqoluvufu.jpg', '{\"3\":\"\",\"1\":\"\",\"14\":\"\"}'),
(290, 2863, 'picture', '2018-12-14 09:41:31', '2018-12-14 09:22:52', 23, 1, 'mozekubezucuvubaniwe.jpg', '{\"3\":\"\",\"1\":\"\",\"14\":\"\"}'),
(293, 2864, 'picture', '2018-12-14 09:43:28', '2018-12-14 09:39:12', 3, 1, 'giguxagowukarucemuci.jpg', '{\"3\":\"\",\"1\":\"\",\"14\":\"\"}'),
(294, 2864, 'picture', '2018-12-14 09:43:28', '2018-12-14 09:39:12', 4, 1, 'dabezaxizikesigerida.jpg', '{\"3\":\"\",\"1\":\"\",\"14\":\"\"}'),
(295, 2864, 'picture', '2018-12-14 09:43:28', '2018-12-14 09:39:13', 5, 1, 'pyxesehycyludijucoso.jpg', '{\"3\":\"\",\"1\":\"\",\"14\":\"\"}'),
(296, 2864, 'picture', '2018-12-14 09:43:28', '2018-12-14 09:39:13', 6, 1, 'fynabopikylunihucodu.jpg', '{\"3\":\"\",\"1\":\"\",\"14\":\"\"}'),
(297, 2864, 'picture', '2018-12-14 09:43:28', '2018-12-14 09:39:13', 7, 1, 'myhafonysoniqekyroly.jpg', '{\"3\":\"\",\"1\":\"\",\"14\":\"\"}'),
(298, 2864, 'picture', '2018-12-14 09:43:28', '2018-12-14 09:39:14', 8, 1, 'cawujazugihejopufafi.jpg', '{\"3\":\"\",\"1\":\"\",\"14\":\"\"}'),
(299, 2864, 'picture', '2018-12-14 09:43:28', '2018-12-14 09:39:14', 9, 1, 'nihapykykupudafufife.jpg', '{\"3\":\"\",\"1\":\"\",\"14\":\"\"}'),
(301, 2864, 'picture', '2018-12-14 09:43:28', '2018-12-14 09:39:15', 11, 1, 'jyqawofuhyvuvufumiqe.jpg', '{\"3\":\"\",\"1\":\"\",\"14\":\"\"}'),
(302, 2864, 'picture', '2018-12-14 09:43:28', '2018-12-14 09:39:15', 12, 1, 'cylynamodagedybykora.jpg', '{\"3\":\"\",\"1\":\"\",\"14\":\"\"}'),
(304, 2864, 'picture', '2018-12-14 09:43:28', '2018-12-14 09:39:16', 14, 1, 'zysufociwabylijaxijo.jpg', '{\"3\":\"\",\"1\":\"\",\"14\":\"\"}'),
(306, 2864, 'picture', '2018-12-14 09:43:28', '2018-12-14 09:39:17', 16, 1, 'bubetahukahytocanime.jpg', '{\"3\":\"\",\"1\":\"\",\"14\":\"\"}'),
(307, 2864, 'picture', '2018-12-14 09:43:28', '2018-12-14 09:39:17', 17, 1, 'tityqyqawyviqucehaci.jpg', '{\"3\":\"\",\"1\":\"\",\"14\":\"\"}'),
(308, 2864, 'picture', '2018-12-14 09:43:28', '2018-12-14 09:39:18', 18, 1, 'dabycikehumimajexycu.jpg', '{\"3\":\"\",\"1\":\"\",\"14\":\"\"}'),
(309, 2864, 'picture', '2018-12-14 09:43:28', '2018-12-14 09:39:18', 19, 1, 'vafufizulukudedywyzy.jpg', '{\"3\":\"\",\"1\":\"\",\"14\":\"\"}'),
(310, 2864, 'picture', '2018-12-14 09:43:28', '2018-12-14 09:39:19', 20, 1, 'wyqocukydobuxytukoje.jpg', '{\"3\":\"\",\"1\":\"\",\"14\":\"\"}'),
(311, 2864, 'picture', '2018-12-14 09:43:28', '2018-12-14 09:39:19', 21, 1, 'bafageruwisiqoryvaga.jpg', '{\"3\":\"\",\"1\":\"\",\"14\":\"\"}'),
(312, 2864, 'picture', '2018-12-14 09:43:28', '2018-12-14 09:39:19', 22, 1, 'xequpotukafojahopoge.jpg', '{\"3\":\"\",\"1\":\"\",\"14\":\"\"}'),
(313, 2903, 'pictures', '2018-12-16 12:02:15', '2018-12-16 12:02:15', 1, 1, 'hukufugehozadenokuci.jpg', NULL),
(314, 2903, 'pictures', '2018-12-16 12:02:16', '2018-12-16 12:02:16', 2, 1, 'pucuhejasywucekafeka.jpg', NULL),
(315, 2903, 'pictures', '2018-12-16 12:02:16', '2018-12-16 12:02:16', 3, 1, 'jawufanokadyluvejope.jpg', NULL),
(317, 1543, 'photos', '2019-02-06 15:09:41', '2018-12-17 11:37:05', 2, 1, 'wuxanyvikevoqasejupi.jpg', '{\"3\":\"\",\"1\":\"\",\"14\":\"\",\"video\":\"\"}'),
(318, 1543, 'photos', '2019-02-06 15:09:41', '2018-12-17 11:37:05', 3, 1, 'pusipepogixihytehoza.jpg', '{\"3\":\"\",\"1\":\"\",\"14\":\"\",\"video\":\"\"}'),
(319, 1543, 'photos', '2019-02-06 15:09:41', '2018-12-17 11:37:06', 4, 1, 'wunohudirorysabigaba.jpg', '{\"3\":\"\",\"1\":\"\",\"14\":\"\",\"video\":\"\"}'),
(320, 1543, 'photos', '2019-02-06 15:09:41', '2018-12-17 11:37:06', 5, 1, 'raxitixalezasikojewy.jpg', '{\"3\":\"\",\"1\":\"\",\"14\":\"\",\"video\":\"\"}'),
(321, 1543, 'photos', '2019-02-06 15:09:41', '2018-12-17 11:37:06', 6, 1, 'fucikovehydydawozixu.jpg', '{\"3\":\"\",\"1\":\"\",\"14\":\"\",\"video\":\"\"}'),
(322, 1543, 'photos', '2019-02-06 15:09:41', '2018-12-17 11:37:07', 7, 1, 'gywyfinodoxucikotapo.jpg', '{\"3\":\"\",\"1\":\"\",\"14\":\"\",\"video\":\"\"}'),
(323, 1543, 'photos', '2019-02-06 15:09:41', '2018-12-17 11:37:07', 8, 1, 'vyfonykopycudeviboge.jpg', '{\"3\":\"\",\"1\":\"\",\"14\":\"\",\"video\":\"\"}'),
(324, 1543, 'photos', '2019-02-06 15:09:41', '2018-12-17 11:37:07', 9, 1, 'xiluwurojapuramipepy.jpg', '{\"3\":\"\",\"1\":\"\",\"14\":\"\",\"video\":\"\"}'),
(325, 1543, 'photos', '2019-02-06 15:09:41', '2018-12-17 11:37:08', 10, 1, 'basypugynyrozopypuca.jpg', '{\"3\":\"\",\"1\":\"\",\"14\":\"\",\"video\":\"\"}'),
(326, 1543, 'photos', '2019-02-06 15:09:41', '2018-12-17 11:37:08', 11, 1, 'zibogijytibedineciwu.jpg', '{\"3\":\"\",\"1\":\"\",\"14\":\"\",\"video\":\"\"}'),
(327, 1543, 'photos', '2019-02-06 15:09:41', '2018-12-17 11:37:08', 12, 1, 'lybycavosobilasubege.jpg', '{\"3\":\"\",\"1\":\"\",\"14\":\"\",\"video\":\"\"}'),
(328, 1543, 'photos', '2019-02-06 15:09:41', '2018-12-17 11:37:09', 13, 1, 'tikeryfogeqekypopusa.jpg', '{\"3\":\"\",\"1\":\"\",\"14\":\"\",\"video\":\"\"}'),
(329, 1543, 'photos', '2019-02-06 15:09:41', '2018-12-17 11:37:09', 14, 1, 'zygajysodeqekokoluca.jpg', '{\"3\":\"\",\"1\":\"\",\"14\":\"\",\"video\":\"\"}'),
(330, 1543, 'photos', '2019-02-06 15:09:41', '2018-12-17 11:37:09', 15, 1, 'woxoxetafeqiwejimali.jpg', '{\"3\":\"\",\"1\":\"\",\"14\":\"\",\"video\":\"\"}'),
(331, 1543, 'photos', '2019-02-06 15:09:41', '2018-12-17 11:37:09', 16, 1, 'gykiqitageniwulazegi.jpg', '{\"3\":\"\",\"1\":\"\",\"14\":\"\",\"video\":\"\"}'),
(332, 1543, 'photos', '2019-02-06 15:09:41', '2018-12-17 11:37:10', 17, 1, 'tejofelerijenebutyqu.jpg', '{\"3\":\"\",\"1\":\"\",\"14\":\"\",\"video\":\"\"}'),
(333, 1543, 'photos', '2019-02-06 15:09:41', '2018-12-17 11:37:10', 18, 1, 'kicanosekucetasufatu.jpg', '{\"3\":\"\",\"1\":\"\",\"14\":\"\",\"video\":\"\"}'),
(334, 1543, 'photos', '2019-02-06 15:09:41', '2018-12-17 11:37:10', 19, 1, 'xaxumawelyxacynyqaka.jpg', '{\"3\":\"\",\"1\":\"\",\"14\":\"\",\"video\":\"\"}'),
(335, 1543, 'photos', '2019-02-06 15:09:41', '2018-12-17 11:37:11', 20, 1, 'fygohaxihaxagiheqysy.jpg', '{\"3\":\"\",\"1\":\"\",\"14\":\"\",\"video\":\"\"}'),
(336, 1543, 'photos', '2019-02-06 15:09:41', '2018-12-17 11:37:11', 21, 1, 'qanudehevaxujinyjezi.jpg', '{\"3\":\"\",\"1\":\"\",\"14\":\"\",\"video\":\"\"}'),
(337, 1543, 'photos', '2019-02-06 15:09:41', '2018-12-17 11:37:11', 22, 1, 'babudahewijimafuvoto.jpg', '{\"3\":\"\",\"1\":\"\",\"14\":\"\",\"video\":\"\"}'),
(338, 1543, 'photos', '2019-02-06 15:09:41', '2018-12-17 11:37:12', 23, 1, 'rijubozugiqolyzupada.jpg', '{\"3\":\"\",\"1\":\"\",\"14\":\"\",\"video\":\"\"}'),
(339, 1543, 'photos', '2019-02-06 15:09:41', '2018-12-17 11:37:12', 24, 1, 'bogexekyfavyroxalyxu.jpg', '{\"3\":\"\",\"1\":\"\",\"14\":\"\",\"video\":\"\"}'),
(340, 1543, 'photos', '2019-02-06 15:09:41', '2018-12-17 11:37:12', 25, 1, 'sotiryvuhimasavufuni.jpg', '{\"3\":\"\",\"1\":\"\",\"14\":\"\",\"video\":\"\"}'),
(341, 1543, 'photos', '2019-02-06 15:09:41', '2018-12-17 11:37:12', 26, 1, 'teviwozopehozavegyla.jpg', '{\"3\":\"\",\"1\":\"\",\"14\":\"\",\"video\":\"\"}'),
(342, 1543, 'photos', '2019-02-06 15:09:41', '2018-12-17 11:37:13', 27, 1, 'kykysyluzyjivufafubi.jpg', '{\"3\":\"\",\"1\":\"\",\"14\":\"\",\"video\":\"\"}'),
(343, 1543, 'photos', '2019-02-06 15:09:41', '2018-12-17 11:37:13', 28, 1, 'vopapopaheqivigohifo.jpg', '{\"3\":\"\",\"1\":\"\",\"14\":\"\",\"video\":\"\"}'),
(353, 1759, 'photos', '2019-02-06 15:11:02', '2018-12-17 12:43:09', 1, 1, 'kofiqiriqypucubefefe.jpg', '{\"3\":\"\",\"1\":\"\",\"14\":\"\",\"video\":\"\"}'),
(354, 1759, 'photos', '2019-02-06 15:11:02', '2018-12-17 12:43:09', 2, 1, 'kapewysegyfowinihyko.jpg', '{\"3\":\"\",\"1\":\"\",\"14\":\"\",\"video\":\"\"}'),
(355, 1759, 'photos', '2019-02-06 15:11:02', '2018-12-17 12:43:10', 3, 1, 'rejybotahylopucadegi.jpg', '{\"3\":\"\",\"1\":\"\",\"14\":\"\",\"video\":\"\"}'),
(356, 1759, 'photos', '2019-02-06 15:11:02', '2018-12-17 12:43:11', 4, 1, 'neqalunugujuzymykubo.jpg', '{\"3\":\"\",\"1\":\"\",\"14\":\"\",\"video\":\"\"}'),
(358, 1759, 'photos', '2019-02-06 15:11:02', '2018-12-17 12:43:11', 6, 1, 'naneqokacirytugoravi.jpg', '{\"3\":\"\",\"1\":\"\",\"14\":\"\",\"video\":\"\"}'),
(359, 1759, 'photos', '2019-02-06 15:11:02', '2018-12-17 12:43:12', 7, 1, 'folilugovenyhipocotu.jpg', '{\"3\":\"\",\"1\":\"\",\"14\":\"\",\"video\":\"\"}'),
(361, 2938, 'picture', '2018-12-17 13:59:58', '2018-12-17 13:57:54', 2, 1, 'lotumopiqikububiqimi.jpg', '{\"3\":\"\",\"1\":\"\",\"14\":\"\"}'),
(384, 2938, 'picture', '2018-12-17 13:59:58', '2018-12-17 13:58:02', 25, 1, 'vimudawizuhejejowylo.jpg', '{\"3\":\"\",\"1\":\"\",\"14\":\"\"}'),
(386, 2938, 'picture', '2018-12-17 13:59:58', '2018-12-17 13:58:03', 27, 1, 'depifoduwewebyzuqeba.jpg', '{\"3\":\"\",\"1\":\"\",\"14\":\"\"}'),
(387, 2938, 'picture', '2018-12-17 13:59:58', '2018-12-17 13:58:03', 28, 1, 'lumogevotumavywucyse.jpg', '{\"3\":\"\",\"1\":\"\",\"14\":\"\"}'),
(390, 2939, 'picture', '2018-12-17 14:05:14', '2018-12-17 14:02:01', 3, 1, 'mylowopagafunyrowova.jpg', '{\"3\":\"\",\"1\":\"\",\"14\":\"\"}'),
(391, 2939, 'picture', '2018-12-17 14:05:14', '2018-12-17 14:02:01', 4, 1, 'wibodepyqinoxajugipo.jpg', '{\"3\":\"\",\"1\":\"\",\"14\":\"\"}'),
(392, 2939, 'picture', '2018-12-17 14:05:14', '2018-12-17 14:02:01', 5, 1, 'marosynewyjyhozigiby.jpg', '{\"3\":\"\",\"1\":\"\",\"14\":\"\"}'),
(393, 2939, 'picture', '2018-12-17 14:05:14', '2018-12-17 14:02:02', 6, 1, 'zowyterysylazapenemi.jpg', '{\"3\":\"\",\"1\":\"\",\"14\":\"\"}'),
(394, 2939, 'picture', '2018-12-17 14:05:14', '2018-12-17 14:02:02', 7, 1, 'wixubizyhinemyqolave.jpg', '{\"3\":\"\",\"1\":\"\",\"14\":\"\"}'),
(395, 2939, 'picture', '2018-12-17 14:05:14', '2018-12-17 14:02:02', 8, 1, 'zugyvyxusywyliwoxuca.jpg', '{\"3\":\"\",\"1\":\"\",\"14\":\"\"}'),
(397, 2939, 'picture', '2018-12-17 14:05:14', '2018-12-17 14:02:03', 10, 1, 'nyselewobuwehigekime.jpg', '{\"3\":\"\",\"1\":\"\",\"14\":\"\"}'),
(398, 2939, 'picture', '2018-12-17 14:05:15', '2018-12-17 14:02:03', 11, 1, 'xomujahygehizamotewy.jpg', '{\"3\":\"\",\"1\":\"\",\"14\":\"\"}'),
(399, 2939, 'picture', '2018-12-17 14:05:15', '2018-12-17 14:02:04', 12, 1, 'jonahusubufigejokylu.jpg', '{\"3\":\"\",\"1\":\"\",\"14\":\"\"}'),
(400, 2939, 'picture', '2018-12-17 14:05:15', '2018-12-17 14:02:04', 13, 1, 'rybumagaporavejypege.jpg', '{\"3\":\"\",\"1\":\"\",\"14\":\"\"}'),
(401, 2939, 'picture', '2018-12-17 14:05:15', '2018-12-17 14:02:04', 14, 1, 'dufowypezebigehojyqe.jpg', '{\"3\":\"\",\"1\":\"\",\"14\":\"\"}'),
(402, 2939, 'picture', '2018-12-17 14:05:15', '2018-12-17 14:02:05', 15, 1, 'xemysexewunivihihoro.jpg', '{\"3\":\"\",\"1\":\"\",\"14\":\"\"}'),
(403, 2939, 'picture', '2018-12-17 14:05:15', '2018-12-17 14:02:05', 16, 1, 'fesejoxocijapedewutu.jpg', '{\"3\":\"\",\"1\":\"\",\"14\":\"\"}'),
(404, 2939, 'picture', '2018-12-17 14:05:15', '2018-12-17 14:02:05', 17, 1, 'jisehumetuxyxucygiti.jpg', '{\"3\":\"\",\"1\":\"\",\"14\":\"\"}'),
(405, 2939, 'picture', '2018-12-17 14:05:15', '2018-12-17 14:02:06', 18, 1, 'vefuzizugemoryloryly.jpg', '{\"3\":\"\",\"1\":\"\",\"14\":\"\"}'),
(406, 2939, 'picture', '2018-12-17 14:05:15', '2018-12-17 14:02:06', 19, 1, 'nuxysymejypufadavufi.jpg', '{\"3\":\"\",\"1\":\"\",\"14\":\"\"}'),
(407, 2939, 'picture', '2018-12-17 14:05:15', '2018-12-17 14:02:06', 20, 1, 'qocukiwysufelyxebyze.jpg', '{\"3\":\"\",\"1\":\"\",\"14\":\"\"}'),
(408, 2939, 'picture', '2018-12-17 14:05:15', '2018-12-17 14:02:07', 21, 1, 'tywuhoziwidezuveqawu.jpg', '{\"3\":\"\",\"1\":\"\",\"14\":\"\"}'),
(409, 2939, 'picture', '2018-12-17 14:05:15', '2018-12-17 14:02:07', 22, 1, 'jizewamahyduceqolaci.jpg', '{\"3\":\"\",\"1\":\"\",\"14\":\"\"}'),
(410, 2939, 'picture', '2018-12-17 14:05:15', '2018-12-17 14:02:07', 23, 1, 'cavukyzemorubegehiji.jpg', '{\"3\":\"\",\"1\":\"\",\"14\":\"\"}'),
(411, 2939, 'picture', '2018-12-17 14:05:15', '2018-12-17 14:02:08', 24, 1, 'sakogefudihytasuxacu.jpg', '{\"3\":\"\",\"1\":\"\",\"14\":\"\"}'),
(416, 2938, 'picture', '2018-12-17 14:04:05', '2018-12-17 14:03:40', 29, 1, 'ginesapozekerafykybi.jpg', '{\"3\":\"\",\"1\":\"\",\"14\":\"\"}'),
(417, 2938, 'picture', '2018-12-17 14:04:19', '2018-12-17 14:04:01', 30, 1, 'hoxuzazylamygowyxoza.jpg', '{\"3\":\"\",\"1\":\"\",\"14\":\"\"}'),
(419, 2938, 'picture', '2018-12-17 14:04:19', '2018-12-17 14:04:03', 32, 1, 'dadycuhyxovihoqorazy.jpg', '{\"3\":\"\",\"1\":\"\",\"14\":\"\"}'),
(421, 2938, 'picture', '2018-12-17 14:04:19', '2018-12-17 14:04:04', 34, 1, 'tozepiqogotudafaguse.jpg', '{\"3\":\"\",\"1\":\"\",\"14\":\"\"}'),
(422, 2938, 'picture', '2018-12-17 14:04:19', '2018-12-17 14:04:04', 35, 1, 'lywejohaligimikipadu.jpg', '{\"3\":\"\",\"1\":\"\",\"14\":\"\"}'),
(423, 2942, 'picture', '2018-12-17 14:27:11', '2018-12-17 14:26:54', 1, 1, 'zyjetilosugokeqykipo.jpg', '{\"1\":\"\"}'),
(424, 2942, 'picture', '2018-12-17 14:27:11', '2018-12-17 14:26:55', 2, 1, 'vyrezypijykyhotupavu.jpg', '{\"1\":\"\"}'),
(425, 2942, 'picture', '2018-12-17 14:27:11', '2018-12-17 14:26:55', 3, 1, 'rajynyfikyrowylykolo.jpg', '{\"1\":\"\"}'),
(426, 2942, 'picture', '2018-12-17 14:27:11', '2018-12-17 14:26:56', 4, 1, 'sodaredaxejixetuwyne.jpg', '{\"1\":\"\"}'),
(428, 2942, 'picture', '2018-12-17 14:27:11', '2018-12-17 14:26:57', 6, 1, 'zyperizavecigimijiji.jpg', '{\"1\":\"\"}'),
(429, 2942, 'picture', '2018-12-17 14:27:11', '2018-12-17 14:26:57', 7, 1, 'botikafycapikyludiqy.jpg', '{\"1\":\"\"}'),
(431, 2942, 'picture', '2018-12-17 14:27:57', '2018-12-17 14:27:31', 9, 1, 'fesyfynawagimejekoku.jpg', '{\"1\":\"\"}'),
(432, 2942, 'picture', '2018-12-17 14:27:57', '2018-12-17 14:27:31', 10, 1, 'woqexisekosagigavobe.jpg', '{\"1\":\"\"}'),
(433, 2942, 'picture', '2018-12-17 14:27:57', '2018-12-17 14:27:31', 11, 1, 'rapudufyvunawyfegimi.jpg', '{\"1\":\"\"}'),
(434, 2942, 'picture', '2018-12-17 14:27:57', '2018-12-17 14:27:32', 12, 1, 'qedopuruxavopowejinu.jpg', '{\"1\":\"\"}'),
(435, 2942, 'picture', '2018-12-17 14:27:57', '2018-12-17 14:27:32', 13, 1, 'noluxeqogejekoryzypu.jpg', '{\"1\":\"\"}'),
(436, 2942, 'picture', '2018-12-17 14:27:57', '2018-12-17 14:27:32', 14, 1, 'duresipiqozyzipycehu.jpg', '{\"1\":\"\"}'),
(437, 2942, 'picture', '2018-12-17 14:27:57', '2018-12-17 14:27:33', 15, 1, 'xabuhyjamysudigehojo.jpg', '{\"1\":\"\"}'),
(438, 2942, 'picture', '2018-12-17 14:27:57', '2018-12-17 14:27:33', 16, 1, 'cihanunukucavudafini.jpg', '{\"1\":\"\"}'),
(439, 2942, 'picture', '2018-12-17 14:27:57', '2018-12-17 14:27:33', 17, 1, 'cigikyjufafolivolavi.jpg', '{\"1\":\"\"}'),
(440, 2942, 'picture', '2018-12-17 14:27:57', '2018-12-17 14:27:34', 18, 1, 'vyxyfanewyzawutadasa.jpg', '{\"1\":\"\"}'),
(441, 2942, 'picture', '2018-12-17 14:27:57', '2018-12-17 14:27:34', 19, 1, 'napukewopekypeqopytu.jpg', '{\"1\":\"\"}'),
(442, 2942, 'picture', '2018-12-17 14:27:57', '2018-12-17 14:27:34', 20, 1, 'kiposijekyxagihykopu.jpg', '{\"1\":\"\"}'),
(443, 2942, 'picture', '2018-12-17 14:27:57', '2018-12-17 14:27:35', 21, 1, 'wavakugikytoratavuva.jpg', '{\"1\":\"\"}'),
(444, 2942, 'picture', '2018-12-17 14:27:57', '2018-12-17 14:27:35', 22, 1, 'pugydigikonydehowole.jpg', '{\"1\":\"\"}'),
(445, 2942, 'picture', '2018-12-17 14:27:57', '2018-12-17 14:27:35', 23, 1, 'pezazysikupezevinewe.jpg', '{\"1\":\"\"}'),
(446, 2942, 'picture', '2018-12-17 14:27:57', '2018-12-17 14:27:36', 24, 1, 'tehycodusekaboxinupa.jpg', '{\"1\":\"\"}'),
(447, 2942, 'picture', '2018-12-17 14:27:57', '2018-12-17 14:27:36', 25, 1, 'vasynajosirasuxosusi.jpg', '{\"1\":\"\"}'),
(448, 2942, 'picture', '2018-12-17 14:27:57', '2018-12-17 14:27:36', 26, 1, 'qakuqudopugihigememe.jpg', '{\"1\":\"\"}'),
(449, 2942, 'picture', '2018-12-17 14:27:57', '2018-12-17 14:27:37', 27, 1, 'sekobygerycucadubemi.jpg', '{\"1\":\"\"}'),
(450, 2942, 'picture', '2018-12-17 14:27:57', '2018-12-17 14:27:37', 28, 1, 'kucoqahytadudafigije.jpg', '{\"1\":\"\"}'),
(451, 2942, 'picture', '2018-12-17 14:27:57', '2018-12-17 14:27:37', 29, 1, 'xifagozasugovijotupa.jpg', '{\"1\":\"\"}'),
(452, 2942, 'picture', '2018-12-17 14:27:57', '2018-12-17 14:27:38', 30, 1, 'vexivezehomyjyrafipu.jpg', '{\"1\":\"\"}'),
(453, 2942, 'picture', '2018-12-17 14:27:57', '2018-12-17 14:27:38', 31, 1, 'tafodikelywabuhesyka.jpg', '{\"1\":\"\"}'),
(454, 2942, 'picture', '2018-12-17 14:27:57', '2018-12-17 14:27:38', 32, 1, 'rihodedujuwozudufimo.jpg', '{\"1\":\"\"}'),
(455, 2942, 'picture', '2018-12-17 14:27:57', '2018-12-17 14:27:39', 33, 1, 'jyqosyqifisymunilivy.jpg', '{\"1\":\"\"}'),
(456, 2942, 'picture', '2018-12-17 14:27:57', '2018-12-17 14:27:39', 34, 1, 'tebulumejywylyzyboka.jpg', '{\"1\":\"\"}'),
(457, 2942, 'picture', '2018-12-17 14:27:57', '2018-12-17 14:27:39', 35, 1, 'jicawyfisibitihimero.jpg', '{\"1\":\"\"}'),
(462, 1951, 'photos', '2019-02-06 13:30:48', '2019-01-07 10:45:54', 3, 1, 'pyhitubejopogivifiho.jpg', '{\"3\":\"\",\"1\":\"\",\"14\":\"\",\"video\":\"\"}'),
(464, 2051, 'photos', '2019-02-06 13:31:39', '2019-01-07 11:30:05', 1, 1, 'sudalusomycufegiheji.jpg', '{\"3\":\"\",\"1\":\"\",\"14\":\"\",\"video\":\"\"}'),
(465, 2051, 'photos', '2019-02-06 13:31:39', '2019-01-07 11:30:06', 2, 1, 'pobizazylopacuvufaza.jpg', '{\"3\":\"\",\"1\":\"\",\"14\":\"\",\"video\":\"\"}'),
(466, 2051, 'photos', '2019-02-06 13:31:39', '2019-01-07 11:30:06', 3, 1, 'fomybusewyhacuvunemo.jpg', '{\"3\":\"\",\"1\":\"\",\"14\":\"\",\"video\":\"\"}'),
(467, 2051, 'photos', '2019-02-06 13:31:39', '2019-01-07 11:30:06', 4, 1, 'lujybywafunuvecokojy.jpg', '{\"3\":\"\",\"1\":\"\",\"14\":\"\",\"video\":\"\"}'),
(468, 2051, 'photos', '2019-02-06 13:31:39', '2019-01-07 11:30:07', 5, 1, 'mowagufocaporuveqypa.jpg', '{\"3\":\"\",\"1\":\"\",\"14\":\"\",\"video\":\"\"}'),
(469, 2051, 'photos', '2019-02-06 13:31:39', '2019-01-07 11:30:07', 6, 1, 'nijajyrugacikacopovo.jpg', '{\"3\":\"\",\"1\":\"\",\"14\":\"\",\"video\":\"\"}'),
(470, 2051, 'photos', '2019-02-06 13:31:39', '2019-01-07 11:30:07', 7, 1, 'dywaxiwevogynajedyho.jpg', '{\"3\":\"\",\"1\":\"\",\"14\":\"\",\"video\":\"\"}'),
(471, 2051, 'photos', '2019-02-06 13:31:39', '2019-01-07 11:30:08', 8, 1, 'hihabitamyhomurowita.jpg', '{\"3\":\"\",\"1\":\"\",\"14\":\"\",\"video\":\"\"}'),
(472, 2051, 'photos', '2019-02-06 13:31:39', '2019-01-07 11:30:08', 9, 1, 'bujovufaweradiwuciku.jpg', '{\"3\":\"\",\"1\":\"\",\"14\":\"\",\"video\":\"\"}'),
(473, 2051, 'photos', '2019-02-06 13:31:39', '2019-01-07 11:30:08', 10, 1, 'nuxaculekilyrasynyqi.jpg', '{\"3\":\"\",\"1\":\"\",\"14\":\"\",\"video\":\"\"}'),
(474, 2051, 'photos', '2019-02-06 13:31:39', '2019-01-07 11:30:09', 11, 1, 'vybywepenytasinyrosi.jpg', '{\"3\":\"\",\"1\":\"\",\"14\":\"\",\"video\":\"\"}'),
(475, 2051, 'photos', '2019-02-06 13:31:39', '2019-01-07 11:30:09', 12, 1, 'mewydosadodigotusigo.jpg', '{\"3\":\"\",\"1\":\"\",\"14\":\"\",\"video\":\"\"}'),
(476, 2051, 'photos', '2019-02-06 13:31:39', '2019-01-07 11:30:10', 13, 1, 'foqelijovyjuwepofefy.jpg', '{\"3\":\"\",\"1\":\"\",\"14\":\"\",\"video\":\"\"}'),
(477, 2051, 'photos', '2019-02-06 13:31:39', '2019-01-07 11:30:10', 14, 1, 'cabunylokohetenilegu.jpg', '{\"3\":\"\",\"1\":\"\",\"14\":\"\",\"video\":\"\"}'),
(478, 2051, 'photos', '2019-02-06 13:31:39', '2019-01-07 11:30:10', 15, 1, 'qowamedosagyxegoroci.jpg', '{\"3\":\"\",\"1\":\"\",\"14\":\"\",\"video\":\"\"}'),
(479, 2051, 'photos', '2019-02-06 13:31:39', '2019-01-07 11:30:11', 16, 1, 'luvozyjydyzyfyzitumy.jpg', '{\"3\":\"\",\"1\":\"\",\"14\":\"\",\"video\":\"\"}'),
(480, 2051, 'photos', '2019-02-06 13:31:39', '2019-01-07 11:30:11', 17, 1, 'julesapafawekonowera.jpg', '{\"3\":\"\",\"1\":\"\",\"14\":\"\",\"video\":\"\"}'),
(481, 2051, 'photos', '2019-02-06 13:31:39', '2019-01-07 11:30:11', 18, 1, 'nyfebapumykobawunase.jpg', '{\"3\":\"\",\"1\":\"\",\"14\":\"\",\"video\":\"\"}'),
(482, 2051, 'photos', '2019-02-06 13:31:39', '2019-01-07 11:30:12', 19, 1, 'nymexuhixihuciloziqi.jpg', '{\"3\":\"\",\"1\":\"\",\"14\":\"\",\"video\":\"\"}'),
(487, 2083, 'photos', '2019-02-06 13:32:36', '2019-01-07 11:43:37', 5, 1, 'popawojixysesidicoru.jpg', '{\"3\":\"\",\"1\":\"\",\"14\":\"\",\"video\":\"\"}'),
(488, 2083, 'photos', '2019-02-06 13:32:36', '2019-01-07 11:43:37', 6, 1, 'bilyzazocoruqucewefa.jpg', '{\"3\":\"\",\"1\":\"\",\"14\":\"\",\"video\":\"\"}'),
(490, 2989, 'picture', '2019-01-11 15:03:41', '2019-01-11 15:01:06', 1, 1, 'wugapuvozicacuxucuvu.jpg', '{\"1\":\"\"}'),
(491, 2989, 'picture', '2019-01-11 15:03:41', '2019-01-11 15:01:07', 2, 1, 'kafohyzujujaqybigimi.jpg', '{\"1\":\"\"}'),
(493, 2989, 'picture', '2019-01-11 15:03:41', '2019-01-11 15:01:08', 4, 1, 'zozijocumewyryzemije.jpg', '{\"1\":\"\"}'),
(495, 2989, 'picture', '2019-01-11 15:03:41', '2019-01-11 15:01:08', 6, 1, 'webysumaputihiqylazy.jpg', '{\"1\":\"\"}'),
(496, 2989, 'picture', '2019-01-11 15:03:41', '2019-01-11 15:01:09', 7, 1, 'levoxatonocekasikydy.jpg', '{\"1\":\"\"}'),
(497, 2989, 'picture', '2019-01-11 15:03:41', '2019-01-11 15:01:09', 8, 1, 'bukuperebimuhoryrihi.jpg', '{\"1\":\"\"}'),
(498, 2989, 'picture', '2019-01-11 15:03:41', '2019-01-11 15:01:10', 9, 1, 'gylosyredapowucequxu.jpg', '{\"1\":\"\"}'),
(499, 2989, 'picture', '2019-01-11 15:03:41', '2019-01-11 15:01:10', 10, 1, 'lasujisufiwajedyqaxi.jpg', '{\"1\":\"\"}'),
(500, 2989, 'picture', '2019-01-11 15:03:41', '2019-01-11 15:01:11', 11, 1, 'qukuwosufeniqokapuqa.jpg', '{\"1\":\"\"}'),
(501, 2989, 'picture', '2019-01-11 15:03:41', '2019-01-11 15:01:11', 12, 1, 'lojogemubexehisinebi.jpg', '{\"1\":\"\"}'),
(502, 2989, 'picture', '2019-01-11 15:03:41', '2019-01-11 15:01:12', 13, 1, 'zyrekabewoxasapyneko.jpg', '{\"1\":\"\"}'),
(503, 2989, 'picture', '2019-01-11 15:03:41', '2019-01-11 15:01:12', 14, 1, 'xubogajomozevinehoqy.jpg', '{\"1\":\"\"}'),
(504, 2989, 'picture', '2019-01-11 15:03:41', '2019-01-11 15:01:13', 15, 1, 'tawibesyvexavabenimi.jpg', '{\"1\":\"\"}'),
(505, 2989, 'picture', '2019-01-11 15:03:41', '2019-01-11 15:01:13', 16, 1, 'tiwunyxerafywacaxemu.jpg', '{\"1\":\"\"}'),
(506, 2989, 'picture', '2019-01-11 15:03:41', '2019-01-11 15:01:14', 17, 1, 'wufysilafimokolasube.jpg', '{\"1\":\"\"}'),
(508, 2989, 'picture', '2019-01-11 15:03:41', '2019-01-11 15:01:14', 19, 1, 'rikyjasotemowylucaxe.jpg', '{\"1\":\"\"}'),
(509, 2989, 'picture', '2019-01-11 15:03:41', '2019-01-11 15:01:15', 20, 1, 'zuvukocekabawigyribu.jpg', '{\"1\":\"\"}'),
(510, 2989, 'picture', '2019-01-11 15:03:41', '2019-01-11 15:01:15', 21, 1, 'wapugihigozajegycugu.jpg', '{\"1\":\"\"}'),
(511, 2989, 'picture', '2019-01-11 15:03:41', '2019-01-11 15:01:16', 22, 1, 'lyhawikanekoqiqihiqe.jpg', '{\"1\":\"\"}'),
(512, 2989, 'picture', '2019-01-11 15:03:41', '2019-01-11 15:01:16', 23, 1, 'zonohazawifuvojadeqo.jpg', '{\"1\":\"\"}'),
(513, 1107, 'photos', '2019-02-06 14:07:08', '2019-01-17 09:18:22', 1, 1, 'jukarekakezykylopusi.jpg', '{\"3\":\"\",\"1\":\"\",\"14\":\"\",\"video\":\"\"}'),
(514, 1107, 'photos', '2019-02-06 14:07:08', '2019-01-17 09:18:23', 2, 1, 'nopipamekotosamitibu.jpg', '{\"3\":\"\",\"1\":\"\",\"14\":\"\",\"video\":\"\"}'),
(515, 1107, 'photos', '2019-02-06 14:07:08', '2019-01-17 09:18:23', 3, 1, 'wyjeqagybewyryzypaze.jpg', '{\"3\":\"\",\"1\":\"\",\"14\":\"\",\"video\":\"\"}'),
(516, 1107, 'photos', '2019-02-06 14:07:08', '2019-01-17 09:18:23', 4, 1, 'jewukocodibozenykace.jpg', '{\"3\":\"\",\"1\":\"\",\"14\":\"\",\"video\":\"\"}'),
(517, 1107, 'photos', '2019-02-06 14:07:08', '2019-01-17 09:18:24', 5, 1, 'rylitiqukagivyjykoly.jpg', '{\"3\":\"\",\"1\":\"\",\"14\":\"\",\"video\":\"\"}'),
(518, 1107, 'photos', '2019-02-06 14:07:08', '2019-01-17 09:18:24', 6, 1, 'tavufecybezopejudeni.jpg', '{\"3\":\"\",\"1\":\"\",\"14\":\"\",\"video\":\"\"}'),
(519, 1107, 'photos', '2019-02-06 14:07:08', '2019-01-17 09:18:24', 7, 1, 'bytexasucusidifogujy.jpg', '{\"3\":\"\",\"1\":\"\",\"14\":\"\",\"video\":\"\"}'),
(520, 1107, 'photos', '2019-02-06 14:07:08', '2019-01-17 09:18:24', 8, 1, 'wemijabijomacihatebu.jpg', '{\"3\":\"\",\"1\":\"\",\"14\":\"\",\"video\":\"\"}'),
(521, 1107, 'photos', '2019-02-06 14:07:08', '2019-01-17 09:18:25', 9, 1, 'mefesewovyjatabyjiby.jpg', '{\"3\":\"\",\"1\":\"\",\"14\":\"\",\"video\":\"\"}'),
(522, 1107, 'photos', '2019-02-06 14:07:08', '2019-01-17 09:18:25', 10, 1, 'syderycapotafetaxidi.jpg', '{\"3\":\"\",\"1\":\"\",\"14\":\"\",\"video\":\"\"}'),
(523, 1107, 'photos', '2019-02-06 14:07:08', '2019-01-17 09:18:25', 11, 1, 'woqosoxowobozebemaby.jpg', '{\"3\":\"\",\"1\":\"\",\"14\":\"\",\"video\":\"\"}'),
(524, 1107, 'photos', '2019-02-06 14:07:08', '2019-01-17 09:18:26', 12, 1, 'hunydiruhamihasamafy.jpg', '{\"3\":\"\",\"1\":\"\",\"14\":\"\",\"video\":\"\"}'),
(525, 1107, 'photos', '2019-02-06 14:07:08', '2019-01-17 09:18:26', 13, 1, 'suwikylycalunilijehe.jpg', '{\"3\":\"\",\"1\":\"\",\"14\":\"\",\"video\":\"\"}'),
(526, 1107, 'photos', '2019-02-06 14:07:08', '2019-01-17 09:18:26', 14, 1, 'daregykuniworylytobe.jpg', '{\"3\":\"\",\"1\":\"\",\"14\":\"\",\"video\":\"\"}'),
(527, 1107, 'photos', '2019-02-06 14:07:08', '2019-01-17 09:18:27', 15, 1, 'sozeluvybikyxiguhyzo.jpg', '{\"3\":\"\",\"1\":\"\",\"14\":\"\",\"video\":\"\"}'),
(528, 1107, 'photos', '2019-02-06 14:07:08', '2019-01-17 09:18:27', 16, 1, 'gyrunehususefogusuvy.jpg', '{\"3\":\"\",\"1\":\"\",\"14\":\"\",\"video\":\"\"}'),
(529, 1103, 'photos', '2019-02-06 14:06:47', '2019-01-17 09:27:07', 1, 1, 'fyhidamesysosobeneku.jpg', '{\"3\":\"\",\"1\":\"\",\"14\":\"\",\"video\":\"\"}'),
(530, 1103, 'photos', '2019-02-06 14:06:48', '2019-01-17 09:27:08', 2, 1, 'tibudomiqoxenopinyre.jpg', '{\"3\":\"\",\"1\":\"\",\"14\":\"\",\"video\":\"\"}'),
(531, 1103, 'photos', '2019-02-06 14:06:48', '2019-01-17 09:27:08', 3, 1, 'beguvezipexuhuseqaxe.jpg', '{\"3\":\"\",\"1\":\"\",\"14\":\"\",\"video\":\"\"}'),
(532, 1103, 'photos', '2019-02-06 14:06:48', '2019-01-17 09:27:08', 4, 1, 'kuqutivuzykucivinimy.jpg', '{\"3\":\"\",\"1\":\"\",\"14\":\"\",\"video\":\"\"}'),
(533, 1103, 'photos', '2019-02-06 14:06:48', '2019-01-17 09:27:09', 5, 1, 'fydebupecyvecumolyxa.jpg', '{\"3\":\"\",\"1\":\"\",\"14\":\"\",\"video\":\"\"}'),
(534, 1103, 'photos', '2019-02-06 14:06:48', '2019-01-17 09:27:09', 6, 1, 'muvabinafydysekusimu.jpg', '{\"3\":\"\",\"1\":\"\",\"14\":\"\",\"video\":\"\"}'),
(535, 1103, 'photos', '2019-02-06 14:06:48', '2019-01-17 09:27:09', 7, 1, 'qapytiduqyvebawijupe.jpg', '{\"3\":\"\",\"1\":\"\",\"14\":\"\",\"video\":\"\"}'),
(536, 1103, 'photos', '2019-02-06 14:06:48', '2019-01-17 09:27:09', 8, 1, 'fefovyhituducoxegebu.jpg', '{\"3\":\"\",\"1\":\"\",\"14\":\"\",\"video\":\"\"}'),
(537, 1103, 'photos', '2019-02-06 14:06:48', '2019-01-17 09:27:10', 9, 1, 'mywepejewerytytekito.jpg', '{\"3\":\"\",\"1\":\"\",\"14\":\"\",\"video\":\"\"}'),
(538, 1103, 'photos', '2019-02-06 14:06:48', '2019-01-17 09:27:10', 10, 1, 'qimavurawoqikudewudy.jpg', '{\"3\":\"\",\"1\":\"\",\"14\":\"\",\"video\":\"\"}'),
(539, 1103, 'photos', '2019-02-06 14:06:48', '2019-01-17 09:27:10', 11, 1, 'qynivosyjykabunypeny.jpg', '{\"3\":\"\",\"1\":\"\",\"14\":\"\",\"video\":\"\"}'),
(540, 1103, 'photos', '2019-02-06 14:06:48', '2019-01-17 09:27:11', 12, 1, 'cikexazikinahatemoza.jpg', '{\"3\":\"\",\"1\":\"\",\"14\":\"\",\"video\":\"\"}'),
(541, 1103, 'photos', '2019-02-06 14:06:48', '2019-01-17 09:27:11', 13, 1, 'fufikahycorigyravola.jpg', '{\"3\":\"\",\"1\":\"\",\"14\":\"\",\"video\":\"\"}'),
(542, 1103, 'photos', '2019-02-06 14:06:48', '2019-01-17 09:27:11', 14, 1, 'werukixehemyjeporylu.jpg', '{\"3\":\"\",\"1\":\"\",\"14\":\"\",\"video\":\"\"}'),
(543, 1103, 'photos', '2019-02-06 14:06:48', '2019-01-17 09:27:12', 15, 1, 'dywyjezycegopacufeda.jpg', '{\"3\":\"\",\"1\":\"\",\"14\":\"\",\"video\":\"\"}'),
(544, 1103, 'photos', '2019-02-06 14:06:48', '2019-01-17 09:27:12', 16, 1, 'soribewadikufywabiku.jpg', '{\"3\":\"\",\"1\":\"\",\"14\":\"\",\"video\":\"\"}'),
(545, 1099, 'photos', '2019-02-06 14:06:34', '2019-01-17 09:32:12', 1, 1, 'bulotimeqejinykakacu.jpg', '{\"3\":\"\",\"1\":\"\",\"14\":\"\",\"video\":\"\"}');
INSERT INTO `module_blocks_photogallery` (`id`, `pid`, `field`, `updated`, `created`, `order_id`, `visible`, `filename`, `about`) VALUES
(546, 1099, 'photos', '2019-02-06 14:06:34', '2019-01-17 09:32:12', 2, 1, 'hytolikerugyxanatufy.jpg', '{\"3\":\"\",\"1\":\"\",\"14\":\"\",\"video\":\"\"}'),
(547, 1099, 'photos', '2019-02-06 14:06:34', '2019-01-17 09:32:12', 3, 1, 'quryzivorizuvizipozu.jpg', '{\"3\":\"\",\"1\":\"\",\"14\":\"\",\"video\":\"\"}'),
(548, 1099, 'photos', '2019-02-06 14:06:34', '2019-01-17 09:32:13', 4, 1, 'xanokoseteqyhofoluby.jpg', '{\"3\":\"\",\"1\":\"\",\"14\":\"\",\"video\":\"\"}'),
(549, 1099, 'photos', '2019-02-06 14:06:34', '2019-01-17 09:32:13', 5, 1, 'catawumavememyjiwyro.jpg', '{\"3\":\"\",\"1\":\"\",\"14\":\"\",\"video\":\"\"}'),
(550, 1099, 'photos', '2019-02-06 14:06:34', '2019-01-17 09:32:13', 6, 1, 'kuketeweluxehykucoqy.jpg', '{\"3\":\"\",\"1\":\"\",\"14\":\"\",\"video\":\"\"}'),
(551, 1099, 'photos', '2019-02-06 14:06:34', '2019-01-17 09:32:13', 7, 1, 'fixosarerimilifotuxe.jpg', '{\"3\":\"\",\"1\":\"\",\"14\":\"\",\"video\":\"\"}'),
(552, 1099, 'photos', '2019-02-06 14:06:34', '2019-01-17 09:32:14', 8, 1, 'hanypesuxelezeruqopu.jpg', '{\"3\":\"\",\"1\":\"\",\"14\":\"\",\"video\":\"\"}'),
(553, 1099, 'photos', '2019-02-06 14:06:34', '2019-01-17 09:32:14', 9, 1, 'womozekoxymejycinyle.jpg', '{\"3\":\"\",\"1\":\"\",\"14\":\"\",\"video\":\"\"}'),
(554, 1099, 'photos', '2019-02-06 14:06:34', '2019-01-17 09:32:14', 10, 1, 'maxiloxozehuqolenoxi.jpg', '{\"3\":\"\",\"1\":\"\",\"14\":\"\",\"video\":\"\"}'),
(555, 1099, 'photos', '2019-02-06 14:06:34', '2019-01-17 09:32:15', 11, 1, 'zuxyrojuhoryzacaduji.jpg', '{\"3\":\"\",\"1\":\"\",\"14\":\"\",\"video\":\"\"}'),
(556, 1099, 'photos', '2019-02-06 14:06:34', '2019-01-17 09:32:15', 12, 1, 'jujugogitytubykefita.jpg', '{\"3\":\"\",\"1\":\"\",\"14\":\"\",\"video\":\"\"}'),
(557, 1099, 'photos', '2019-02-06 14:06:34', '2019-01-17 09:32:15', 13, 1, 'salylikudusadefemujy.jpg', '{\"3\":\"\",\"1\":\"\",\"14\":\"\",\"video\":\"\"}'),
(558, 1099, 'photos', '2019-02-06 14:06:34', '2019-01-17 09:32:15', 14, 1, 'xifujijodafotibywabi.jpg', '{\"3\":\"\",\"1\":\"\",\"14\":\"\",\"video\":\"\"}'),
(559, 1099, 'photos', '2019-02-06 14:06:34', '2019-01-17 09:32:16', 15, 1, 'qapotedekavovycydimy.jpg', '{\"3\":\"\",\"1\":\"\",\"14\":\"\",\"video\":\"\"}'),
(560, 1099, 'photos', '2019-02-06 14:06:34', '2019-01-17 09:32:16', 16, 1, 'vepexanokefasobesida.jpg', '{\"3\":\"\",\"1\":\"\",\"14\":\"\",\"video\":\"\"}'),
(561, 1099, 'plan', '2019-02-06 14:06:34', '2019-01-17 09:34:11', 1, 1, 'cykubysysufytafudowa.jpg', '{\"3\":\"\",\"1\":\"\",\"14\":\"\",\"video\":\"\"}'),
(562, 1099, 'plan', '2019-02-06 14:06:34', '2019-01-17 09:34:11', 2, 1, 'dulogubejudevijiwyky.jpg', '{\"3\":\"\",\"1\":\"\",\"14\":\"\",\"video\":\"\"}'),
(563, 1103, 'plan', '2019-02-06 14:06:48', '2019-01-17 09:36:17', 1, 1, 'gygycopuhygysigucuka.jpg', '{\"3\":\"\",\"1\":\"\",\"14\":\"\",\"video\":\"\"}'),
(564, 1103, 'plan', '2019-02-06 14:06:48', '2019-01-17 09:36:18', 2, 1, 'memywanoxequxiqoxeky.jpg', '{\"3\":\"\",\"1\":\"\",\"14\":\"\",\"video\":\"\"}'),
(565, 1099, 'plan', '2019-02-06 14:06:34', '2019-01-17 09:41:30', 3, 1, 'sigiqetumykaxypecude.jpg', '{\"3\":\"\",\"1\":\"\",\"14\":\"\",\"video\":\"\"}'),
(566, 1099, 'plan', '2019-02-06 14:06:34', '2019-01-17 09:41:30', 4, 1, 'porikomyvarelylituxu.jpg', '{\"3\":\"\",\"1\":\"\",\"14\":\"\",\"video\":\"\"}'),
(567, 1103, 'plan', '2019-02-06 14:06:48', '2019-01-17 09:42:06', 3, 1, 'tuvihejefegihijiwojy.jpg', '{\"3\":\"\",\"1\":\"\",\"14\":\"\",\"video\":\"\"}'),
(568, 1103, 'plan', '2019-02-06 14:06:48', '2019-01-17 09:42:06', 4, 1, 'dadymyciracabiwehywy.jpg', '{\"3\":\"\",\"1\":\"\",\"14\":\"\",\"video\":\"\"}'),
(569, 1107, 'plan', '2019-02-06 14:07:08', '2019-01-17 09:42:53', 1, 1, 'licekumekabiwucemuza.jpg', '{\"3\":\"\",\"1\":\"\",\"14\":\"\",\"video\":\"\"}'),
(570, 1107, 'plan', '2019-02-06 14:07:08', '2019-01-17 09:42:53', 2, 1, 'himanifaluxibunilyxo.jpg', '{\"3\":\"\",\"1\":\"\",\"14\":\"\",\"video\":\"\"}'),
(571, 1095, 'photos', '2019-02-06 14:06:22', '2019-01-17 09:47:03', 1, 1, 'gewitakynanokagyroxy.jpg', '{\"3\":\"\",\"1\":\"\",\"14\":\"\",\"video\":\"\"}'),
(572, 1095, 'photos', '2019-02-06 14:06:22', '2019-01-17 09:47:03', 2, 1, 'rebikylerydoxytarozu.jpg', '{\"3\":\"\",\"1\":\"\",\"14\":\"\",\"video\":\"\"}'),
(573, 1095, 'photos', '2019-02-06 14:06:22', '2019-01-17 09:47:03', 3, 1, 'cypofojizepimodehati.jpg', '{\"3\":\"\",\"1\":\"\",\"14\":\"\",\"video\":\"\"}'),
(574, 1095, 'photos', '2019-02-06 14:06:22', '2019-01-17 09:47:04', 4, 1, 'bikukotepywafotubosa.jpg', '{\"3\":\"\",\"1\":\"\",\"14\":\"\",\"video\":\"\"}'),
(575, 1095, 'photos', '2019-02-06 14:06:22', '2019-01-17 09:47:04', 5, 1, 'howecubizyvusuvojavo.jpg', '{\"3\":\"\",\"1\":\"\",\"14\":\"\",\"video\":\"\"}'),
(576, 1095, 'photos', '2019-02-06 14:06:22', '2019-01-17 09:47:04', 6, 1, 'jovopufekyfylifylide.jpg', '{\"3\":\"\",\"1\":\"\",\"14\":\"\",\"video\":\"\"}'),
(577, 1095, 'photos', '2019-02-06 14:06:22', '2019-01-17 09:47:04', 7, 1, 'finamelatobycydufejy.jpg', '{\"3\":\"\",\"1\":\"\",\"14\":\"\",\"video\":\"\"}'),
(578, 1095, 'photos', '2019-02-06 14:06:22', '2019-01-17 09:47:05', 8, 1, 'jujuxegagutemavemati.jpg', '{\"3\":\"\",\"1\":\"\",\"14\":\"\",\"video\":\"\"}'),
(579, 1095, 'photos', '2019-02-06 14:06:22', '2019-01-17 09:47:05', 9, 1, 'moxaguwujotupuvegiky.jpg', '{\"3\":\"\",\"1\":\"\",\"14\":\"\",\"video\":\"\"}'),
(580, 1095, 'photos', '2019-02-06 14:06:22', '2019-01-17 09:47:05', 10, 1, 'hutakuroregagavefehi.jpg', '{\"3\":\"\",\"1\":\"\",\"14\":\"\",\"video\":\"\"}'),
(581, 1095, 'photos', '2019-02-06 14:06:22', '2019-01-17 09:47:06', 11, 1, 'qenijysofyxocydoxopu.jpg', '{\"3\":\"\",\"1\":\"\",\"14\":\"\",\"video\":\"\"}'),
(582, 1095, 'photos', '2019-02-06 14:06:22', '2019-01-17 09:47:06', 12, 1, 'finujizizopihufydafo.jpg', '{\"3\":\"\",\"1\":\"\",\"14\":\"\",\"video\":\"\"}'),
(583, 1095, 'photos', '2019-02-06 14:06:22', '2019-01-17 09:47:06', 13, 1, 'kocujatoforenolevyru.jpg', '{\"3\":\"\",\"1\":\"\",\"14\":\"\",\"video\":\"\"}'),
(584, 1095, 'plan', '2019-02-06 14:06:22', '2019-01-17 09:47:47', 1, 1, 'denyrodavejokolyxucu.jpg', '{\"3\":\"\",\"1\":\"\",\"14\":\"\",\"video\":\"\"}'),
(585, 1095, 'plan', '2019-02-06 14:06:22', '2019-01-17 09:47:47', 2, 1, 'rehobyqekubokaqabote.jpg', '{\"3\":\"\",\"1\":\"\",\"14\":\"\",\"video\":\"\"}'),
(586, 1095, 'plan', '2019-02-06 14:06:22', '2019-01-17 09:47:48', 3, 1, 'cikelunujademinijewy.jpg', '{\"3\":\"\",\"1\":\"\",\"14\":\"\",\"video\":\"\"}'),
(587, 1095, 'plan', '2019-02-06 14:06:22', '2019-01-17 09:47:48', 4, 1, 'byjikujixiquvejyxiga.jpg', '{\"3\":\"\",\"1\":\"\",\"14\":\"\",\"video\":\"\"}'),
(588, 1091, 'photos', '2019-02-06 14:06:06', '2019-01-17 09:51:37', 1, 1, 'maxyvoragavoqereqale.jpg', '{\"3\":\"\",\"1\":\"\",\"14\":\"\",\"video\":\"\"}'),
(589, 1091, 'photos', '2019-02-06 14:06:06', '2019-01-17 09:51:38', 2, 1, 'rucamisoxolifyterasi.jpg', '{\"3\":\"\",\"1\":\"\",\"14\":\"\",\"video\":\"\"}'),
(590, 1091, 'photos', '2019-02-06 14:06:06', '2019-01-17 09:51:38', 3, 1, 'mylupibygytunopuqywa.jpg', '{\"3\":\"\",\"1\":\"\",\"14\":\"\",\"video\":\"\"}'),
(591, 1091, 'photos', '2019-02-06 14:06:06', '2019-01-17 09:51:38', 4, 1, 'tigiwybitudotadonyru.jpg', '{\"3\":\"\",\"1\":\"\",\"14\":\"\",\"video\":\"\"}'),
(592, 1091, 'photos', '2019-02-06 14:06:06', '2019-01-17 09:51:39', 5, 1, 'zyvokacodatavorabyku.jpg', '{\"3\":\"\",\"1\":\"\",\"14\":\"\",\"video\":\"\"}'),
(593, 1091, 'photos', '2019-02-06 14:06:06', '2019-01-17 09:51:39', 6, 1, 'juzocyzirafobeqobole.jpg', '{\"3\":\"\",\"1\":\"\",\"14\":\"\",\"video\":\"\"}'),
(594, 1091, 'photos', '2019-02-06 14:06:06', '2019-01-17 09:51:39', 7, 1, 'jysihypigolaniwonaxa.jpg', '{\"3\":\"\",\"1\":\"\",\"14\":\"\",\"video\":\"\"}'),
(595, 1091, 'photos', '2019-02-06 14:06:07', '2019-01-17 09:51:40', 8, 1, 'vuqezizagydegiwazasy.jpg', '{\"3\":\"\",\"1\":\"\",\"14\":\"\",\"video\":\"\"}'),
(596, 1091, 'photos', '2019-02-06 14:06:07', '2019-01-17 09:51:40', 9, 1, 'moqumavelucatufageqy.jpg', '{\"3\":\"\",\"1\":\"\",\"14\":\"\",\"video\":\"\"}'),
(597, 1091, 'photos', '2019-02-06 14:06:07', '2019-01-17 09:51:40', 10, 1, 'pesuhaxujugacewacyla.jpg', '{\"3\":\"\",\"1\":\"\",\"14\":\"\",\"video\":\"\"}'),
(598, 1091, 'photos', '2019-02-06 14:06:07', '2019-01-17 09:51:41', 11, 1, 'nymycodyfiwalypacozu.jpg', '{\"3\":\"\",\"1\":\"\",\"14\":\"\",\"video\":\"\"}'),
(599, 1091, 'photos', '2019-02-06 14:06:07', '2019-01-17 09:51:41', 12, 1, 'wekilakupyzifyvuragy.jpg', '{\"3\":\"\",\"1\":\"\",\"14\":\"\",\"video\":\"\"}'),
(600, 1091, 'photos', '2019-02-06 14:06:07', '2019-01-17 09:51:44', 13, 1, 'vofurerevyroqygyxadi.jpg', '{\"3\":\"\",\"1\":\"\",\"14\":\"\",\"video\":\"\"}'),
(601, 1091, 'photos', '2019-02-06 14:06:07', '2019-01-17 09:51:44', 14, 1, 'byteqinufexadaqatyme.jpg', '{\"3\":\"\",\"1\":\"\",\"14\":\"\",\"video\":\"\"}'),
(602, 1091, 'photos', '2019-02-06 14:06:07', '2019-01-17 09:51:45', 15, 1, 'tudumivilytyxizifago.jpg', '{\"3\":\"\",\"1\":\"\",\"14\":\"\",\"video\":\"\"}'),
(603, 1091, 'plan', '2019-02-06 14:06:07', '2019-01-17 09:52:04', 1, 1, 'qowipofosypegagojona.jpg', '{\"3\":\"\",\"1\":\"\",\"14\":\"\",\"video\":\"\"}'),
(604, 1091, 'plan', '2019-02-06 14:06:07', '2019-01-17 09:52:05', 2, 1, 'fiqexocysopuqorizero.jpg', '{\"3\":\"\",\"1\":\"\",\"14\":\"\",\"video\":\"\"}'),
(605, 1091, 'plan', '2019-02-06 14:06:07', '2019-01-17 09:52:05', 3, 1, 'nawijazyvofepuqupucy.jpg', '{\"3\":\"\",\"1\":\"\",\"14\":\"\",\"video\":\"\"}'),
(606, 1091, 'plan', '2019-02-06 14:06:07', '2019-01-17 09:52:05', 4, 1, 'qixahysibyguxofoxivu.jpg', '{\"3\":\"\",\"1\":\"\",\"14\":\"\",\"video\":\"\"}'),
(607, 1087, 'photos', '2019-02-06 14:05:54', '2019-01-17 09:53:42', 1, 1, 'xotilagahesubigekywo.jpg', '{\"3\":\"\",\"1\":\"\",\"14\":\"\",\"video\":\"\"}'),
(608, 1087, 'photos', '2019-02-06 14:05:54', '2019-01-17 09:53:43', 2, 1, 'joxizadibaqasemeciho.jpg', '{\"3\":\"\",\"1\":\"\",\"14\":\"\",\"video\":\"\"}'),
(609, 1087, 'photos', '2019-02-06 14:05:54', '2019-01-17 09:53:43', 3, 1, 'cikelyqezijaxyjumaju.jpg', '{\"3\":\"\",\"1\":\"\",\"14\":\"\",\"video\":\"\"}'),
(610, 1087, 'photos', '2019-02-06 14:05:54', '2019-01-17 09:53:43', 4, 1, 'vafynohilyxisokusopy.jpg', '{\"3\":\"\",\"1\":\"\",\"14\":\"\",\"video\":\"\"}'),
(611, 1087, 'photos', '2019-02-06 14:05:54', '2019-01-17 09:53:44', 5, 1, 'rejisypovyxykusekafu.jpg', '{\"3\":\"\",\"1\":\"\",\"14\":\"\",\"video\":\"\"}'),
(612, 1087, 'photos', '2019-02-06 14:05:54', '2019-01-17 09:53:44', 6, 1, 'pydanihusorogymaceku.jpg', '{\"3\":\"\",\"1\":\"\",\"14\":\"\",\"video\":\"\"}'),
(613, 1087, 'photos', '2019-02-06 14:05:54', '2019-01-17 09:53:44', 7, 1, 'bukaciruwucaduhifiqi.jpg', '{\"3\":\"\",\"1\":\"\",\"14\":\"\",\"video\":\"\"}'),
(614, 1087, 'photos', '2019-02-06 14:05:54', '2019-01-17 09:53:45', 8, 1, 'xejosipociholoreteko.jpg', '{\"3\":\"\",\"1\":\"\",\"14\":\"\",\"video\":\"\"}'),
(615, 1087, 'photos', '2019-02-06 14:05:54', '2019-01-17 09:53:45', 9, 1, 'venajybitabehysopabi.jpg', '{\"3\":\"\",\"1\":\"\",\"14\":\"\",\"video\":\"\"}'),
(616, 1087, 'photos', '2019-02-06 14:05:54', '2019-01-17 09:53:45', 10, 1, 'gopyfoxigypinuxydolu.jpg', '{\"3\":\"\",\"1\":\"\",\"14\":\"\",\"video\":\"\"}'),
(617, 1087, 'photos', '2019-02-06 14:05:54', '2019-01-17 09:53:45', 11, 1, 'cuwefecytohewylotovy.jpg', '{\"3\":\"\",\"1\":\"\",\"14\":\"\",\"video\":\"\"}'),
(618, 1087, 'photos', '2019-02-06 14:05:54', '2019-01-17 09:53:46', 12, 1, 'hypoxerewefipylabyti.jpg', '{\"3\":\"\",\"1\":\"\",\"14\":\"\",\"video\":\"\"}'),
(619, 1087, 'photos', '2019-02-06 14:05:54', '2019-01-17 09:53:46', 13, 1, 'diritydozabokubasija.jpg', '{\"3\":\"\",\"1\":\"\",\"14\":\"\",\"video\":\"\"}'),
(620, 1087, 'photos', '2019-02-06 14:05:54', '2019-01-17 09:53:47', 14, 1, 'nilafyzyvonacebijoku.jpg', '{\"3\":\"\",\"1\":\"\",\"14\":\"\",\"video\":\"\"}'),
(621, 1087, 'photos', '2019-02-06 14:05:54', '2019-01-17 09:53:49', 15, 1, 'holiqugerovadigemosu.jpg', '{\"3\":\"\",\"1\":\"\",\"14\":\"\",\"video\":\"\"}'),
(622, 1087, 'plan', '2019-02-06 14:05:54', '2019-01-17 09:54:38', 1, 1, 'pyrigikitexulezyfozi.jpg', '{\"3\":\"\",\"1\":\"\",\"14\":\"\",\"video\":\"\"}'),
(623, 1087, 'plan', '2019-02-06 14:05:54', '2019-01-17 09:54:38', 2, 1, 'pyxakypukepuhycosoku.jpg', '{\"3\":\"\",\"1\":\"\",\"14\":\"\",\"video\":\"\"}'),
(624, 1087, 'plan', '2019-02-06 14:05:54', '2019-01-17 09:54:39', 3, 1, 'sihujyzipofavytiwudy.jpg', '{\"3\":\"\",\"1\":\"\",\"14\":\"\",\"video\":\"\"}'),
(625, 1087, 'plan', '2019-02-06 14:05:54', '2019-01-17 09:54:39', 4, 1, 'nadicekuxawylyteqacu.jpg', '{\"3\":\"\",\"1\":\"\",\"14\":\"\",\"video\":\"\"}'),
(626, 3018, 'picture', '2019-01-17 13:58:54', '2019-01-17 13:58:54', 1, 1, 'sutezeracezodypusedu.jpg', NULL),
(627, 3018, 'picture', '2019-01-17 13:58:55', '2019-01-17 13:58:55', 2, 1, 'mesirewexequvesypudy.jpg', NULL),
(628, 3018, 'picture', '2019-01-17 13:58:55', '2019-01-17 13:58:55', 3, 1, 'kageropyxevosihimudy.jpg', NULL),
(629, 3018, 'picture', '2019-01-17 13:58:55', '2019-01-17 13:58:55', 4, 1, 'busoxafisumekozopuqy.jpg', NULL),
(630, 3018, 'picture', '2019-01-17 13:58:56', '2019-01-17 13:58:56', 5, 1, 'qokilabocufejikibepu.jpg', NULL),
(631, 3018, 'picture', '2019-01-17 13:58:56', '2019-01-17 13:58:56', 6, 1, 'fuvosocuvasiwasimuce.jpg', NULL),
(632, 3018, 'picture', '2019-01-17 13:58:56', '2019-01-17 13:58:56', 7, 1, 'kyviposewozupudefyji.jpg', NULL),
(633, 3018, 'picture', '2019-01-17 13:58:56', '2019-01-17 13:58:56', 8, 1, 'dyterumabikucadeniha.jpg', NULL),
(634, 3018, 'picture', '2019-01-17 13:58:57', '2019-01-17 13:58:57', 9, 1, 'lulurabuwehysyqomamo.jpg', NULL),
(635, 3018, 'picture', '2019-01-17 13:58:57', '2019-01-17 13:58:57', 10, 1, 'zogalanahilymylavoru.jpg', NULL),
(636, 3018, 'picture', '2019-01-17 13:58:57', '2019-01-17 13:58:57', 11, 1, 'qezodegixoravoramuce.jpg', NULL),
(637, 3018, 'picture', '2019-01-17 13:58:58', '2019-01-17 13:58:58', 12, 1, 'volocetucipafuholyzo.jpg', NULL),
(638, 3018, 'picture', '2019-01-17 13:58:58', '2019-01-17 13:58:58', 13, 1, 'xuzizihyxyxoxusudufu.jpg', NULL),
(639, 3018, 'picture', '2019-01-17 13:58:59', '2019-01-17 13:58:59', 14, 1, 'fibikitopycekucewudo.jpg', NULL),
(640, 3018, 'picture', '2019-01-17 13:58:59', '2019-01-17 13:58:59', 15, 1, 'gyqejaqavimeqehuguba.jpg', NULL),
(641, 796, 'plan', '2019-02-06 14:51:45', '2019-02-06 14:51:45', 1, 1, 'lazuhepenukyfumelopa.jpg', NULL),
(642, 796, 'plan', '2019-02-06 14:51:45', '2019-02-06 14:51:45', 2, 1, 'duvufoperabolasywuci.jpg', NULL),
(643, 796, 'plan', '2019-02-06 14:51:46', '2019-02-06 14:51:46', 3, 1, 'poliwahyzafuvebyzyve.jpg', NULL),
(644, 792, 'plan', '2019-02-11 11:58:21', '2019-02-06 14:53:31', 1, 1, 'xolodiliwydydabowebi.jpg', '{\"3\":\"\",\"1\":\"\",\"14\":\"\",\"video\":\"\"}'),
(645, 792, 'plan', '2019-02-11 11:58:21', '2019-02-06 14:53:32', 2, 1, 'vozolicopeqikozyxusu.jpg', '{\"3\":\"\",\"1\":\"\",\"14\":\"\",\"video\":\"\"}'),
(646, 792, 'plan', '2019-02-11 11:58:21', '2019-02-06 14:53:32', 3, 1, 'wuvanymifatomagoxezi.jpg', '{\"3\":\"\",\"1\":\"\",\"14\":\"\",\"video\":\"\"}'),
(647, 800, 'plan', '2019-04-08 10:41:42', '2019-02-06 14:54:47', 1, 1, 'cuhovilofymotapuseme.jpg', '{\"3\":\"\",\"1\":\"\",\"14\":\"\",\"video\":\"\"}'),
(648, 800, 'plan', '2019-04-08 10:41:42', '2019-02-06 14:54:48', 2, 1, 'dabikahugewozopusafa.jpg', '{\"3\":\"\",\"1\":\"\",\"14\":\"\",\"video\":\"\"}'),
(649, 800, 'plan', '2019-04-08 10:41:42', '2019-02-06 14:54:48', 3, 1, 'mesonesowekikovecufi.jpg', '{\"3\":\"\",\"1\":\"\",\"14\":\"\",\"video\":\"\"}'),
(650, 1951, 'plan', '2019-02-06 15:02:12', '2019-02-06 15:02:12', 1, 1, 'fogyfubekutiwolopasa.jpg', NULL),
(651, 2083, 'plan', '2019-02-06 15:05:40', '2019-02-06 15:05:40', 1, 1, 'foziruliligowubemosa.jpg', NULL),
(652, 2051, 'plan', '2019-02-06 15:07:13', '2019-02-06 15:07:13', 1, 1, 'nimerahuborinyxugyra.jpg', NULL),
(653, 2051, 'plan', '2019-02-06 15:07:13', '2019-02-06 15:07:13', 2, 1, 'vykiruhoropucadasade.jpg', NULL),
(654, 1543, 'plan', '2019-02-06 15:09:39', '2019-02-06 15:09:39', 1, 1, 'qehyxejaviqufozuboka.jpg', NULL),
(655, 1543, 'plan', '2019-02-06 15:09:39', '2019-02-06 15:09:39', 2, 1, 'vihifuxuvehykuxepufe.jpg', NULL),
(656, 1759, 'plan', '2019-02-06 15:11:14', '2019-02-06 15:11:14', 1, 1, 'raxosimyhegiworyluto.jpg', NULL),
(657, 816, 'plan', '2019-04-08 11:03:42', '2019-04-08 11:03:42', 1, 1, 'gifunamavypijypemyfo.jpg', NULL);

-- --------------------------------------------------------

--
-- Table structure for table `module_menu`
--

CREATE TABLE `module_menu` (
  `module_menu_id` int(11) NOT NULL,
  `page_id` int(11) NOT NULL DEFAULT '0',
  `link_id` int(11) NOT NULL DEFAULT '0',
  `out_link` varchar(255) DEFAULT NULL,
  `out_link_new` text
) ENGINE=MyISAM DEFAULT CHARSET=utf8;

--
-- Dumping data for table `module_menu`
--

INSERT INTO `module_menu` (`module_menu_id`, `page_id`, `link_id`, `out_link`, `out_link_new`) VALUES
(1, 5, 0, NULL, NULL),
(2, 8, 0, NULL, NULL),
(3, 27, 11, NULL, '{\"3\":\"\",\"1\":\"\",\"14\":\"\"}'),
(4, 28, 74, NULL, '{\"3\":\"\",\"1\":\"\",\"14\":\"\"}'),
(5, 29, 68, NULL, '{\"3\":\"\",\"1\":\"\",\"14\":\"\"}'),
(6, 30, 0, NULL, '{\"3\":\"\",\"1\":\"\",\"14\":\"\"}'),
(7, 31, 40, NULL, '{\"3\":\"\",\"1\":\"\",\"14\":\"\"}'),
(8, 33, 61, NULL, '{\"3\":\"\",\"1\":\"\",\"14\":\"\"}'),
(9, 34, 15, NULL, '{\"3\":\"\",\"1\":\"lv/sadarbiba/ivestoriem/\",\"14\":\"\"}'),
(10, 35, 4, NULL, '{\"3\":\"/ru/kontakti/\",\"1\":\"/lv/kontakti/\",\"14\":\"/en/contacts/\"}'),
(16, 12, 0, NULL, '{\"3\":\"\",\"1\":\"\",\"14\":\"\"}'),
(13, 48, 10, NULL, '{\"3\":\"\",\"1\":\"\",\"14\":\"\"}'),
(14, 43, 63, NULL, '{\"3\":\"\",\"1\":\"\",\"14\":\"\"}'),
(18, 60, 0, NULL, '{\"3\":\"\",\"1\":\"\",\"14\":\"\"}'),
(19, 9, 0, NULL, '{\"3\":\"\",\"1\":\"\",\"14\":\"\"}'),
(20, 10, 0, NULL, '{\"3\":\"\",\"1\":\"\",\"14\":\"\"}'),
(26, 11, 0, NULL, '{\"3\":\"\",\"1\":\"\",\"14\":\"\"}'),
(21, 80, 63, NULL, '{\"3\":\"\",\"1\":\"\",\"14\":\"\"}'),
(22, 81, 63, NULL, '{\"3\":\"\",\"1\":\"\",\"14\":\"\"}'),
(23, 82, 63, NULL, '{\"3\":\"\",\"1\":\"\",\"14\":\"\"}'),
(24, 83, 63, NULL, '{\"3\":\"\",\"1\":\"\",\"14\":\"\"}'),
(25, 32, 62, NULL, '{\"3\":\"\",\"1\":\"/lv/sadarbiba/par-mums/\",\"14\":\"\"}'),
(27, 96, 63, NULL, '{\"3\":\"\",\"1\":\"\",\"14\":\"\"}');

-- --------------------------------------------------------

--
-- Table structure for table `page`
--

CREATE TABLE `page` (
  `page_id` int(11) NOT NULL,
  `authority_id` int(11) NOT NULL DEFAULT '0',
  `page_name` varchar(255) DEFAULT '',
  `page_sort` int(11) NOT NULL DEFAULT '0',
  `page_visible` int(1) NOT NULL DEFAULT '0',
  `page_parent` int(11) NOT NULL DEFAULT '0',
  `page_type` int(11) NOT NULL DEFAULT '0',
  `template` varchar(255) NOT NULL DEFAULT '',
  `path_name` varchar(255) DEFAULT NULL,
  `var1` text,
  `var2` text,
  `var3` text,
  `no_sub` int(1) DEFAULT NULL,
  `p_disable` int(1) DEFAULT NULL,
  `side` text,
  `section` int(11) DEFAULT '0',
  `with_purl` int(1) NOT NULL DEFAULT '0'
) ENGINE=MyISAM DEFAULT CHARSET=utf8;

--
-- Dumping data for table `page`
--

INSERT INTO `page` (`page_id`, `authority_id`, `page_name`, `page_sort`, `page_visible`, `page_parent`, `page_type`, `template`, `path_name`, `var1`, `var2`, `var3`, `no_sub`, `p_disable`, `side`, `section`, `with_purl`) VALUES
(1, 0, 'Ciemati', 2, 1, 0, 280, '', NULL, NULL, '{\"title_ru\":\"\",\"description_ru\":\"\",\"title_lv\":\"vfd\",\"description_lv\":\"\",\"title_en\":\"\",\"description_en\":\"\",\"header_picture1\":\"zasagufiri.jpg\",\"header_picture2\":\"\",\"header_picture3\":\"\",\"header_picture4\":\"\"}', NULL, NULL, NULL, NULL, 0, 0),
(2, 0, 'Sadarbība', 3, 1, 0, 280, '', NULL, NULL, '{\"title_ru\":\"Сотрудничество\",\"description_ru\":\"Сотрудничество\",\"title_lv\":\"\",\"description_lv\":\"\",\"title_en\":\"\",\"description_en\":\"\",\"header_picture1\":\"\",\"header_picture2\":\"\",\"header_picture3\":\"\",\"header_picture4\":\"\"}', NULL, NULL, NULL, NULL, 0, 0),
(64, 0, 'Par ciematu', 1, 1, 11, 330, '', NULL, NULL, '{\"title_ru\":\"Царникава\",\"description_ru\":\"ПОСЕЛОК \\\\\\\"ЗИЕДЛЕЯС\\\\\\\"\",\"title_lv\":\"Carnikava\",\"description_lv\":\"CIEMATS \\\\\\\"ZIEDLEJAS\\\\\\\"\",\"title_en\":\"Carnikava\",\"description_en\":\"\\\\\\\"ZIEDLEJAS\\\\\\\" VILLAGE\",\"header_picture1\":\"sijerudiko.jpg\",\"header_picture2\":\"\",\"header_picture3\":\"\",\"header_picture4\":\"\"}', NULL, NULL, NULL, NULL, 0, 0),
(4, 0, 'Kontakti', 5, 1, 0, 337, '', NULL, NULL, '{\"header_picture1\":\"soqixanity.jpg\",\"header_picture2\":\"\",\"header_picture3\":\"\",\"header_picture4\":\"\"}', NULL, NULL, NULL, NULL, 0, 0),
(74, 0, 'Par ciematu', 1, 1, 10, 330, '', NULL, NULL, '{\"title_ru\":\"Адажи\",\"description_ru\":\"Поселок \\\\\\\"Дайлас\\\\\\\"\",\"title_lv\":\" Ādaži\",\"description_lv\":\"Ciemats \\\\\\\"Dailas\\\\\\\"\",\"title_en\":\"Adazi\",\"description_en\":\"\\\\\\\"Dailas\\\\\\\" village\",\"header_picture1\":\"tuzapirivo.jpg\",\"header_picture2\":\"\",\"header_picture3\":\"\",\"header_picture4\":\"\"}', NULL, NULL, NULL, NULL, 0, 0),
(11, 0, 'Carnikava Ziedlejas', 2, 1, 1, 2, '', NULL, NULL, '{\"title_ru\":\"Царникава\",\"description_ru\":\"ПОСЕЛОК ZIEDLEJAS\",\"title_lv\":\"Carnikava\",\"description_lv\":\"CIEMATS ZIEDLEJAS\",\"title_en\":\"Carnikava\",\"description_en\":\"ZIEDLEJAS VILLAGE\",\"header_picture1\":\"\",\"header_picture2\":\"\",\"header_picture3\":\"\",\"header_picture4\":\"\"}', NULL, NULL, NULL, NULL, 0, 0),
(10, 0, 'Ādaži “Dailas”', 5, 1, 1, 2, '', NULL, NULL, '{\"title_ru\":\"Адажи\",\"description_ru\":\"Поселок \\\\\\\"Дайлас\\\\\\\"\",\"title_lv\":\" Ādaži\",\"description_lv\":\"Ciemats \\\\\\\"Dailas\\\\\\\"\",\"title_en\":\"Adazi\",\"description_en\":\"\\\\\\\"Dailas\\\\\\\" village\",\"header_picture1\":\"\",\"header_picture2\":\"\",\"header_picture3\":\"\",\"header_picture4\":\"\"}', NULL, NULL, NULL, NULL, 0, 0),
(9, 0, 'Babīte \"Lapsas\"', 4, 1, 1, 2, '', NULL, NULL, '{\"title_ru\":\"Бабите \",\"description_ru\":\"Поселок \\\\\\\"Лапсас\\\\\\\"\",\"title_lv\":\"Babīte\",\"description_lv\":\"Ciemats \\\\\\\"Lapsas\\\\\\\"\",\"title_en\":\"Babite\",\"description_en\":\"\\\\\\\"Lapsas\\\\\\\" Village\",\"header_picture1\":\"\",\"header_picture2\":\"\",\"header_picture3\":\"\",\"header_picture4\":\"\"}', NULL, NULL, NULL, NULL, 0, 0),
(12, 0, 'Salaspils “Jaunzemes”', 1, 1, 1, 2, '', NULL, NULL, '{\"title_ru\":\"\",\"description_ru\":\"\",\"title_lv\":\"\",\"description_lv\":\"\",\"title_en\":\"SALASPILS\",\"description_en\":\"Village Ziedlejas\",\"header_picture1\":\"\",\"header_picture2\":\"\",\"header_picture3\":\"\",\"header_picture4\":\"\"}', NULL, NULL, NULL, NULL, 0, 0),
(65, 0, 'Zeme', 2, 1, 11, 324, '', NULL, NULL, '{\"title_ru\":\"Царникава\",\"description_ru\":\"ПОСЕЛОК \\\\\\\"ЗИЕДЛЕЯС\\\\\\\"\",\"title_lv\":\"Carnikava\",\"description_lv\":\"CIEMATS \\\\\\\"ZIEDLEJAS\\\\\\\"\",\"title_en\":\"Carnikava\",\"description_en\":\"\\\\\\\"ZIEDLEJAS\\\\\\\" VILLAGE\",\"header_picture1\":\"limycoxire.jpg\",\"header_picture2\":\"\",\"header_picture3\":\"\",\"header_picture4\":\"\"}', NULL, NULL, NULL, NULL, 0, 0),
(14, 0, 'AKCIJAS', 6, 1, 1, 340, '', NULL, NULL, NULL, NULL, NULL, NULL, NULL, 0, 0),
(15, 0, 'Ivestoriem', 1, 1, 2, 280, '', NULL, NULL, '{\"header_picture1\":\"hacyvilude.jpg\",\"header_picture2\":\"\",\"header_picture3\":\"\",\"header_picture4\":\"\"}', NULL, NULL, NULL, NULL, 0, 0),
(67, 0, 'module_sysZiedlejas', 0, 0, 0, 333, '', NULL, NULL, NULL, NULL, NULL, NULL, NULL, 999, 0),
(66, 0, 'Mājas', 3, 1, 11, 334, '', NULL, NULL, '{\"title_ru\":\"Царникава\",\"description_ru\":\"ПОСЕЛОК \\\\\\\"ЗИЕДЛЕЯС\\\\\\\"\",\"title_lv\":\"Carnikava\",\"description_lv\":\"CIEMATS \\\\\\\"ZIEDLEJAS\\\\\\\"\",\"title_en\":\"Carnikava\",\"description_en\":\"\\\\\\\"ZIEDLEJAS\\\\\\\" VILLAGE\",\"header_picture1\":\"jatopixepy.jpg\",\"header_picture2\":\"\",\"header_picture3\":\"\",\"header_picture4\":\"\"}', NULL, NULL, NULL, NULL, 0, 0),
(24, 0, 'module_sysconstructor', 0, 0, 0, 306, '', NULL, NULL, NULL, NULL, NULL, NULL, NULL, 999, 0),
(62, 0, 'Par mums', 3, 1, 2, 280, '', NULL, NULL, '{\"header_picture1\":\"kevosugyde.jpg\",\"header_picture2\":\"\",\"header_picture3\":\"\",\"header_picture4\":\"\"}', NULL, NULL, NULL, NULL, 0, 0),
(61, 0, 'Finansējums', 2, 1, 2, 280, '', NULL, NULL, '{\"header_picture1\":\"zowagypejy.jpg\",\"header_picture2\":\"\",\"header_picture3\":\"\",\"header_picture4\":\"\"}', NULL, NULL, NULL, NULL, 0, 0),
(63, 0, 'Būvniecība', 4, 1, 0, 280, '', NULL, NULL, '{\"title_ru\":\"\",\"description_ru\":\"\",\"title_lv\":\"\",\"description_lv\":\"\",\"title_en\":\"\",\"description_en\":\"\",\"header_picture1\":\"wadelafyco.jpg\",\"header_picture2\":\"\",\"header_picture3\":\"\",\"header_picture4\":\"\"}', NULL, NULL, NULL, NULL, 0, 0),
(25, 0, 'CIEMATI', 1, 1, 0, 280, '', NULL, NULL, NULL, NULL, NULL, NULL, NULL, 1, 0),
(73, 0, 'Mājas', 3, 1, 9, 334, '', NULL, NULL, '{\"title_ru\":\"Бабите \",\"description_ru\":\"Поселок \\\\\\\"Лапсас\\\\\\\"\",\"title_lv\":\"Babīte\",\"description_lv\":\"Ciemats \\\\\\\"Lapsas\\\\\\\"\",\"title_en\":\"Babite\",\"description_en\":\"\\\\\\\"Lapsas\\\\\\\" Village\",\"header_picture1\":\"rehuwemyta.jpg\",\"header_picture2\":\"\",\"header_picture3\":\"\",\"header_picture4\":\"\"}', NULL, NULL, NULL, NULL, 0, 0),
(26, 0, 'ĀTRĀS SAITES', 2, 1, 0, 280, '', NULL, NULL, NULL, NULL, NULL, NULL, NULL, 1, 0),
(27, 0, 'CARNIKAVA', 2, 1, 25, 2, '', NULL, NULL, NULL, NULL, NULL, NULL, NULL, 0, 0),
(28, 0, 'ĀDAŽI', 5, 1, 25, 2, '', NULL, NULL, NULL, NULL, NULL, NULL, NULL, 0, 0),
(29, 0, 'MĀRUPE', 3, 1, 25, 2, '', NULL, NULL, NULL, NULL, NULL, NULL, NULL, 0, 0),
(30, 0, 'BABĪTE', 4, 1, 25, 2, '', NULL, NULL, NULL, NULL, NULL, NULL, NULL, 0, 0),
(31, 0, 'SALASPILS', 1, 1, 25, 2, '', NULL, NULL, NULL, NULL, NULL, NULL, NULL, 0, 0),
(32, 0, 'PAR MUMS', 3, 1, 26, 2, '', NULL, NULL, NULL, NULL, NULL, NULL, NULL, 0, 0),
(33, 0, 'FINANSĒJUMS', 2, 1, 26, 2, '', NULL, NULL, NULL, NULL, NULL, NULL, NULL, 0, 0),
(34, 0, 'INVESTORIEM', 1, 1, 26, 2, '', NULL, NULL, NULL, NULL, NULL, NULL, NULL, 0, 0),
(35, 0, 'KONTAKTI', 5, 1, 26, 2, '', NULL, NULL, NULL, NULL, NULL, NULL, NULL, 0, 0),
(36, 0, 'PRIVĀTUMA POLITIKA', 6, 1, 26, 280, '', NULL, NULL, NULL, NULL, NULL, NULL, NULL, 0, 0),
(37, 0, 'all_blocks', 1, 1, 0, 280, '', NULL, NULL, '{\"header_picture1\":\"bibahocali.jpg\",\"header_picture2\":\"heranafuxy.jpg\",\"header_picture3\":\"wyxejacehu.jpg\",\"header_picture4\":\"niwidyligy.jpg\"}', NULL, NULL, NULL, NULL, 99, 0),
(38, 0, 'Galvenā', 1, 0, 0, 319, '', NULL, NULL, '{\"header_picture1\":\"faxezuhoxu.jpg\",\"header_picture2\":\"\",\"header_picture3\":\"\",\"header_picture4\":\"\"}', NULL, NULL, NULL, NULL, 0, 0),
(39, 0, 'module_sysDomuss', 0, 0, 0, 320, '', NULL, NULL, NULL, NULL, NULL, NULL, NULL, 999, 0),
(40, 0, 'Par ciematu', 1, 1, 12, 330, '', NULL, NULL, '{\"title_ru\":\"Саласпилс\",\"description_ru\":\"ПОСЕЛОК \\\\\\\"ЯУНЗЕМЕС\\\\\\\"\",\"title_lv\":\"Salaspils\",\"description_lv\":\"CIEMATS \\\\\\\"JAUNZEMES\\\\\\\"\",\"title_en\":\"Salaspils\",\"description_en\":\"\\\\\\\"Jaunzemes\\\\\\\" village\",\"header_picture1\":\"pitymobufu.jpg\",\"header_picture2\":\"\",\"header_picture3\":\"\",\"header_picture4\":\"\"}', NULL, NULL, NULL, NULL, 0, 0),
(41, 0, 'Zeme', 2, 1, 12, 324, '', NULL, NULL, '{\"title_ru\":\"Саласпилс\",\"description_ru\":\"ПОСЕЛОК \\\\\\\"ЯУНЗЕМЕС\\\\\\\"\",\"title_lv\":\"Salaspils\",\"description_lv\":\"CIEMATS \\\\\\\"JAUNZEMES\\\\\\\"\",\"title_en\":\"Salaspils\",\"description_en\":\"\\\\\\\"JAUNZEMES\\\\\\\" VILLAGE\",\"header_picture1\":\"cezydowimi.jpg\",\"header_picture2\":\"\",\"header_picture3\":\"\",\"header_picture4\":\"\"}', NULL, NULL, NULL, NULL, 0, 0),
(42, 0, 'Mājas', 3, 1, 12, 334, '', NULL, NULL, '{\"title_ru\":\"Саласпилс\",\"description_ru\":\"ПОСЕЛОК \\\\\\\"ЯУНЗЕМЕС\\\\\\\"\",\"title_lv\":\"Salaspils\",\"description_lv\":\"CIEMATS \\\\\\\"JAUNZEMES\\\\\\\"\",\"title_en\":\"Salaspils\",\"description_en\":\"\\\\\\\"JAUNZEMES\\\\\\\" VILLAGE\",\"header_picture1\":\"rebiwikope.jpg\",\"header_picture2\":\"\",\"header_picture3\":\"\",\"header_picture4\":\"\"}', NULL, NULL, NULL, NULL, 0, 0),
(43, 0, 'Būvē pats', 4, 1, 12, 323, '', NULL, NULL, '{\"header_picture1\":\"jorugufafu.jpg\",\"header_picture2\":\"\",\"header_picture3\":\"\",\"header_picture4\":\"\"}', NULL, NULL, NULL, NULL, 0, 0),
(44, 0, 'Finansējums', 5, 1, 12, 280, '', NULL, NULL, '{\"title_ru\":\"Саласпилс \",\"description_ru\":\"поселок \\\\\\\"Яунземес\\\\\\\"\",\"title_lv\":\"Salaspils\",\"description_lv\":\"ciemats \\\\\\\"Jaunzemes\\\\\\\"\",\"title_en\":\"Salaspils\",\"description_en\":\"village \\\\\\\"Jaunzemes\\\\\\\"\",\"header_picture1\":\"xovogajodi.jpg\",\"header_picture2\":\"\",\"header_picture3\":\"\",\"header_picture4\":\"\"}', NULL, NULL, NULL, NULL, 0, 0),
(72, 0, 'Zeme', 2, 1, 9, 324, '', NULL, NULL, '{\"title_ru\":\"Бабите \",\"description_ru\":\"Поселок \\\\\\\"Лапсас\\\\\\\"\",\"title_lv\":\" Babīte \",\"description_lv\":\"Ciemats \\\\\\\"Lapsas\\\\\\\"\",\"title_en\":\"Babite\",\"description_en\":\"\\\\\\\"Lapsas\\\\\\\" Village\",\"header_picture1\":\"ryzynilyvi.jpg\",\"header_picture2\":\"\",\"header_picture3\":\"\",\"header_picture4\":\"\"}', NULL, NULL, NULL, NULL, 0, 0),
(46, 0, 'module_sysAction', 0, 0, 0, 321, '', NULL, NULL, NULL, NULL, NULL, NULL, NULL, 999, 0),
(47, 0, 'Galerija', 6, 1, 12, 322, '', NULL, NULL, '{\"title_ru\":\"Саласпилс\",\"description_ru\":\"ПОСЕЛОК  \\\\\\\"ЯУНЗЕМЕС\\\\\\\"\",\"title_lv\":\"Salaspils\",\"description_lv\":\"CIEMATS \\\\\\\"JAUNZEMES\\\\\\\"\",\"title_en\":\"Salaspils\",\"description_en\":\"\\\\\\\"JAUNZEMES\\\\\\\" VILLAGE\",\"header_picture1\":\"lucudirano.jpg\",\"header_picture2\":\"\",\"header_picture3\":\"\",\"header_picture4\":\"\"}', NULL, NULL, NULL, NULL, 0, 0),
(48, 0, 'test', 1, 1, 0, 323, '', NULL, NULL, NULL, NULL, NULL, NULL, NULL, 100, 0),
(53, 0, 'module_sysSalaspils', 0, 0, 0, 328, '', NULL, NULL, NULL, NULL, NULL, NULL, NULL, 999, 0),
(54, 0, 'module_sysHandbook', 0, 0, 0, 329, '', NULL, NULL, NULL, NULL, NULL, NULL, NULL, 999, 0),
(55, 0, 'module_sysSalaspils', 0, 0, 0, 335, '', NULL, NULL, NULL, NULL, NULL, NULL, NULL, 999, 0),
(57, 0, 'module_sysSalaspils', 0, 0, 0, 336, '', NULL, NULL, NULL, NULL, NULL, NULL, NULL, 999, 0),
(69, 0, 'Zeme', 2, 1, 60, 324, '', NULL, NULL, '{\"title_ru\":\"Марупе\",\"description_ru\":\"ПОСЕЛОК \\\\\\\"МЕЖАВЕИ\\\\\\\"\",\"title_lv\":\"Mārupe\",\"description_lv\":\"CIEMATS \\\\\\\"MEŽAVĒJI\\\\\\\"\",\"title_en\":\"Marupe\",\"description_en\":\"\\\\\\\"MEZAVEJI\\\\\\\" VILLAGE\",\"header_picture1\":\"ramufozeho.jpg\",\"header_picture2\":\"\",\"header_picture3\":\"\",\"header_picture4\":\"\"}', NULL, NULL, NULL, NULL, 0, 0),
(70, 0, 'Mājas', 3, 1, 60, 334, '', NULL, NULL, '{\"title_ru\":\"Марупе\",\"description_ru\":\"ПОСЕЛОК \\\\\\\"МЕЖАВЕИ\\\\\\\"\",\"title_lv\":\"Mārupe\",\"description_lv\":\"CIEMATS \\\\\\\"MEŽAVĒJI\\\\\\\"\",\"title_en\":\"Marupe\",\"description_en\":\"\\\\\\\"MEZAVEJI\\\\\\\" VILLAGE\",\"header_picture1\":\"zobamygabi.jpg\",\"header_picture2\":\"\",\"header_picture3\":\"\",\"header_picture4\":\"\"}', NULL, NULL, NULL, NULL, 0, 0),
(71, 0, 'Par ciematu', 1, 1, 9, 330, '', NULL, NULL, '{\"title_ru\":\"Бабите \",\"description_ru\":\"Поселок \\\\\\\"Лапсас\\\\\\\"\",\"title_lv\":\"Babīte\",\"description_lv\":\"Ciemats \\\\\\\"Lapsas\\\\\\\"\",\"title_en\":\"Babite\",\"description_en\":\"\\\\\\\"Lapsas\\\\\\\" Village\",\"header_picture1\":\"mydolugylu.jpg\",\"header_picture2\":\"\",\"header_picture3\":\"\",\"header_picture4\":\"\"}', NULL, NULL, NULL, NULL, 0, 0),
(68, 0, 'Par ciematu', 1, 1, 60, 330, '', NULL, NULL, '{\"title_ru\":\" Марупе \",\"description_ru\":\"ПОСЕЛОК \\\\\\\"МЕЖАВЕИ\\\\\\\"\",\"title_lv\":\"Mārupe\",\"description_lv\":\"CIEMATS \\\\\\\"MEŽAVĒJI\\\\\\\"\",\"title_en\":\"Marupe\",\"description_en\":\"\\\\\\\"MEZAVEJI\\\\\\\" VILLAGE\",\"header_picture1\":\"xytutazoxi.jpg\",\"header_picture2\":\"\",\"header_picture3\":\"\",\"header_picture4\":\"\"}', NULL, NULL, NULL, NULL, 0, 0),
(58, 0, 'Thank you', 6, 0, 0, 338, '', NULL, NULL, NULL, NULL, NULL, NULL, NULL, 0, 0),
(59, 0, 'module_thankYou', 1, 0, 0, 338, '', NULL, NULL, NULL, NULL, NULL, NULL, NULL, 98, 0),
(60, 0, 'Mārupe “Mežavēji”', 3, 1, 1, 2, '', NULL, NULL, '{\"title_ru\":\"\",\"description_ru\":\"ПОСЕЛОК МЕЖАВЕИ\",\"title_lv\":\"\",\"description_lv\":\"CIEMATS MEŽAVĒJI\",\"title_en\":\"\",\"description_en\":\"MEZAVEJI VILLAGE\",\"header_picture1\":\"\",\"header_picture2\":\"\",\"header_picture3\":\"\",\"header_picture4\":\"\"}', NULL, NULL, NULL, NULL, 0, 0),
(75, 0, 'Zeme', 2, 1, 10, 324, '', NULL, NULL, '{\"title_ru\":\"Адажи\",\"description_ru\":\"Поселок \\\\\\\"Дайлас\\\\\\\"\",\"title_lv\":\" Ādaži\",\"description_lv\":\"Ciemats \\\\\\\"Dailas\\\\\\\"\",\"title_en\":\"Adazi\",\"description_en\":\"\\\\\\\"Dailas\\\\\\\" village\",\"header_picture1\":\"xuxewovune.jpg\",\"header_picture2\":\"\",\"header_picture3\":\"\",\"header_picture4\":\"\"}', NULL, NULL, NULL, NULL, 0, 0),
(76, 0, 'Mājas', 3, 1, 10, 334, '', NULL, NULL, '{\"title_ru\":\"Адажи\",\"description_ru\":\"Поселок \\\\\\\"Дайлас\\\\\\\"\",\"title_lv\":\" Ādaži\",\"description_lv\":\"Ciemats \\\\\\\"Dailas\\\\\\\"\",\"title_en\":\"Adazi\",\"description_en\":\"\\\\\\\"Dailas\\\\\\\" village\",\"header_picture1\":\"xajiwihoza.jpg\",\"header_picture2\":\"\",\"header_picture3\":\"\",\"header_picture4\":\"\"}', NULL, NULL, NULL, NULL, 0, 0),
(77, 0, 'module_sysDailas', 0, 0, 0, 331, '', NULL, NULL, NULL, NULL, NULL, NULL, NULL, 999, 0),
(78, 0, 'module_sysLapsas', 0, 0, 0, 332, '', NULL, NULL, NULL, NULL, NULL, NULL, NULL, 999, 0),
(79, 0, 'module_sysMarupe', 0, 0, 0, 339, '', NULL, NULL, NULL, NULL, NULL, NULL, NULL, 999, 0),
(80, 0, 'Būvē pats', 4, 1, 60, 323, '', NULL, NULL, '{\"header_picture1\":\"rinuragita.jpg\",\"header_picture2\":\"\",\"header_picture3\":\"\",\"header_picture4\":\"\"}', NULL, NULL, NULL, NULL, 0, 0),
(81, 0, 'Būvē pats', 4, 1, 11, 323, '', NULL, NULL, '{\"header_picture1\":\"hetiwahyza.jpg\",\"header_picture2\":\"\",\"header_picture3\":\"\",\"header_picture4\":\"\"}', NULL, NULL, NULL, NULL, 0, 0),
(82, 0, 'Būvē pats', 4, 1, 9, 323, '', NULL, NULL, '{\"header_picture1\":\"cidahysiku.jpg\",\"header_picture2\":\"\",\"header_picture3\":\"\",\"header_picture4\":\"\"}', NULL, NULL, NULL, NULL, 0, 0),
(83, 0, 'Būvē pats', 4, 1, 10, 323, '', NULL, NULL, '{\"header_picture1\":\"pytakamago.jpg\",\"header_picture2\":\"\",\"header_picture3\":\"\",\"header_picture4\":\"\"}', NULL, NULL, NULL, NULL, 0, 0),
(84, 0, 'Finansējums', 5, 1, 9, 280, '', NULL, NULL, '{\"title_ru\":\"Бабите\",\"description_ru\":\"поселок \\\\\\\"Лапсас\\\\\\\"\",\"title_lv\":\"Babīte\",\"description_lv\":\"ciemats \\\\\\\"Lapsas\\\\\\\"\",\"title_en\":\"Babite\",\"description_en\":\"village \\\\\\\"Lapsas\\\\\\\"\",\"header_picture1\":\"qapihakelu.jpg\",\"header_picture2\":\"\",\"header_picture3\":\"\",\"header_picture4\":\"\"}', NULL, NULL, NULL, NULL, 0, 0),
(85, 0, 'Finansējums', 5, 1, 10, 280, '', NULL, NULL, '{\"title_ru\":\"Адажи\",\"description_ru\":\"поселок \\\\\\\"Дайлас\\\\\\\"\",\"title_lv\":\"Ādaži\",\"description_lv\":\"ciemats \\\\\\\"Dailas\\\\\\\"\",\"title_en\":\"Adazi\",\"description_en\":\"village \\\\\\\"Dailas\\\\\\\"\",\"header_picture1\":\"wupocekana.jpg\",\"header_picture2\":\"\",\"header_picture3\":\"\",\"header_picture4\":\"\"}', NULL, NULL, NULL, NULL, 0, 0),
(86, 0, 'Finansējums', 5, 1, 60, 280, '', NULL, NULL, '{\"title_ru\":\"Марупе\",\"description_ru\":\"поселок \\\\\\\"Межавеи\\\\\\\"\",\"title_lv\":\"Mārupe \",\"description_lv\":\"ciemats \\\\\\\"Mežavēji\\\\\\\"\",\"title_en\":\"Marupe\",\"description_en\":\"village \\\\\\\"Mezaveji\\\\\\\"\",\"header_picture1\":\"tihujofiru.jpg\",\"header_picture2\":\"\",\"header_picture3\":\"\",\"header_picture4\":\"\"}', NULL, NULL, NULL, NULL, 0, 0),
(87, 0, 'Finansējums', 5, 1, 11, 280, '', NULL, NULL, '{\"title_ru\":\"Царникава\",\"description_ru\":\"поселок \\\\\\\"Зиедлеяс\\\\\\\"\",\"title_lv\":\"Carnikava\",\"description_lv\":\"ciemats \\\\\\\"Ziedlejas\\\\\\\"\",\"title_en\":\"Carnikava\",\"description_en\":\"village \\\\\\\"Ziedlejas\\\\\\\"\",\"header_picture1\":\"puvyvuxefi.jpg\",\"header_picture2\":\"\",\"header_picture3\":\"\",\"header_picture4\":\"\"}', NULL, NULL, NULL, NULL, 0, 0),
(88, 0, 'Galerija', 6, 1, 11, 322, '', NULL, NULL, '{\"title_ru\":\"Царникава\",\"description_ru\":\"ПОСЕЛОК \\\\\\\"ЗИЕДЛЕЯС\\\\\\\"\",\"title_lv\":\"Carnikava\",\"description_lv\":\"CIEMATS \\\\\\\"ZIEDLEJAS\\\\\\\"\",\"title_en\":\"Carnikava\",\"description_en\":\"\\\\\\\"ZIEDLEJAS\\\\\\\" VILLAGE\",\"header_picture1\":\"nawixiluwa.jpg\",\"header_picture2\":\"\",\"header_picture3\":\"\",\"header_picture4\":\"\"}', NULL, NULL, NULL, NULL, 0, 0),
(89, 0, 'Galerija', 6, 1, 60, 322, '', NULL, NULL, '{\"title_ru\":\"Марупе\",\"description_ru\":\"ПОСЕЛОК \\\\\\\"МЕЖАВЕИ\\\\\\\"\",\"title_lv\":\"Mārupe\",\"description_lv\":\"CIEMATS \\\\\\\"MEŽAVĒJI\\\\\\\"\",\"title_en\":\"Marupe\",\"description_en\":\"\\\\\\\"MEZAVEJI\\\\\\\" VILLAGE\",\"header_picture1\":\"jefibosipu.jpg\",\"header_picture2\":\"\",\"header_picture3\":\"\",\"header_picture4\":\"\"}', NULL, NULL, NULL, NULL, 0, 0),
(90, 0, 'Galerija', 6, 1, 9, 322, '', NULL, NULL, '{\"title_ru\":\"Бабите \",\"description_ru\":\"Поселок \\\\\\\"Лапсас\\\\\\\"\",\"title_lv\":\" Babīte \",\"description_lv\":\"Ciemats \\\\\\\"Lapsas\\\\\\\"\",\"title_en\":\"Babite \",\"description_en\":\"\\\\\\\"Lapsas\\\\\\\" Village\",\"header_picture1\":\"tevysiwove.jpg\",\"header_picture2\":\"\",\"header_picture3\":\"\",\"header_picture4\":\"\"}', NULL, NULL, NULL, NULL, 0, 0),
(91, 0, 'Galerija', 6, 1, 10, 322, '', NULL, NULL, '{\"title_ru\":\"Адажи\",\"description_ru\":\"Поселок \\\\\\\"Дайлас\\\\\\\"\",\"title_lv\":\" Ādaži\",\"description_lv\":\"Ciemats \\\\\\\"Dailas\\\\\\\"\",\"title_en\":\"Adazi\",\"description_en\":\"\\\\\\\"Dailas\\\\\\\" village\",\"header_picture1\":\"leqakeqove.jpg\",\"header_picture2\":\"\",\"header_picture3\":\"\",\"header_picture4\":\"\"}', NULL, NULL, NULL, NULL, 0, 0),
(92, 0, 'Demo page (block library)', 7, 0, 0, 280, '', NULL, NULL, NULL, NULL, NULL, NULL, NULL, 0, 0),
(93, 0, 'Test page', 8, 0, 0, 280, '', NULL, NULL, '{\"header_picture1\":\"nibysazeqo.jpg\",\"header_picture3\":\"\",\"header_picture4\":\"\"}', NULL, NULL, NULL, NULL, 0, 0),
(95, 0, 'error404', 2, 0, 0, 280, '', NULL, NULL, NULL, NULL, NULL, NULL, NULL, 98, 0),
(96, 0, 'BŪVNIECĪBA', 4, 1, 26, 2, '', NULL, NULL, NULL, NULL, NULL, NULL, NULL, 1, 0),
(97, 0, 'test test', 9, 0, 0, 280, '', NULL, NULL, NULL, NULL, NULL, NULL, NULL, 0, 0),
(98, 0, 'test', 10, 0, 0, 280, '', NULL, NULL, NULL, NULL, NULL, NULL, NULL, 0, 0),
(102, 0, 'module_sysFile', 0, 0, 0, 341, '', NULL, NULL, NULL, NULL, NULL, NULL, NULL, 999, 0);

-- --------------------------------------------------------

--
-- Table structure for table `page_site_lang`
--

CREATE TABLE `page_site_lang` (
  `page_site_lang_id` int(11) NOT NULL,
  `site_lang_id` int(11) NOT NULL DEFAULT '0',
  `page_id` int(11) NOT NULL DEFAULT '0',
  `page_title` varchar(255) NOT NULL DEFAULT '',
  `page_description` varchar(300) DEFAULT NULL,
  `page_keywords` varchar(300) DEFAULT NULL,
  `page_menu_name` varchar(255) NOT NULL DEFAULT '',
  `lang_visible` int(11) NOT NULL DEFAULT '1',
  `path_lang` varchar(255) DEFAULT NULL,
  `additional_block` text,
  `page_header` varchar(255) DEFAULT NULL,
  `no_sub` int(1) DEFAULT NULL,
  `additional_block_ttl` varchar(255) DEFAULT NULL,
  `yellow_header` varchar(255) DEFAULT NULL
) ENGINE=MyISAM DEFAULT CHARSET=utf8;

--
-- Dumping data for table `page_site_lang`
--

INSERT INTO `page_site_lang` (`page_site_lang_id`, `site_lang_id`, `page_id`, `page_title`, `page_description`, `page_keywords`, `page_menu_name`, `lang_visible`, `path_lang`, `additional_block`, `page_header`, `no_sub`, `additional_block_ttl`, `yellow_header`) VALUES
(1, 3, 1, ' ПОСЕЛКИ', ' ПОСЕЛКИ', ' ПОСЕЛКИ', 'Поселки', 1, 'ru/poselki/', NULL, 'Поселки', NULL, NULL, ''),
(2, 1, 1, 'CIEMATI', 'CIEMATI', 'CIEMATI', 'Ciemati', 1, 'lv/ciemati/', NULL, 'Ciemativfeds', NULL, NULL, ''),
(3, 14, 1, 'VILLAGES', 'VILLAGES', 'VILLAGES', 'Village', 1, 'en/village/', NULL, 'Village', NULL, NULL, ''),
(4, 3, 2, 'СОТРУДНИЧЕСТВО', 'СОТРУДНИЧЕСТВО', 'СОТРУДНИЧЕСТВО', ' Сотрудничество', 1, 'ru/sotrudnichestvo/', NULL, ' Сотрудничество ', NULL, NULL, ''),
(5, 1, 2, 'SADARBĪBA', 'SADARBĪBA', 'SADARBĪBA', 'Sadarbība', 1, 'lv/sadarbiba/', NULL, 'Sadarbība', NULL, NULL, ''),
(6, 14, 2, 'СOOPERATION', 'СOOPERATION', 'СOOPERATION', 'Сooperation', 1, 'en/cooperation/', NULL, 'Сooperation', NULL, NULL, ''),
(191, 1, 64, 'Par ciematu', 'Par ciematu', 'Par ciematu', 'Par ciematu', 1, 'lv/ciemati/carnikava-ziedlejas/par-ciematu/', NULL, 'Par ciematu', NULL, NULL, ''),
(10, 3, 4, 'Контакты', 'Контакты', 'Контакты', 'Контакты', 1, 'ru/kontakti/', NULL, 'Контакты', NULL, NULL, ''),
(11, 1, 4, 'Kontakti', 'Kontakti', 'Kontakti', 'Kontakti', 1, 'lv/kontakti/', NULL, 'Kontakti', NULL, NULL, ''),
(12, 14, 4, 'Contacts', 'Contacts', 'Contacts', 'Contacts ', 1, 'en/contacts/', NULL, 'Contacts ', NULL, NULL, ''),
(13, 3, 5, 'index', 'index', 'index', 'index', 1, 'ru/index/', NULL, 'index', NULL, NULL, ''),
(14, 1, 5, 'index', 'index', 'index', 'index', 1, 'lv/index/', NULL, 'index', NULL, NULL, ''),
(15, 14, 5, 'index', 'index', 'index', 'index', 1, 'en/index/', NULL, 'index', NULL, NULL, ''),
(16, 3, 6, 'index', 'index', 'index', 'index', 1, 'ru/index/', NULL, 'index', NULL, NULL, ''),
(17, 1, 6, 'index', 'index', 'index', 'index', 1, 'lv/index/', NULL, 'index', NULL, NULL, ''),
(18, 14, 6, 'index', 'index', 'index', 'index', 1, 'en/index/', NULL, 'index', NULL, NULL, ''),
(19, 3, 7, 'test', 'test', 'test', 'test', 1, 'ru/test/', NULL, 'test', NULL, NULL, ''),
(20, 1, 7, 'test', 'test', 'test', 'test', 1, 'lv/test/', NULL, 'test', NULL, NULL, ''),
(21, 14, 7, 'test', 'test', 'test', 'test', 1, 'en/test/', NULL, 'test', NULL, NULL, ''),
(22, 3, 8, 'test2', 'test2', 'test2', 'test2', 1, 'ru/test2/', NULL, 'test2', NULL, NULL, ''),
(23, 1, 8, 'test2', 'test2', 'test2', 'test2', 1, 'lv/test2/', NULL, 'test2', NULL, NULL, ''),
(24, 14, 8, 'test2', 'test2', 'test2', 'test2', 1, 'en/test2/', NULL, 'test2', NULL, NULL, ''),
(25, 3, 9, 'Babīte “Lapsas”', 'Babīte “Lapsas”', 'Babīte “Lapsas”', 'Бабите \"Лапсас\"', 1, 'ru/poselki/babite-lapsas/', NULL, 'Бабите ', NULL, NULL, ''),
(26, 1, 9, 'Babīte “Lapsas”', 'Babīte “Lapsas”', 'Babīte “Lapsas”', 'Babīte “Lapsas”', 1, 'lv/ciemati/babite-lapsas/', NULL, 'Babīte ', NULL, NULL, ''),
(27, 14, 9, 'Babīte “Lapsas”', 'Babīte “Lapsas”', 'Babīte “Lapsas”', ' “Lapsas” in Babite', 1, 'en/villages/babite-lapsas/', NULL, ' Babite', NULL, NULL, ''),
(28, 3, 10, 'Ādaži “Dailas”', 'Ādaži “Dailas”', 'Ādaži “Dailas”', 'Адажи \"Дайлас\"', 1, 'ru/poselki/adazi-dailas/', NULL, 'Адажи', NULL, NULL, ''),
(29, 1, 10, 'Ādaži “Dailas”', 'Ādaži “Dailas”', 'Ādaži “Dailas”', 'Ādaži “Dailas”', 1, 'lv/ciemati/adazi-dailas/', NULL, 'Ādaži ', NULL, NULL, ''),
(30, 14, 10, 'Ādaži “Dailas”', 'Ādaži “Dailas”', 'Ādaži “Dailas”', ' “Dailas” in Adazi', 1, 'en/villages/dailas-in-adazi/', NULL, 'Adazi', NULL, NULL, ''),
(31, 3, 11, 'Царникава “Зиедлеяс”', 'Царникава “Зиедлеяс”', 'Царникава “Зиедлеяс”', 'Царникава “Зиедлеяс”', 1, 'ru/poselki/carnikava-ziedlejas/o-poselke/', NULL, 'Царникава ', NULL, NULL, ''),
(32, 1, 11, 'Canikava “Ziedlejas”', 'Canikava “Ziedlejas”', 'Canikava “Ziedlejas”', 'Canikava “Ziedlejas”', 1, 'lv/ciemati/carnikava-ziedlejas/par-ciematu/', NULL, 'Carnikava ', NULL, NULL, ''),
(33, 14, 11, '“Ziedlejas” in Carnikava', '“Ziedlejas” in Carnikava', '“Ziedlejas” in Carnikava', '“Ziedlejas” in Carnikava', 1, 'en/villages/ziedlejas-in-carnikava/about-village/', NULL, 'Carnikava ', NULL, NULL, ''),
(34, 3, 12, 'Саласпилс “Яунземес”', 'Саласпилс “Яунземес”', 'Саласпилс “Яунземес”', 'Саласпилс “Яунземес”', 1, 'ru/poselki/salaspils-jaunzemes/o-poselke/', NULL, ' Саласпилс', NULL, NULL, ''),
(35, 1, 12, 'Salaspils “Jaunzemes”', 'Salaspils “Jaunzemes”', 'Salaspils “Jaunzemes”', 'Salaspils “Jaunzemes”', 1, 'lv/ciemati/salaspils-jaunzemes/par-ciematu/', NULL, 'Salaspils', NULL, NULL, ''),
(36, 14, 12, '“Jaunzemes” in Salaspils', '“Jaunzemes” in Salaspils', '“Jaunzemes” in Salaspils', ' “Jaunzemes” in Salaspils', 1, 'en/villages/salaspils-jaunzemes/about-village/', NULL, 'Salaspils', NULL, NULL, ''),
(195, 14, 65, 'Land', 'Land', 'Land', 'Land', 1, 'en/village/ziedlejas-in-carnikava/land/', NULL, 'Land', NULL, NULL, ''),
(193, 3, 65, 'Земля', 'Земля', 'Земля', 'Земля', 1, 'ru/poselki/carnikava-ziedlejas/zemlja/', NULL, 'Земля', NULL, NULL, ''),
(194, 1, 65, 'Zeme', 'Zeme', 'Zeme', 'Zeme', 1, 'lv/ciemati/carnikava-ziedlejas/zeme/', NULL, 'Zeme', NULL, NULL, ''),
(192, 14, 64, 'About village', 'About village', 'About village', 'About village', 1, 'en/ciemati/ziedlejas-in-carnikava/about-village/', NULL, 'About village', NULL, NULL, ''),
(40, 3, 14, 'AKCIJAS', 'AKCIJAS', 'AKCIJAS', 'AKCIJAS', 1, 'ru/ciemati/akcijas/', NULL, 'AKCIJAS', NULL, NULL, ''),
(41, 1, 14, 'AKCIJAS', 'AKCIJAS', 'AKCIJAS', 'AKCIJAS', 1, 'lv/ciemati/akcijas/', NULL, 'AKCIJAS', NULL, NULL, ''),
(42, 14, 14, 'AKCIJAS', 'AKCIJAS', 'AKCIJAS', 'AKCIJAS', 1, 'en/ciemati/akcijas/', NULL, 'AKCIJAS', NULL, NULL, ''),
(43, 3, 15, 'Инвесторам', 'Ivestoriem', 'Ivestoriem', 'Инвесторам', 1, 'ru/sotrudnichestvo/ivestoram/', NULL, 'Инвесторам', NULL, NULL, ''),
(44, 1, 15, 'Ivestoriem', 'Ivestoriem', 'Ivestoriem', 'Ivestoriem', 1, 'lv/sadarbiba/ivestoriem/', NULL, 'Ivestoriem', NULL, NULL, ''),
(45, 14, 15, 'To investors', 'To investors', 'To investors', 'To investors', 1, 'en/cooperation/to-investors/', NULL, 'To investors', NULL, NULL, ''),
(188, 1, 63, 'Būvniecība', 'Būvniecība', 'Būvniecība', 'Būvniecība', 1, 'lv/buvnieciba/', NULL, 'Būvniecība', NULL, NULL, ''),
(189, 14, 63, ' Construction', ' Construction', ' Construction', 'Construction ', 1, 'en/construction/', NULL, 'Construction ', NULL, NULL, ''),
(187, 3, 63, 'Строительство', 'Строительство', 'Строительство', 'Строительство', 1, 'ru/stroiteljstvo/', NULL, 'Строительство', NULL, NULL, ''),
(186, 14, 62, 'About us', 'About us', 'About us', 'About us', 1, 'en/cooperation/about-us/', NULL, 'About us', NULL, NULL, ''),
(184, 3, 62, 'О нас', 'О нас', 'О нас', 'О нас ', 1, 'ru/sotrudnichestvo/o-nas/', NULL, 'О нас ', NULL, NULL, ''),
(185, 1, 62, 'Par mums', 'Par mums', 'Par mums', 'Par mums', 1, 'lv/sadarbiba/par-mums/', NULL, 'Par mums', NULL, NULL, ''),
(183, 14, 61, 'Financing', 'Financing', 'Financing', 'Financing', 1, 'en/cooperation/financing/', NULL, 'Financing', NULL, NULL, ''),
(181, 3, 61, 'Финансирование', 'Финансирование', 'Финансирование', 'Финансирование', 1, 'ru/sotrudnichestvo/finansirovanie/', NULL, 'Финансирование', NULL, NULL, ''),
(182, 1, 61, 'Finansējums', 'Finansējums', 'Finansējums', 'Finansējums', 1, 'lv/sadarbiba/finansejums/', NULL, 'Finansējums', NULL, NULL, ''),
(213, 14, 71, 'About village', 'About village', 'About village', 'About village', 1, 'en/villages/lapsas-in-babite/about-village/', NULL, 'About village', NULL, NULL, ''),
(212, 1, 71, 'Par ciematu', 'Par ciematu', 'Par ciematu', 'Par ciematu', 1, 'lv/ciemati/babite-lapsas/par-ciematu/', NULL, 'Par ciematu', NULL, NULL, ''),
(211, 3, 71, 'О поселке', 'О поселке', 'О поселке', 'О поселке', 1, 'ru/poselki/babite-lapsas/o-poselke/', NULL, 'О поселке', NULL, NULL, ''),
(210, 14, 70, 'Houses ', 'Mājas', 'Mājas', 'Houses ', 1, 'en/villages/mezaveji-in-marupe/houses/', NULL, 'Houses', NULL, NULL, ''),
(208, 3, 70, 'Дома', 'Mājas', 'Mājas', 'Дома', 1, 'ru/poselki/marupe-mezaveji/doma/', NULL, 'Дома', NULL, NULL, ''),
(209, 1, 70, 'Mājas', 'Mājas', 'Mājas', 'Mājas', 1, 'lv/ciemati/marupe-mezaveji/majas/', NULL, 'Mājas', NULL, NULL, ''),
(207, 14, 69, 'Land', 'Zeme', 'Zeme', 'Land', 1, 'en/villages/mezaveji-in-marupe/land/', NULL, 'Land', NULL, NULL, ''),
(199, 3, 67, '', NULL, NULL, '', 1, NULL, NULL, NULL, NULL, NULL, NULL),
(200, 1, 67, '', NULL, NULL, '', 1, NULL, NULL, NULL, NULL, NULL, NULL),
(201, 14, 67, '', NULL, NULL, '', 1, NULL, NULL, NULL, NULL, NULL, NULL),
(202, 3, 68, 'О поселке', 'О поселке', 'Par ciematu', 'О поселке', 1, 'ru/poselki/marupe-mezaveji/o-poselke/', NULL, 'О поселке', NULL, NULL, ''),
(198, 14, 66, ' Houses ', 'Houses ', 'Houses ', 'Houses ', 1, 'en/villages/carnikava-ziedlejas/houses/', NULL, 'Houses', NULL, NULL, ''),
(196, 3, 66, 'Дома', 'Дома', 'Дома', 'Дома', 1, 'ru/poselki/carnikava-ziedlejas/doma/', NULL, 'Дома', NULL, NULL, ''),
(197, 1, 66, 'Mājas', 'Mājas', 'Mājas', 'Mājas', 1, 'lv/ciemati/carnikava-ziedlejas/majas/', NULL, 'Mājas', NULL, NULL, ''),
(61, 3, 21, 'Canikava “Ziedlejas”', 'Canikava “Ziedlejas”', 'Canikava “Ziedlejas”', 'Canikava “Ziedlejas”', 1, 'ru/pur-mums/canikava-“ziedlejas”/', NULL, 'Canikava “Ziedlejas”', NULL, NULL, ''),
(62, 1, 21, 'Canikava “Ziedlejas”', 'Canikava “Ziedlejas”', 'Canikava “Ziedlejas”', 'Canikava “Ziedlejas”', 1, 'lv/pur-mums/canikava-“ziedlejas”/', NULL, 'Canikava “Ziedlejas”', NULL, NULL, ''),
(63, 14, 21, 'Canikava “Ziedlejas”', 'Canikava “Ziedlejas”', 'Canikava “Ziedlejas”', 'Canikava “Ziedlejas”', 1, 'en/pur-mums/canikava-“ziedlejas”/', NULL, 'Canikava “Ziedlejas”', NULL, NULL, ''),
(205, 3, 69, 'Земля', 'Zeme', 'Zeme', ' Земля', 1, 'ru/poselki/marupe-mezaveji/zemlja/', NULL, ' Земля', NULL, NULL, ''),
(206, 1, 69, 'Zeme', 'Zeme', 'Zeme', 'Zeme', 1, 'lv/ciemati/marupe-mezaveji/zeme/', NULL, 'Zeme', NULL, NULL, ''),
(204, 14, 68, 'About village', 'Par ciematu', 'Par ciematu', 'About village', 1, 'en/villages/mezaveji-in-marupe/about-villages/', NULL, 'About village', NULL, NULL, ''),
(203, 1, 68, 'Par ciematu', 'Par ciematu', 'Par ciematu', 'Par ciematu', 1, 'lv/ciemati/marupe-mezaveji/par-ciematu/', NULL, 'Par ciematu', NULL, NULL, ''),
(67, 3, 23, 'Mārupe “Mežavēji”', 'Mārupe “Mežavēji”', 'Mārupe “Mežavēji”', 'Mārupe “Mežavēji”', 1, 'ru/pur-mums/marupe-“mezaveji”/', NULL, 'Mārupe “Mežavēji”', NULL, NULL, ''),
(68, 1, 23, 'Mārupe “Mežavēji”', 'Mārupe “Mežavēji”', 'Mārupe “Mežavēji”', 'Mārupe “Mežavēji”', 1, 'lv/pur-mums/marupe-“mezaveji”/', NULL, 'Mārupe “Mežavēji”', NULL, NULL, ''),
(69, 14, 23, 'Mārupe “Mežavēji”', 'Mārupe “Mežavēji”', 'Mārupe “Mežavēji”', 'Mārupe “Mežavēji”', 1, 'en/pur-mums/marupe-“mezaveji”/', NULL, 'Mārupe “Mežavēji”', NULL, NULL, ''),
(70, 3, 24, '', NULL, NULL, '', 1, NULL, NULL, NULL, NULL, NULL, NULL),
(71, 1, 24, '', NULL, NULL, '', 1, NULL, NULL, NULL, NULL, NULL, NULL),
(72, 14, 24, '', NULL, NULL, '', 1, NULL, NULL, NULL, NULL, NULL, NULL),
(73, 3, 25, 'Ciemati', 'Ciemati', 'Ciemati', 'CIEMATI', 1, 'ru/ciemati/', NULL, 'CIEMATI', NULL, NULL, ''),
(74, 1, 25, 'Ciemati', 'Ciemati', 'Ciemati', 'CIEMATI', 1, 'lv/ciemati/', NULL, 'CIEMATI', NULL, NULL, ''),
(75, 14, 25, 'Ciemati', 'Ciemati', 'Ciemati', 'CIEMATI', 1, 'en/ciemati/', NULL, 'CIEMATI', NULL, NULL, ''),
(76, 3, 26, 'Ātras saites', 'Ātras saites', 'Ātras saites', 'ĀTRĀS SAITES', 1, 'ru/atras-saites/', NULL, 'ĀTRĀS SAITES', NULL, NULL, ''),
(77, 1, 26, 'Ātras saites', 'Ātras saites', 'Ātras saites', 'ĀTRĀS SAITES', 1, 'lv/atras-saites/', NULL, 'ĀTRĀS SAITES', NULL, NULL, ''),
(78, 14, 26, 'Ātras saites', 'Ātras saites', 'Ātras saites', 'ĀTRĀS SAITES', 1, 'en/atras-saites/', NULL, 'ĀTRĀS SAITES', NULL, NULL, ''),
(79, 3, 27, 'CARNIKAVA', 'CARNIKAVA', 'CARNIKAVA', 'ЦАРНИКАВА', 1, 'ru/ciemati/carnikava/', NULL, 'ЦАРНИКАВА', NULL, NULL, ''),
(80, 1, 27, 'CARNIKAVA', 'CARNIKAVA', 'CARNIKAVA', 'CARNIKAVA', 1, 'lv/ciemati/carnikava/', NULL, 'CARNIKAVA', NULL, NULL, ''),
(81, 14, 27, 'CARNIKAVA', 'CARNIKAVA', 'CARNIKAVA', 'CARNIKAVA', 1, 'en/ciemati/carnikava/', NULL, 'CARNIKAVA', NULL, NULL, ''),
(82, 3, 28, 'ĀDAŽI', 'ĀDAŽI', 'ĀDAŽI', 'АДАЖИ', 1, 'ru/ciemati/adazi/', NULL, 'АДАЖИ', NULL, NULL, ''),
(83, 1, 28, 'ĀDAŽI', 'ĀDAŽI', 'ĀDAŽI', 'ĀDAŽI', 1, 'lv/ciemati/adazi/', NULL, 'ĀDAŽI', NULL, NULL, ''),
(84, 14, 28, 'ĀDAŽI', 'ĀDAŽI', 'ĀDAŽI', 'АDAZI', 1, 'en/ciemati/adazi/', NULL, 'АDAZI', NULL, NULL, ''),
(85, 3, 29, 'MĀRUPE', 'MĀRUPE', 'MĀRUPE', 'МАРУПЕ', 1, 'ru/ciemati/marupe/', NULL, 'МАРУПЕ', NULL, NULL, ''),
(86, 1, 29, 'MĀRUPE', 'MĀRUPE', 'MĀRUPE', 'MĀRUPE', 1, 'lv/ciemati/marupe/', NULL, 'MĀRUPE', NULL, NULL, ''),
(87, 14, 29, 'MĀRUPE', 'MĀRUPE', 'MĀRUPE', 'MARUPE', 1, 'en/ciemati/marupe/', NULL, 'MARUPE', NULL, NULL, ''),
(88, 3, 30, 'BABĪTE', 'BABĪTE', 'BABĪTE', 'БАБИТЕ', 1, 'ru/ciemati/babite/', NULL, 'БАБИТЕ', NULL, NULL, ''),
(89, 1, 30, 'BABĪTE', 'BABĪTE', 'BABĪTE', 'BABĪTE', 1, 'lv/ciemati/babite/', NULL, 'BABĪTE', NULL, NULL, ''),
(90, 14, 30, 'BABĪTE', 'BABĪTE', 'BABĪTE', 'BABITE', 1, 'en/ciemati/babite/', NULL, 'BABITE', NULL, NULL, ''),
(91, 3, 31, 'SALASPILS', 'SALASPILS', 'SALASPILS', 'САЛАСПИЛС', 1, 'ru/ciemati/salaspils/', NULL, 'САЛАСПИЛС', NULL, NULL, ''),
(92, 1, 31, 'SALASPILS', 'SALASPILS', 'SALASPILS', 'SALASPILS', 1, 'lv/ciemati/salaspils/', NULL, 'SALASPILS', NULL, NULL, ''),
(93, 14, 31, 'SALASPILS', 'SALASPILS', 'SALASPILS', 'SALASPILS', 1, 'en/ciemati/salaspils/', NULL, 'SALASPILS', NULL, NULL, ''),
(94, 3, 32, 'О НАС', 'О НАС', 'О НАС', 'О НАС', 1, 'ru/atras-saites/o-nas/', NULL, 'О НАС', NULL, NULL, ''),
(95, 1, 32, 'PAR MUMS', 'PAR MUMS', 'PAR MUMS', 'PAR MUMS', 1, 'lv/atras-saites/par-mums/', NULL, 'PAR MUMS', NULL, NULL, ''),
(96, 14, 32, 'ABOUT US', 'ABOUT US', 'ABOUT US', 'ABOUT US', 1, 'en/atras-saites/about-us/', NULL, 'ABOUT US', NULL, NULL, ''),
(97, 3, 33, 'ФИНАНСИРОВАНИЕ', 'ФИНАНСИРОВАНИЕ', 'ФИНАНСИРОВАНИЕ', 'ФИНАНСИРОВАНИЕ', 1, 'ru/atras-saites/finansirovanie/', NULL, 'СОТРУДНИЧЕСТВО', NULL, NULL, ''),
(98, 1, 33, 'FINANSĒJUMS', 'FINANSĒJUMS', 'FINANSĒJUMS', 'FINANSĒJUMS ', 1, 'lv/atras-saites/finansejums/', NULL, 'FINANSĒJUMS ', NULL, NULL, ''),
(99, 14, 33, 'FINANCING', 'FINANCING', 'FINANCING', 'FINANCING', 1, 'en/atras-saites/financing/', NULL, 'FINANCING', NULL, NULL, ''),
(100, 3, 34, 'INVESTORIEM', 'INVESTORIEM', 'INVESTORIEM', 'ИНВЕСТОРАМ', 1, 'ru/atras-saites/investoram/', NULL, 'ИНВЕСТОРАМ', NULL, NULL, ''),
(101, 1, 34, 'INVESTORIEM', 'INVESTORIEM', 'INVESTORIEM', 'INVESTORIEM', 1, 'lv/atras-saites/investoriem/', NULL, 'INVESTORIEM', NULL, NULL, ''),
(102, 14, 34, 'INVESTORIEM', 'INVESTORIEM', 'INVESTORIEM', 'TO INVESTORS', 1, 'en/atras-saites/to-investors/', NULL, 'TO INVESTORS', NULL, NULL, ''),
(103, 3, 35, ' КОНТАКТЫ', ' КОНТАКТЫ', ' КОНТАКТЫ', ' КОНТАКТЫ', 1, 'ru/atras-saites/kontakti/', NULL, ' КОНТАКТЫ', NULL, NULL, ''),
(104, 1, 35, 'KONTAKTI', 'KONTAKTI', 'KONTAKTI', 'KONTAKTI', 1, 'lv/atras-saites/kontakti/', NULL, 'KONTAKTI', NULL, NULL, ''),
(105, 14, 35, 'CONTACTS', 'CONTACTS', 'CONTACTS', 'CONTACTS', 1, 'en/atras-saites/contacts/', NULL, 'CONTACTS', NULL, NULL, ''),
(106, 3, 36, 'Политика конфиденциальности', 'Политика конфиденциальности', 'Политика конфиденциальности', 'Политика конфиденциальности', 1, 'ru/politika-konfedicialjnosti/', NULL, 'Политика конфиденциальности', NULL, NULL, ''),
(107, 1, 36, 'Privātuma politika', 'PRIVATUMA POLITIKA', 'PRIVATUMA POLITIKA', 'Privātuma politika', 1, 'lv/privatuma-politika/', NULL, 'Privātuma politika', NULL, NULL, ''),
(108, 14, 36, 'Privacy policy', 'PRIVATUMA POLITIKA', 'PRIVATUMA POLITIKA', 'Privacy policy', 1, 'en/privacy-policy/', NULL, 'Privacy policy', NULL, NULL, ''),
(109, 3, 37, 'all_blocks', 'all_blocks', 'all_blocks', 'all_blocks', 1, 'ru/all-blocks/', NULL, 'all_blocks', NULL, NULL, ''),
(110, 1, 37, 'all_blocks', 'all_blocks', 'all_blocks', 'all_blocks', 1, 'lv/all-blocks/', NULL, 'all_blocks', NULL, NULL, ''),
(111, 14, 37, 'all_blocks', 'all_blocks', 'all_blocks', 'all_blocks', 1, 'en/all-blocks/', NULL, 'all_blocks', NULL, NULL, ''),
(112, 3, 38, 'Главная', 'main', 'main', 'Главная', 1, 'ru/glavnaja/', NULL, 'Главная', NULL, NULL, ''),
(113, 1, 38, 'Galvenā lapa', 'main', 'main', 'Galvenā', 1, 'lv/galvena/', NULL, 'Galvenā', NULL, NULL, ''),
(114, 14, 38, 'Main page', 'main', 'main', 'Main page', 1, 'en/main-page/', NULL, 'Main page', NULL, NULL, ''),
(115, 3, 39, '', NULL, NULL, '', 1, NULL, NULL, NULL, NULL, NULL, NULL),
(116, 1, 39, '', NULL, NULL, '', 1, NULL, NULL, NULL, NULL, NULL, NULL),
(117, 14, 39, '', NULL, NULL, '', 1, NULL, NULL, NULL, NULL, NULL, NULL),
(118, 3, 40, 'О поселке', 'О поселке', 'О поселке', 'О поселке', 1, 'ru/poselki/salaspils-jaunzemes/o-poselke/', NULL, 'О поселке', NULL, NULL, ''),
(119, 1, 40, 'Par ciematu', 'Par ciematu', 'Par ciematu', 'Par ciematu', 1, 'lv/ciemati/salaspils-jaunzemes/par-ciematu/', NULL, 'Par ciematu', NULL, NULL, ''),
(120, 14, 40, 'About village', 'About village', 'About village', 'About village', 1, 'en/villages/jaunzemes-in-salaspils/about-village/', NULL, 'About village', NULL, NULL, ''),
(121, 3, 41, 'Земля', 'Земля', 'Zeme', 'Земля', 1, 'ru/poselok/salaspils-jaunzemes/zemlja/', NULL, 'Земля', NULL, NULL, ''),
(122, 1, 41, 'Zeme', 'Zeme', 'Zeme', 'Zeme', 1, 'lv/ciemati/salaspils-jaunzemes/zeme/', NULL, 'Zeme', NULL, NULL, ''),
(123, 14, 41, 'Land', 'Land', 'land', 'Land', 1, 'en/villages/jaunzemes-in-salaspils/land/', NULL, 'Land', NULL, NULL, ''),
(124, 3, 42, 'Дома', 'Дома', 'Дома', 'Дома', 1, 'ru/poselki/salaspils-jaunzemes/doma/', NULL, 'Дома', NULL, NULL, ''),
(125, 1, 42, 'Mājas', 'Mājas', 'Mājas', 'Mājas', 1, 'lv/ciemati/salaspils-jaunzemes/majas/', NULL, 'Mājas', NULL, NULL, ''),
(126, 14, 42, 'Houses ', 'Houses ', 'Houses ', 'Houses ', 1, 'en/villages/jaunzemes-in-salaspils/houses/', NULL, 'Houses ', NULL, NULL, ''),
(127, 3, 43, 'Построй сам', 'Būvē pats', 'Būvē pats', 'Построй сам', 1, 'ru/poselki/salaspils-jaunzemes/postroj-sam/', NULL, 'Построй сам', NULL, NULL, ''),
(128, 1, 43, 'Būvē pats', 'Būvē pats', 'Būvē pats', 'Būvē pats', 1, 'lv/ciemati/salaspils-jaunzemes/buve-pats/', NULL, 'Būvē pats', NULL, NULL, ''),
(129, 14, 43, 'Build yourself', 'Būvē pats', 'Būvē pats', 'Build yourself', 1, 'en/villages/jaunzemes-in-salaspils/build-yourself/', NULL, 'Build yourself', NULL, NULL, ''),
(130, 3, 44, 'Финансирование', 'Финансирование', 'Финансирование', 'Финансирование', 1, 'ru/poselki/salaspils-jaunzemes/finansirovanie/', NULL, 'Финансирование', NULL, NULL, ''),
(131, 1, 44, 'Finansējums', 'Finansējums', 'Finansējums', 'Finansējums', 1, 'lv/ciemati/salaspils-jaunzemes/finansejums/', NULL, 'Finansējums', NULL, NULL, ''),
(132, 14, 44, 'Financing', 'Financing', 'Financing', 'Financing', 1, 'en/villages/jaunzemes-in-salaspils/financing/', NULL, 'Financing', NULL, NULL, ''),
(173, 1, 58, 'Thank you', 'Thank you', 'Thank you', 'Thank you', 1, 'lv/thank-you/', NULL, 'Thank you', NULL, NULL, ''),
(172, 3, 58, 'Thank you', 'Thank you', 'Thank you', 'Thank you', 1, 'ru/thank-you/', NULL, 'Thank you', NULL, NULL, ''),
(136, 3, 46, '', NULL, NULL, '', 1, NULL, NULL, NULL, NULL, NULL, NULL),
(137, 1, 46, '', NULL, NULL, '', 1, NULL, NULL, NULL, NULL, NULL, NULL),
(138, 14, 46, '', NULL, NULL, '', 1, NULL, NULL, NULL, NULL, NULL, NULL),
(139, 3, 47, 'gallery', 'gallery', 'gallery', 'Галерея', 1, 'ru/poselki/salaspils-jaunzemes/galereja', NULL, 'Галерея', NULL, NULL, ''),
(140, 1, 47, 'Galerija', 'gallery', 'gallery', 'Galerija', 1, 'lv/ciemati/salaspils-jaunzemes/galerija/', NULL, 'Galerija', NULL, NULL, ''),
(141, 14, 47, 'Gallery', 'gallery', 'gallery', 'Gallery', 1, 'en/villages/jaunzemes-in-salaspils/gallery/', NULL, 'Gallery', NULL, NULL, ''),
(142, 3, 48, 'test', 'test', 'test', 'test', 1, 'ru/test/', NULL, 'test', NULL, NULL, ''),
(143, 1, 48, 'test', 'test', 'test', 'test', 1, 'lv/test/', NULL, 'test', NULL, NULL, ''),
(144, 14, 48, 'test', 'test', 'test', 'test', 1, 'en/test/', NULL, 'test', NULL, NULL, ''),
(153, 14, 51, '', NULL, NULL, '', 1, NULL, NULL, NULL, NULL, NULL, NULL),
(152, 1, 51, '', NULL, NULL, '', 1, NULL, NULL, NULL, NULL, NULL, NULL),
(151, 3, 51, '', NULL, NULL, '', 1, NULL, NULL, NULL, NULL, NULL, NULL),
(155, 1, 52, '', NULL, NULL, '', 1, NULL, NULL, NULL, NULL, NULL, NULL),
(154, 3, 52, '', NULL, NULL, '', 1, NULL, NULL, NULL, NULL, NULL, NULL),
(156, 14, 52, '', NULL, NULL, '', 1, NULL, NULL, NULL, NULL, NULL, NULL),
(157, 3, 53, '', NULL, NULL, '', 1, NULL, NULL, NULL, NULL, NULL, NULL),
(158, 1, 53, '', NULL, NULL, '', 1, NULL, NULL, NULL, NULL, NULL, NULL),
(159, 14, 53, '', NULL, NULL, '', 1, NULL, NULL, NULL, NULL, NULL, NULL),
(160, 3, 54, '', NULL, NULL, '', 1, NULL, NULL, NULL, NULL, NULL, NULL),
(161, 1, 54, '', NULL, NULL, '', 1, NULL, NULL, NULL, NULL, NULL, NULL),
(162, 14, 54, '', NULL, NULL, '', 1, NULL, NULL, NULL, NULL, NULL, NULL),
(163, 3, 55, '', NULL, NULL, '', 1, NULL, NULL, NULL, NULL, NULL, NULL),
(164, 1, 55, '', NULL, NULL, '', 1, NULL, NULL, NULL, NULL, NULL, NULL),
(165, 14, 55, '', NULL, NULL, '', 1, NULL, NULL, NULL, NULL, NULL, NULL),
(169, 3, 57, '', NULL, NULL, '', 1, NULL, NULL, NULL, NULL, NULL, NULL),
(190, 3, 64, 'О поселке', 'Par ciematu', 'Par ciematu', 'О поселке', 1, 'ru/poselki/carnikava-ziedlejas/o-poselke/', NULL, 'О поселке', NULL, NULL, ''),
(170, 1, 57, '', NULL, NULL, '', 1, NULL, NULL, NULL, NULL, NULL, NULL),
(171, 14, 57, '', NULL, NULL, '', 1, NULL, NULL, NULL, NULL, NULL, NULL),
(174, 14, 58, 'Thank you', 'Thank you', 'Thank you', 'Thank you', 1, 'en/thank-you/', NULL, 'Thank you', NULL, NULL, ''),
(175, 3, 59, 'module_thankYou', 'module_thankYou', 'module_thankYou', 'module_thankYou', 1, 'ru/module-thankyou/', NULL, 'module_thankYou', NULL, NULL, ''),
(176, 1, 59, 'module_thankYou', 'module_thankYou', 'module_thankYou', 'module_thankYou', 1, 'lv/module-thankyou/', NULL, 'module_thankYou', NULL, NULL, ''),
(177, 14, 59, 'module_thankYou', 'module_thankYou', 'module_thankYou', 'module_thankYou', 1, 'en/module-thankyou/', NULL, 'module_thankYou', NULL, NULL, ''),
(178, 3, 60, 'Марупе \"Межавеи\"', 'Марупе \"Межавеи\"', 'Марупе \"Межавеи\"', 'Марупе \"Межавеи\"', 1, 'ru/poselki/marupe-mezaveji/', NULL, 'Марупе', NULL, NULL, ''),
(179, 1, 60, 'Mārupe “Mežavēji”', 'Mārupe “Mežavēji”', 'Mārupe “Mežavēji”', 'Mārupe “Mežavēji”', 1, 'lv/ciemati/marupe-mezaveji/', NULL, 'Mārupe', NULL, NULL, ''),
(180, 14, 60, '\"Mezavei\" in Marupe', '\"Mezavei\" in Marupe', '\"Mezavei\" in Marupe', '\"Mezavei\" in Marupe', 1, 'en/villages/mezavei-in-marupe/', NULL, 'Marupe', NULL, NULL, ''),
(214, 3, 72, 'Земля', 'Земля', 'Земля', 'Земля', 1, 'ru/poselki/babite-lapsas/zemlja/', NULL, 'Земля', NULL, NULL, ''),
(215, 1, 72, 'Zeme', 'Zeme', 'Zeme', 'Zeme', 1, 'lv/ciemati/babite-lapsas/zeme/', NULL, 'Zeme', NULL, NULL, ''),
(216, 14, 72, 'Land', 'Land', 'Land', 'Land', 1, 'en/village/lapsas-in-babite/land/', NULL, 'Land', NULL, NULL, ''),
(217, 3, 73, 'Дома', 'Дома', 'Дома', 'Дома', 1, 'ru/poselki/babite-lapsas/doma/', NULL, 'Дома', NULL, NULL, ''),
(218, 1, 73, 'Mājas', 'Mājas', 'Mājas', 'Mājas', 1, 'lv/ciemati/babite-lapsas/majas/', NULL, 'Mājas', NULL, NULL, ''),
(219, 14, 73, 'Houses ', 'Houses ', 'Houses ', 'Houses ', 1, 'en/villages/lapsas-in-babite/houses/', NULL, 'Houses ', NULL, NULL, ''),
(220, 3, 74, ' О поселке', ' О поселке', ' О поселке', ' О поселке', 1, 'ru/poselki/adazi-dailas/o-poselke/', NULL, ' О поселке', NULL, NULL, ''),
(221, 1, 74, 'Par ciematu', 'Par ciematu', 'Par ciematu', 'Par ciematu', 1, 'lv/ciemati/adazi-dailas/par-ciematu/', NULL, 'Par ciematu', NULL, NULL, ''),
(222, 14, 74, 'About village', 'About village', 'About village', 'About village', 1, 'en/villages/dailas-in-adazi/about-village/', NULL, 'About village', NULL, NULL, ''),
(223, 3, 75, ' Земля', ' Земля', ' Земля', ' Земля', 1, 'ru/poselki/adazi-dailas/zemlja/', NULL, ' Земля', NULL, NULL, ''),
(224, 1, 75, 'Zeme', 'Zeme', 'Zeme', 'Zeme', 1, 'lv/ciemati/adazi-dailas/zeme/', NULL, 'Zeme', NULL, NULL, ''),
(225, 14, 75, 'Land', 'Land', 'land', 'Land', 1, 'en/villages/dailas-in-adazi/land/', NULL, 'Land', NULL, NULL, ''),
(226, 3, 76, 'Дома', 'Дома', 'Дома', 'Дома', 1, 'ru/poselki/adazi-dailas/doma/', NULL, 'Дома', NULL, NULL, ''),
(227, 1, 76, 'Mājas', 'Mājas', 'Mājas', 'Mājas', 1, 'lv/ciemati/adazi-dailas/majas/', NULL, 'Mājas', NULL, NULL, ''),
(228, 14, 76, 'Houses', 'Houses', 'Houses', 'Houses', 1, 'en/villages/dailas-in-adazi/houses/', NULL, 'Houses', NULL, NULL, ''),
(229, 3, 77, '', NULL, NULL, '', 1, NULL, NULL, NULL, NULL, NULL, NULL),
(230, 1, 77, '', NULL, NULL, '', 1, NULL, NULL, NULL, NULL, NULL, NULL),
(231, 14, 77, '', NULL, NULL, '', 1, NULL, NULL, NULL, NULL, NULL, NULL),
(232, 3, 78, '', NULL, NULL, '', 1, NULL, NULL, NULL, NULL, NULL, NULL),
(233, 1, 78, '', NULL, NULL, '', 1, NULL, NULL, NULL, NULL, NULL, NULL),
(234, 14, 78, '', NULL, NULL, '', 1, NULL, NULL, NULL, NULL, NULL, NULL),
(235, 3, 79, '', NULL, NULL, '', 1, NULL, NULL, NULL, NULL, NULL, NULL),
(236, 1, 79, '', NULL, NULL, '', 1, NULL, NULL, NULL, NULL, NULL, NULL),
(237, 14, 79, '', NULL, NULL, '', 1, NULL, NULL, NULL, NULL, NULL, NULL),
(238, 3, 80, 'Построй сам', 'Būvē pats', 'Būvē pats', 'Построй сам', 1, 'ru/poselki/marupe-mezaveji/postroj-sam/', NULL, 'Построй сам', NULL, NULL, ''),
(239, 1, 80, 'Būvē pats', 'Būvē pats', 'Būvē pats', 'Būvē pats', 1, 'lv/ciemati/marupe-mezaveji/buve-pats/', NULL, 'Būvē pats', NULL, NULL, ''),
(240, 14, 80, 'Build yourself', 'Būvē pats', 'Būvē pats', 'Build yourself', 1, 'en/villages/mezaveji-in-marupe/build-yourself/', NULL, 'Build yourself', NULL, NULL, ''),
(241, 3, 81, 'Построй сам', 'Построй сам', 'Построй сам', 'Построй сам', 1, 'ru/poselki/carnikava-ziedlejas/postroj-sam/', NULL, 'Построй сам', NULL, NULL, ''),
(242, 1, 81, 'Būvē pats', 'Būvē pats', 'Būvē pats', 'Būvē pats', 1, 'lv/ciemati/carnikava-ziedlejas/buve-pats/', NULL, 'Būvē pats', NULL, NULL, ''),
(243, 14, 81, 'Build yourself', 'Build yourself', 'Build yourself', 'Build yourself', 1, 'en/villages/carnikava-ziedlejas/build-yourself/', NULL, 'Build yourself', NULL, NULL, ''),
(244, 3, 82, ' Построй сам', ' Построй сам', ' Построй сам', ' Построй сам', 1, 'ru/poselki/babite-lapsas/postroj-sam/', NULL, ' Построй сам', NULL, NULL, ''),
(245, 1, 82, 'Būvē pats', 'Būvē pats', 'Būvē pats', 'Būvē pats', 1, 'lv/ciemati/babite-lapsas/buve-pats/', NULL, 'Būvē pats', NULL, NULL, ''),
(246, 14, 82, 'Build yourself', 'Build yourself', 'Build yourself', 'Build yourself', 1, 'en/villages/lapsas-in-babite/build-yourself/', NULL, 'Build yourself', NULL, NULL, ''),
(247, 3, 83, ' Построй сам', ' Построй сам', ' Построй сам', ' Построй сам', 1, 'ru/poselki/adazi-dailas/postroj-sam/', NULL, ' Построй сам', NULL, NULL, ''),
(248, 1, 83, 'Būvē pats', 'Būvē pats', 'Būvē pats', 'Būvē pats', 1, 'lv/ciemati/adazi-dailas/buve-pats/', NULL, 'Būvē pats', NULL, NULL, ''),
(249, 14, 83, 'Build yourself', 'Build yourself', 'Build yourself', 'Build yourself', 1, 'en/villages/dailas-in-adazi/build-yourself/', NULL, 'Build yourself', NULL, NULL, ''),
(250, 3, 84, 'Финансирование', 'Финансирование', 'Финансирование', 'Финансирование', 1, 'ru/poselki/babite-lapsas/finansirovanie/', NULL, 'Финансирование', NULL, NULL, ''),
(251, 1, 84, 'Finansējums', 'Finansējums', 'Finansējums', 'Finansējums', 1, 'lv/ciemati/babite-lapsas/finansejums/', NULL, 'Finansējums', NULL, NULL, ''),
(252, 14, 84, 'Financing', 'Financing', 'Financing', 'Infrastructure', 1, 'en/villages/lapsas-in-babite/financing/', NULL, 'Infrastructure', NULL, NULL, ''),
(253, 3, 85, 'Финансирование', 'Финансирование', 'Финансирование', 'Финансирование', 1, 'ru/poselki/adazi-dailas/finansirovanie/', NULL, 'Финансирование', NULL, NULL, ''),
(254, 1, 85, 'Finansējums', 'Finansējums', 'Finansējums', 'Finansējums', 1, 'lv/ciemati/adazi-dailas/finansejums/', NULL, 'Finansējums', NULL, NULL, ''),
(255, 14, 85, 'Financing', 'Financing', 'Financing', 'Financing', 1, 'en/villages/dailas-in-adazi/financing/', NULL, 'Financing', NULL, NULL, ''),
(256, 3, 86, 'Финансирование', 'Финансирование', 'Финансирование', 'Финансирование', 1, 'ru/poselki/marupe-mezaveji/finansirovanie/', NULL, 'Финансирование', NULL, NULL, ''),
(257, 1, 86, 'Finansējums', 'Finansējums', 'Finansējums', 'Finansējums', 1, 'lv/ciemati/marupe-mezaveji/finansejums/', NULL, 'Finansējums', NULL, NULL, ''),
(258, 14, 86, 'Financing', 'Financing', 'Financing', 'Financing', 1, 'en/villages/mezaveji-in-marupe/financing/', NULL, 'Financing', NULL, NULL, ''),
(259, 3, 87, 'Финансирование', 'Финансирование', 'Финансирование', 'Финансирование', 1, 'ru/poselki/carnikava-ziedlejas/finansirovanie/', NULL, 'Финансирование', NULL, NULL, ''),
(260, 1, 87, 'Finansējums', 'Finansējums', 'Finansējums', 'Finansējums', 1, 'lv/ciemati/carnikava-ziedlejas/finansejums/', NULL, 'Finansējums', NULL, NULL, ''),
(261, 14, 87, 'Financing', 'Financing', 'Financing', 'Financing', 1, 'en/villages/ziedlejas-in-carnikava/financing/', NULL, 'Financing', NULL, NULL, ''),
(262, 3, 88, 'Галерея ', 'Галерея ', 'Галерея ', 'Галерея ', 1, 'ru/poselki/carnikava-ziedlejas/galereja/', NULL, 'Галерея ', NULL, NULL, ''),
(263, 1, 88, 'Galerija', 'Galerija', 'Galerija', 'Galerija', 1, 'lv/ciemati/canikava-ziedlejas/galerija/', NULL, 'Galerija', NULL, NULL, ''),
(264, 14, 88, 'Gallery', 'Gallery', 'Gallery', 'Gallery', 1, 'en/villages/canikava-ziedlejas/gallery/', NULL, 'Gallery', NULL, NULL, ''),
(265, 3, 89, 'Галерея ', 'Galerija', 'Galerija', ' Галерея', 1, 'ru/poselki/marupe-mezaveji/galereja/', NULL, ' Галерея', NULL, NULL, ''),
(266, 1, 89, 'Galerija', 'Galerija', 'Galerija', 'Galerija', 1, 'lv/ciemati/marupe-mezaveji/galerija/', NULL, 'Galerija', NULL, NULL, ''),
(267, 14, 89, 'Gallery', 'Galerija', 'Galerija', 'Gallery', 1, 'en/villages/mezavej-in-mezaveji/gallery/', NULL, 'Gallery', NULL, NULL, ''),
(268, 3, 90, 'Галерея', 'Галерея', 'Галерея', 'Галерея', 1, 'ru/poselki/babite-lapsas/galereja/', NULL, 'Галерея', NULL, NULL, ''),
(269, 1, 90, 'Galerija', 'Galerija', 'Galerija', 'Galerija', 1, 'lv/ciemati/babite-lapsas/galerija/', NULL, 'Galerija', NULL, NULL, ''),
(270, 14, 90, 'Gallery', 'Gallery', 'Gallery', 'Gallery', 1, 'en/villages/lapsas-in-babite/gallery/', NULL, 'Gallery', NULL, NULL, ''),
(271, 3, 91, 'Галерея', 'Галерея', 'Галерея', 'Галерея', 1, 'ru/poselki/adazi-dailas/galereja/', NULL, 'Галерея', NULL, NULL, ''),
(272, 1, 91, 'Galerija', 'Galerija', 'Galerija', 'Galerija', 1, 'lv/ciemati/adazi-dailas/galerija/', NULL, 'Galerija', NULL, NULL, ''),
(273, 14, 91, 'Gallery', 'Gallery', 'Gallery', 'Gallery', 1, 'en/villages/adazi-dailas/gallery/', NULL, 'Gallery', NULL, NULL, ''),
(274, 3, 92, 'Demo page (block library)', 'Demo page (block library)', 'Demo page (block library)', 'Demo page (block library)', 1, 'ru/demo-page-block-library/', NULL, 'Demo page (block library)', NULL, NULL, ''),
(275, 1, 92, 'Demo page (block library)', 'Demo page (block library)', 'Demo page (block library)', 'Demo page (block library)', 1, 'lv/demo-page-block-library/', NULL, 'Demo page (block library)', NULL, NULL, ''),
(276, 14, 92, 'Demo page (block library)', 'Demo page (block library)', 'Demo page (block library)', 'Demo page (block library)', 1, 'en/demo-page-block-library/', NULL, 'Demo page (block library)', NULL, NULL, ''),
(277, 3, 93, 'Test page', 'Test page', 'Test page', 'Test page', 1, 'ru/test-page/', NULL, 'Test page', NULL, NULL, ''),
(278, 1, 93, 'Test page', 'Test page', 'Test page', 'Menu name', 1, 'lv/test-page/', NULL, 'Content header', NULL, NULL, ''),
(279, 14, 93, 'Test page', 'Test page', 'Test page', 'Test page', 1, 'en/test-page/', NULL, 'Test page', NULL, NULL, ''),
(283, 3, 95, 'error404', 'error404', 'error404', 'error404', 1, 'ru/error404/', NULL, 'error404', NULL, NULL, ''),
(284, 1, 95, 'error404', 'error404', 'error404', 'error404', 1, 'lv/error404/', NULL, 'error404', NULL, NULL, ''),
(285, 14, 95, 'error404', 'error404', 'error404', 'error404', 1, 'en/error404/', NULL, 'error404', NULL, NULL, ''),
(286, 3, 96, 'СТРОИТЕЛЬСТВО', 'СТРОИТЕЛЬСТВО', 'СТРОИТЕЛЬСТВО', 'СТРОИТЕЛЬСТВО', 1, 'ru/stroiteljstvo/', NULL, 'СТРОИТЕЛЬСТВО', NULL, NULL, ''),
(287, 1, 96, 'BUVNIECĪBA', 'BUVNIECĪBA', 'BUVNIECĪBA', 'BŪVNIECĪBA', 1, 'lv/buvnieciba/', NULL, 'BŪVNIECĪBA', NULL, NULL, ''),
(288, 14, 96, 'CONSTRUCTION', 'CONSTRUCTION', 'CONSTRUCTION', 'CONSTRUCTION', 1, 'en/contruction/', NULL, 'CONSTRUCTION', NULL, NULL, ''),
(289, 3, 97, 'test test', 'test test', 'test test', 'test test', 1, 'ru/test-test/', NULL, 'test test', NULL, NULL, ''),
(290, 1, 97, 'test test', 'test test', 'test test', 'test test', 1, 'lv/test-test/', NULL, 'test test', NULL, NULL, ''),
(291, 14, 97, 'test test', 'test test', 'test test', 'test test', 1, 'en/test-test/', NULL, 'test test', NULL, NULL, ''),
(292, 3, 98, 'test', 'test', 'test', 'test', 1, 'ru/test/', NULL, 'test', NULL, NULL, ''),
(293, 1, 98, 'test', 'test', 'test', 'test', 1, 'lv/test/', NULL, 'test', NULL, NULL, ''),
(294, 14, 98, 'test', 'test', 'test', 'test', 1, 'en/test/', NULL, 'test', NULL, NULL, ''),
(306, 14, 102, '', NULL, NULL, '', 1, NULL, NULL, NULL, NULL, NULL, NULL),
(304, 3, 102, '', NULL, NULL, '', 1, NULL, NULL, NULL, NULL, NULL, NULL),
(305, 1, 102, '', NULL, NULL, '', 1, NULL, NULL, NULL, NULL, NULL, NULL);

-- --------------------------------------------------------

--
-- Table structure for table `page_type`
--

CREATE TABLE `page_type` (
  `page_type_id` int(11) NOT NULL,
  `page_type_class_name` varchar(255) NOT NULL DEFAULT '',
  `page_type_title` varchar(255) NOT NULL DEFAULT '',
  `page_type_description` varchar(255) NOT NULL DEFAULT '',
  `visible` int(11) NOT NULL DEFAULT '0',
  `order` int(11) NOT NULL DEFAULT '99',
  `type` int(11) DEFAULT '0',
  `version` double(8,3) NOT NULL DEFAULT '1.000',
  `is_sys` int(1) NOT NULL DEFAULT '0'
) ENGINE=MyISAM DEFAULT CHARSET=utf8;

--
-- Dumping data for table `page_type`
--

INSERT INTO `page_type` (`page_type_id`, `page_type_class_name`, `page_type_title`, `page_type_description`, `visible`, `order`, `type`, `version`, `is_sys`) VALUES
(2, 'module_menu', 'Link to other page', 'class link to other page', 1, 3, 1, 1.000, 0),
(280, 'module_blocks', 'Page constructor', 'Page constructor', 1, 1, 1, 1.000, 0),
(306, 'module_sysconstructor', 'Blocks templates', 'Blocks templates', 0, 99, 0, 1.000, 1),
(288, 'module_sysphotogal', 'sys photogal', 'sys photogal', 0, 99, 0, 1.000, 1),
(318, 'module_ecommerce_settings', 'ecommerce_settings', 'Ecommerce settings', 1, 0, 0, 1.000, 0),
(319, 'module_main', 'Main page', 'Main page', 1, 0, 0, 1.000, 0),
(320, 'module_sysDomuss', 'module sysDomuss', 'module sysDomuss', 0, 0, 1, 1.000, 1),
(321, 'module_sysAction', 'module sysAction', 'module sysAction', 0, 0, 1, 1.000, 1),
(322, 'module_photoGallery', 'Photo Gallery', 'Photo Gallery', 1, 0, 0, 1.000, 0),
(323, 'module_alias', 'Module Alias', 'Module Alias', 1, 99, 0, 1.000, 0),
(324, 'module_map', 'Map', 'module_map', 1, 0, 0, 1.400, 0),
(337, 'module_contacts', 'Contacts page', 'Contacts page', 1, 0, 0, 1.000, 0),
(336, 'module_sysSalaspils', 'Salaspils objects db', 'Salaspils objects db', 0, 0, 1, 1.000, 1),
(329, 'module_sysHandbook', 'module SysHandbook', 'module SysHandbook', 0, 0, 1, 1.000, 1),
(330, 'module_village_about', 'module_village_about', 'module_village_about', 1, 0, 0, 1.000, 0),
(331, 'module_sysDailas', 'Dailas objects db', 'Dailas objects db', 0, 0, 1, 1.000, 1),
(332, 'module_sysLapsas', 'Lapsas objects db', 'Lapsas objects db', 0, 0, 1, 1.000, 1),
(333, 'module_sysZiedlejas', 'Ziedlejas objects db', 'Ziedlejas objects db', 0, 0, 1, 1.000, 1),
(334, 'module_village_house', 'module_village_house', 'module_village_house', 1, 0, 0, 1.000, 0),
(338, 'module_thankYou', 'module_thankYou', 'module_thankYou', 1, 0, 0, 1.000, 0),
(339, 'module_sysMarupe', 'Marupe objects db', 'Marupe objects db', 0, 0, 1, 1.000, 1),
(340, 'module_akcijas', 'Akcijas', 'Akcijas', 1, 0, 0, 1.000, 0),
(341, 'module_sysFile', 'module_sysFile', 'module_sysFile', 0, 0, 0, 1.000, 1);

-- --------------------------------------------------------

--
-- Table structure for table `redirect_managment`
--

CREATE TABLE `redirect_managment` (
  `id` int(11) NOT NULL,
  `created` timestamp NOT NULL DEFAULT CURRENT_TIMESTAMP ON UPDATE CURRENT_TIMESTAMP,
  `created_by` int(11) DEFAULT NULL,
  `url_from` varchar(255) DEFAULT NULL,
  `url_to` varchar(255) DEFAULT NULL
) ENGINE=MyISAM DEFAULT CHARSET=utf8;

-- --------------------------------------------------------

--
-- Table structure for table `settings`
--

CREATE TABLE `settings` (
  `id` varchar(255) NOT NULL,
  `data` text
) ENGINE=MyISAM DEFAULT CHARSET=utf8;

--
-- Dumping data for table `settings`
--

INSERT INTO `settings` (`id`, `data`) VALUES
('last_check_req', '1548753478'),
('last_changes', ''),
('cms_db_version', '2.0'),
('user_settings', '{\"START_SITE_ADDRES\":\"http:\\/\\/domuss.sr5.amparo.lv\",\"TB_PREFIX\":\"\",\"SMARTY_FORCE_COMPILE\":\"1\",\"OWNER_NAME\":\"Domuss Ciemati\",\"OWNER_EMAIL\":\"jk@amparo.lv\",\"SITE_NAME\":\"domuss.sr5.amparo.lv\",\"ALTERNATIVE_PAGE\":\"1\",\"SITE_FIRST_PAGE\":\"38\",\"SITE_404_PAGE\":\"95\",\"SITE_TNX_PAGE\":\"58\",\"SITE_DEFAULT_LANG\":\"1\",\"DEBUGGING_MODE\":\"0\",\"SAFE_MODE\":\"0\",\"ADMIN_IP\":\"81.198.5.181\",\"PICTURES_MAX_WIDTH\":1200,\"PICTURES_MAX_HEIGHT\":1200,\"SMALL_PICTURES_MAX_WIDTH\":600,\"SMALL_PICTURES_MAX_HEIGHT\":600,\"SMALL_SCALE\":\"crop\",\"MAX_LEVEL\":\"3\",\"show_lang\":\"YTozOntpOjM7czoxOiIxIjtpOjE7czoxOiIxIjtpOjE0O3M6MToiMSI7fQ==\",\"default_timezone\":\"Europe\\/Riga\",\"POSTMARK_EMAIL\":\"no-reply@amparo.lv\",\"POSTMARK_KEY\":\"\",\"START_URL\":\"\\/home\\/domussciemati\\/public_html\\/cms\\/cfg\\/..\\/..\",\"cont_addr\":{\"<ol>\":\"<ul class=\\\"dms-wisiwyg-ol\\\">\",\"<ul>\":\"<ul class=\\\"dms-wisiwyg-ul\\\">\"},\"GALLERY_SUPPORT_VIDEO\":true}'),
('template_settings', '[]'),
('cms_appdb_version', '1.0');

-- --------------------------------------------------------

--
-- Table structure for table `site_lang`
--

CREATE TABLE `site_lang` (
  `site_lang_id` int(11) NOT NULL,
  `site_lang_abbreviation` char(3) DEFAULT NULL,
  `site_lang_charset` varchar(255) DEFAULT NULL,
  `site_lang_name` varchar(255) DEFAULT NULL,
  `order_id` int(11) DEFAULT NULL,
  `show_name` varchar(255) DEFAULT NULL,
  `visible` int(1) NOT NULL DEFAULT '0'
) ENGINE=MyISAM DEFAULT CHARSET=utf8;

--
-- Dumping data for table `site_lang`
--

INSERT INTO `site_lang` (`site_lang_id`, `site_lang_abbreviation`, `site_lang_charset`, `site_lang_name`, `order_id`, `show_name`, `visible`) VALUES
(3, 'RU', 'UTF-8', 'RUS', 1, 'По-русски', 1),
(1, 'LV', 'UTF-8', 'LAT', 2, 'Latviski', 1),
(14, 'EN', 'UTF-8', 'ENG', 3, 'In English', 1);

-- --------------------------------------------------------

--
-- Table structure for table `subscribers`
--

CREATE TABLE `subscribers` (
  `id` int(11) NOT NULL,
  `email` varchar(255) NOT NULL,
  `name` varchar(255) DEFAULT NULL,
  `created` timestamp NULL DEFAULT NULL,
  `updated` timestamp NULL DEFAULT NULL,
  `subscribe` int(1) NOT NULL DEFAULT '1'
) ENGINE=InnoDB DEFAULT CHARSET=latin1;

--
-- Dumping data for table `subscribers`
--

INSERT INTO `subscribers` (`id`, `email`, `name`, `created`, `updated`, `subscribe`) VALUES
(22, 'natlayout@gmail.com', 'Natalija', '2019-01-29 09:14:09', NULL, 0),
(23, 'rain139@ukr.net', 'gree', '2019-02-11 09:48:28', '2019-02-11 09:48:37', 1);

-- --------------------------------------------------------

--
-- Table structure for table `text_constants`
--

CREATE TABLE `text_constants` (
  `id` int(11) NOT NULL,
  `lang_id` int(11) DEFAULT NULL,
  `name` varchar(255) DEFAULT NULL,
  `comment` varchar(255) DEFAULT NULL,
  `data` text,
  `type` int(11) DEFAULT NULL,
  `group` varchar(255) DEFAULT NULL
) ENGINE=MyISAM DEFAULT CHARSET=utf8;

--
-- Dumping data for table `text_constants`
--

INSERT INTO `text_constants` (`id`, `lang_id`, `name`, `comment`, `data`, `type`, `group`) VALUES
(105, 3, 'vh_statuss', 'Statuss', '{\"data\":\"Статус\"}', 1, 'village_house'),
(103, 3, 'vh_print', 'Drukāt', '{\"data\":\"Распечатать \"}', 1, 'village_house'),
(104, 3, 'vh_price', 'Cena', '{\"data\":\"Цена \"}', 1, 'village_house'),
(102, 3, 'vh_detals', 'Dalīties:', '{\"data\":\"Поделиться:\"}', 1, 'village_house'),
(101, 3, 'vh_gallery', 'Apskatīt galerij', '{\"data\":\"Посмотреть галерею\"}', 1, 'village_house'),
(99, 3, 'ph_loadMore', 'Load more', '{\"data\":\"Загрузить еще\"}', 1, 'photoGallery'),
(98, 3, 'ph_all', 'All', '{\"data\":\"Все \"}', 1, 'photoGallery'),
(96, 3, 'soc_link_instagram', 'www.instagram.com', '{\"link\":\"www.instagram.com\",\"label\":\"\"}', 10, 'social-site'),
(97, 3, 'ph_galerija', 'Galerija', '{\"data\":\"Галерея\"}', 1, 'photoGallery'),
(95, 3, 'soc_link_facebook', 'www.facebook.com', '{\"link\":\"www.facebook.com\",\"label\":\"\"}', 10, 'social-site'),
(92, 3, 'md_to_tel', 'pa tālrini', '{\"data\":\"по телефону\"}', 1, 'modal'),
(93, 3, 'bl_gallery', 'Apskatīt galeriju', '{\"data\":\"Посмотреть галерею\"}', 1, 'block'),
(94, 3, 'bl_tel', 'Tālrunis', '{\"data\":\"Телефон\"}', 1, 'block'),
(91, 3, 'md_to_email', 'e-pastā', '{\"data\":\"по эл.почте\"}', 1, 'modal'),
(90, 3, 'md_fill_field', 'Please fill in the field', '{\"data\":\"Пожалуйста заполните поля\"}', 1, 'modal'),
(89, 3, 'md_talrunis', 'Tālrunis (optional)', '{\"data\":\"Телефон (optional)\"}', 1, 'modal'),
(75, 3, 'ft_copyright', 'Copyright @ %YEAR%. All Rights Reserved', '{\"data\":\"Copyright @ %YEAR%. All Rights Reserved\"}', 1, 'footer'),
(74, 3, 'ft_tel', 'Main phone number', '{\"data\":\"+371 2200 8870\"}', 1, 'footer'),
(73, 3, 'ft_button_ok', 'OK', '{\"data\":\"OK\"}', 1, 'footer'),
(72, 3, 'ft_explain_doloremque', 'Explain', '{\"data\":\"Подпишитесь, чтобы получать новости на свою эл.почту\"}', 3, 'footer'),
(71, 3, 'h_action', 'Akcijas!', '{\"data\":\"Акции!\"}', 1, 'header'),
(70, 3, 'h_apply_visit', 'Piesakies  apmeklējumam', '{\"data\":\"Подать заявку на визит\"}', 1, 'header'),
(132, 1, 'vh_print', 'Drukāt', '{\"data\":\"Drukāt\"}', 1, 'village_house'),
(131, 14, 'vh_statuss', 'Statuss', '{\"data\":\"Statuss\"}', 1, 'village_house'),
(129, 3, 'cn_subject', 'Subject', '{\"data\":\"Subject\"}', 1, 'Contact'),
(130, 1, 'vh_statuss', 'Statuss', '{\"data\":\"Statuss\"}', 1, 'village_house'),
(128, 3, 'bl_read', 'read more', '{\"data\":\" Читать еще\"}', 1, 'blocks'),
(127, 3, 'nm_collaboration', 'Sadarbība', '{\"data\":\"Sadarbība\"}', 1, 'nav_mobile'),
(126, 3, 'nm_aply_visit', 'Piesakies  apmeklējumam', '{\"data\":\"Piesakies  apmeklējumam\"}', 1, 'nav_mobile'),
(125, 3, 'zm_zeme_privat', 'Privātapbūves zeme', '{\"data\":\"Земля для частного строительства\"}', 1, 'zeme'),
(124, 3, 'zm_ipasums', 'Objektu tips', '{\"data\":\"Objektu tips\"}', 1, 'zeme'),
(123, 3, 'zm_address', 'Adrese', '{\"data\":\"Адрес\"}', 1, 'zeme'),
(259, 1, 'statuss_all', 'All status', '{\"active\":\"Brīvs\",\"inactive\":\"Neaktīvs\",\"reserved\":\"Rezervēts\",\"sold\":\"Pārdots\"}', 41, 'status'),
(122, 3, 'zm_land', 'zeme', '{\"data\":\"Земля\"}', 1, 'zeme'),
(121, 3, 'zm_maja', 'Māja', '{\"data\":\"Дом\"}', 1, 'zeme'),
(119, 3, 'zm_objects', 'Objekti uz kartes', '{\"data\":\"Объект на карте\"}', 1, 'zeme'),
(120, 3, 'zm_object_list', 'Objektu saraksts', '{\"data\":\"Список объектов\"}', 1, 'zeme'),
(118, 3, 'zm_pdf_open', 'Informācija PDF formātā', '{\"data\":\"Информация в PDF формате\"}', 1, 'zeme'),
(117, 3, 'bg_back', 'Back to list', '{\"data\":\"Back to list\"}', 1, 'blog'),
(114, 3, 'vh_nr', 'Nr.', '{\"data\":\"Nr.\"}', 1, 'village_house'),
(115, 3, 'vh_m2', 'm2', '{\"data\":\"m<sup>2<\\/sup>\"}', 1, 'village_house'),
(116, 3, 'vh_house', 'Mājas platība', '{\"data\":\"Площадь дома\"}', 1, 'village_house'),
(111, 3, 'vh_floors', 'Stāvi', '{\"data\":\"Этажи\"}', 1, 'village_house'),
(112, 3, 'vh_rooms', 'Istabas', '{\"data\":\"Комнаты \"}', 1, 'village_house'),
(113, 3, 'vh_house_in_map', 'Māja uz ciemata kartes', '{\"data\":\"Дом на карте поселка\"}', 1, 'village_house'),
(110, 3, 'vh_life_area', 'Dzīvojamā platība', '{\"data\":\"Жилая площадь\"}', 1, 'village_house'),
(109, 3, 'vh_total_area', 'Kopējā platība', '{\"data\":\"Общая площадь\"}', 1, 'village_house'),
(106, 3, 'vh_plan', 'Plāni', '{\"data\":\"Планы\"}', 1, 'village_house'),
(107, 3, 'vh_href_contacts', 'Uzdot jautājumu', '{\"data\":\"Задать вопрос\"}', 1, 'village_house'),
(108, 3, 'vh_area', 'Zemes platība', '{\"data\":\"Участок земли\"}', 1, 'village_house'),
(136, 1, 'vh_detals', 'Dalīties:', '{\"data\":\"Dalīties:\"}', 1, 'village_house'),
(135, 14, 'vh_price', 'Cena', '{\"data\":\"Cena\"}', 1, 'village_house'),
(134, 1, 'vh_price', 'Cena', '{\"data\":\"Cena\"}', 1, 'village_house'),
(133, 14, 'vh_print', 'Drukāt', '{\"data\":\"Druk\\u0101t\"}', 1, 'village_house'),
(76, 3, 'ft_amparo', 'Mājas lapas  izstrāde AMPARO', '{\"data\":\" Разработка сайта AMPARO\"}', 1, 'footer'),
(77, 3, 'md_name', 'Vārds, Uzvārds', '{\"data\":\"Имя, Фамилия\"}', 1, 'modal'),
(78, 3, 'md_email', 'E-pasts', '{\"data\":\"Эл.почта\"}', 1, 'modal'),
(79, 3, 'md_option', 'Ciemats', '{\"data\":\"Поселки\"}', 1, 'modal'),
(80, 3, 'md_comments', 'Ziņa', '{\"data\":\"Сообщение\"}', 1, 'modal'),
(81, 3, 'md_personal', 'Es piekrītu personas datu apstrādes', '{\"data\":\"Я согласен на обработку персональных данных\"}', 1, 'modal'),
(82, 3, 'md_link', 'на обработку персональных данных', '{\"link\":\"\",\"label\":\"\"}', 10, 'modal'),
(83, 3, 'md_submit', 'Nosūtīt', '{\"data\":\"Отправить\"}', 1, 'modal'),
(84, 3, 'md_textarea', 'textarea top modal', '{\"data\":\"Lorem Ipsum is simply dummy text of the printing and typesetting industry. Lorem Ipsum has been the industry’s standard dummy text ever since the 1500s, when an unknown printer took a galley of type and scrambled it\"}', 3, 'modal'),
(85, 3, 'md_apply_visit', 'Piesakies apmeklējumam', '{\"data\":\"Подать заявку на визит\"}', 1, 'modal'),
(86, 3, 'md_success', 'Success message', '{\"data\":\"Спасибо, в ближайшее время с вами свяжется менеджер.\"}', 3, 'modal'),
(87, 3, 'md_choose_opt', 'Please choose the option', '{\"data\":\"Пожалуйста выберите опцию\"}', 1, 'modal'),
(88, 3, 'md_send_news', 'Vēlos saņemt jaunumus:', '{\"data\":\"Хочу получать новости:\"}', 1, 'modal'),
(137, 14, 'vh_detals', 'Dalīties:', '{\"data\":\"Dal\\u012bties:\"}', 1, 'village_house'),
(138, 1, 'vh_gallery', 'Apskatīt galerij', '{\"data\":\"Apskatīt galeriju\"}', 1, 'village_house'),
(139, 14, 'vh_gallery', 'Apskatīt galerij', '{\"data\":\"Apskat\\u012bt galerij\"}', 1, 'village_house'),
(142, 1, 'ph_loadMore', 'Load more', '{\"data\":\"Ielādēt vairāk\"}', 1, 'photoGallery'),
(143, 14, 'ph_loadMore', 'Load more', '{\"data\":\"Load more\"}', 1, 'photoGallery'),
(144, 1, 'ph_all', 'All', '{\"data\":\"Visi\"}', 1, 'photoGallery'),
(145, 14, 'ph_all', 'All', '{\"data\":\"All\"}', 1, 'photoGallery'),
(146, 1, 'soc_link_instagram', 'www.instagram.com', '{\"link\":\"www.instagram.com\",\"label\":\"\"}', 10, 'social-site'),
(147, 14, 'soc_link_instagram', 'www.instagram.com', '{\"link\":\"www.instagram.com\",\"label\":\"\"}', 10, 'social-site'),
(148, 1, 'ph_galerija', 'Galerija', '{\"data\":\"Galerija\"}', 1, 'photoGallery'),
(149, 14, 'ph_galerija', 'Galerija', '{\"data\":\"Galerija\"}', 1, 'photoGallery'),
(150, 1, 'soc_link_facebook', 'www.facebook.com', '{\"link\":\"www.facebook.com\",\"label\":\"\"}', 10, 'social-site'),
(151, 14, 'soc_link_facebook', 'www.facebook.com', '{\"link\":\"www.facebook.com\",\"label\":\"\"}', 10, 'social-site'),
(152, 1, 'md_to_tel', 'pa tālruni', '{\"data\":\"pa tālruni\"}', 1, 'modal'),
(153, 14, 'md_to_tel', 'pa tālrini', '{\"data\":\"pa t\\u0101lrini\"}', 1, 'modal'),
(154, 1, 'bl_gallery', 'Apskatīt galeriju', '{\"data\":\"Apskatīt galeriju\"}', 1, 'block'),
(155, 14, 'bl_gallery', 'Apskatīt galeriju', '{\"data\":\"Apskatīt galeriju\"}', 1, 'block'),
(156, 1, 'bl_tel', 'Tālrunis', '{\"data\":\"Tālrunis\"}', 1, 'block'),
(157, 14, 'bl_tel', 'Tālrunis', '{\"data\":\"Tālrunis\"}', 1, 'block'),
(158, 1, 'md_to_email', 'e-pastā', '{\"data\":\"e-pastā\"}', 1, 'modal'),
(159, 14, 'md_to_email', 'e-pastā', '{\"data\":\"e-past\\u0101\"}', 1, 'modal'),
(160, 1, 'md_fill_field', 'Please fill in the field', '{\"data\":\"Lūdzu, aizpildiet visus laukumus\"}', 1, 'modal'),
(161, 14, 'md_fill_field', 'Please fill in the field', '{\"data\":\"Please fill in the field\"}', 1, 'modal'),
(162, 1, 'md_talrunis', 'Tālrunis (optional)', '{\"data\":\"Tālrunis (neobligāti)\"}', 1, 'modal'),
(163, 14, 'md_talrunis', 'Tālrunis (optional)', '{\"data\":\"T\\u0101lrunis (optional)\"}', 1, 'modal'),
(164, 1, 'ft_copyright', 'Copyright @ %YEAR%. All Rights Reserved', '{\"data\":\"Copyright @ %YEAR%. Visas tiesības aizsargātas. \"}', 1, 'footer'),
(165, 14, 'ft_copyright', 'Copyright @ %YEAR%. All Rights Reserved', '{\"data\":\"Copyright @ %YEAR%. All Rights Reserved\"}', 1, 'footer'),
(166, 1, 'ft_tel', 'Main phone number', '{\"data\":\"+371 2200 8870\"}', 1, 'footer'),
(167, 14, 'ft_tel', 'Main phone number', '{\"data\":\"+371 2200 8870\"}', 1, 'footer'),
(168, 1, 'ft_button_ok', 'OK', '{\"data\":\"OK\"}', 1, 'footer'),
(169, 14, 'ft_button_ok', 'OK', '{\"data\":\"OK\"}', 1, 'footer'),
(170, 1, 'ft_explain_doloremque', 'Explain', '{\"data\":\"Sed ut perspiciatis unde omnis iste natus error sit voluptatem accusantium doloremque\"}', 3, 'footer'),
(171, 14, 'ft_explain_doloremque', 'Explain', '{\"data\":\"Sed ut perspiciatis unde omnis iste natus error sit voluptatem accusantium doloremque\"}', 3, 'footer'),
(172, 1, 'h_action', 'Akcijas!', '{\"data\":\"Akcijas!\"}', 1, 'header'),
(173, 14, 'h_action', 'Akcijas!', '{\"data\":\"Akcijas!\"}', 1, 'header'),
(174, 1, 'h_apply_visit', 'Piesakies  apmeklējumam', '{\"data\":\"Piesakies  apmeklējumam\"}', 1, 'header'),
(175, 14, 'h_apply_visit', 'Piesakies  apmeklējumam', '{\"data\":\"Piesakies  apmekl\\u0113jumam\"}', 1, 'header'),
(176, 1, 'cn_subject', 'Subject', '{\"data\":\"Tēma\"}', 1, 'Contact'),
(177, 14, 'cn_subject', 'Subject', '{\"data\":\"Subject\"}', 1, 'Contact'),
(178, 1, 'bl_read', 'read more', '{\"data\":\"Lasīt vēl\"}', 1, 'blocks'),
(179, 14, 'bl_read', 'read more', '{\"data\":\"read more\"}', 1, 'blocks'),
(180, 1, 'nm_collaboration', 'Sadarbība', '{\"data\":\"Sadarbība\"}', 1, 'nav_mobile'),
(181, 14, 'nm_collaboration', 'Sadarbība', '{\"data\":\"Sadarb\\u012bba\"}', 1, 'nav_mobile'),
(182, 1, 'nm_aply_visit', 'Piesakies  apmeklējumam', '{\"data\":\"Piesakies  apmeklējumam\"}', 1, 'nav_mobile'),
(183, 14, 'nm_aply_visit', 'Piesakies  apmeklējumam', '{\"data\":\"Piesakies  apmekl\\u0113jumam\"}', 1, 'nav_mobile'),
(184, 1, 'zm_zeme_privat', 'Privātapbūves zeme', '{\"data\":\"Privātapbūves zeme\"}', 1, 'zeme'),
(185, 14, 'zm_zeme_privat', 'Privātapbūves zeme', '{\"data\":\"Priv\\u0101tapb\\u016bves zeme\"}', 1, 'zeme'),
(186, 1, 'zm_ipasums', 'Objektu tips', '{\"data\":\"Objektu tips\"}', 1, 'zeme'),
(187, 14, 'zm_ipasums', 'Objektu tips', '{\"data\":\"Objektu tips\"}', 1, 'zeme'),
(188, 1, 'zm_address', 'Adrese', '{\"data\":\"Adrese\"}', 1, 'zeme'),
(189, 14, 'zm_address', 'Adrese', '{\"data\":\"Adrese\"}', 1, 'zeme'),
(190, 1, 'zm_land', 'zeme', '{\"data\":\"Zeme\"}', 1, 'zeme'),
(191, 14, 'zm_land', 'zeme', '{\"data\":\"zeme\"}', 1, 'zeme'),
(192, 1, 'zm_maja', 'Māja', '{\"data\":\"Māja\"}', 1, 'zeme'),
(193, 14, 'zm_maja', 'Māja', '{\"data\":\"M\\u0101ja\"}', 1, 'zeme'),
(194, 1, 'zm_objects', 'Objekti uz kartes', '{\"data\":\"Objekti uz kartes\"}', 1, 'zeme'),
(195, 14, 'zm_objects', 'Objekti uz kartes', '{\"data\":\"Objekti uz kartes\"}', 1, 'zeme'),
(196, 1, 'zm_object_list', 'Objektu saraksts', '{\"data\":\"Objektu saraksts\"}', 1, 'zeme'),
(197, 14, 'zm_object_list', 'Objektu saraksts', '{\"data\":\"Objektu saraksts\"}', 1, 'zeme'),
(198, 1, 'zm_pdf_open', 'Informācija PDF formātā', '{\"data\":\"Informācija PDF formātā\"}', 1, 'zeme'),
(199, 14, 'zm_pdf_open', 'Informācija PDF formātā', '{\"data\":\"Inform\\u0101cija PDF form\\u0101t\\u0101\"}', 1, 'zeme'),
(200, 1, 'bg_back', 'Back to list', '{\"data\":\"Atgriezties pie saraksta\"}', 1, 'blog'),
(201, 14, 'bg_back', 'Back to list', '{\"data\":\"Back to list\"}', 1, 'blog'),
(202, 1, 'vh_nr', 'Nr.', '{\"data\":\"Nr.\"}', 1, 'village_house'),
(203, 14, 'vh_nr', 'Nr.', '{\"data\":\"Nr.\"}', 1, 'village_house'),
(204, 1, 'vh_m2', 'm2', '{\"data\":\"m<sup>2<\\/sup>\"}', 1, 'village_house'),
(205, 14, 'vh_m2', 'm2', '{\"data\":\"m<sup>2<\\/sup>\"}', 1, 'village_house'),
(206, 1, 'vh_house', 'Mājas platība', '{\"data\":\"Māja\"}', 1, 'village_house'),
(207, 14, 'vh_house', 'Mājas platība', '{\"data\":\"M\\u0101jas plat\\u012bba\"}', 1, 'village_house'),
(208, 1, 'vh_floors', 'Stāvi', '{\"data\":\"Stāvi\"}', 1, 'village_house'),
(209, 14, 'vh_floors', 'Stāvi', '{\"data\":\"St\\u0101vi\"}', 1, 'village_house'),
(210, 1, 'vh_rooms', 'Istabas', '{\"data\":\"Istabas\"}', 1, 'village_house'),
(211, 14, 'vh_rooms', 'Istabas', '{\"data\":\"Istabas\"}', 1, 'village_house'),
(212, 1, 'vh_house_in_map', 'Māja uz ciemata kartes', '{\"data\":\"Māja uz ciemata kartes\"}', 1, 'village_house'),
(213, 14, 'vh_house_in_map', 'Māja uz ciemata kartes', '{\"data\":\"M\\u0101ja uz ciemata kartes\"}', 1, 'village_house'),
(214, 1, 'vh_life_area', 'Dzīvojamā platība', '{\"data\":\"Dzīvojamā platība\"}', 1, 'village_house'),
(215, 14, 'vh_life_area', 'Dzīvojamā platība', '{\"data\":\"Dz\\u012bvojam\\u0101 plat\\u012bba\"}', 1, 'village_house'),
(216, 1, 'vh_total_area', 'Kopējā platība', '{\"data\":\"Kopējā platība\"}', 1, 'village_house'),
(217, 14, 'vh_total_area', 'Kopējā platība', '{\"data\":\"Kop\\u0113j\\u0101 plat\\u012bba\"}', 1, 'village_house'),
(218, 1, 'vh_plan', 'Plāni', '{\"data\":\"Plāni\"}', 1, 'village_house'),
(219, 14, 'vh_plan', 'Plāni', '{\"data\":\"Pl\\u0101ni\"}', 1, 'village_house'),
(220, 1, 'vh_href_contacts', 'Uzdot jautājumu', '{\"data\":\"Uzdot jautājumu\"}', 1, 'village_house'),
(221, 14, 'vh_href_contacts', 'Uzdot jautājumu', '{\"data\":\"Uzdot jaut\\u0101jumu\"}', 1, 'village_house'),
(222, 1, 'vh_area', 'Zemes platība', '{\"data\":\"Zemes platība\"}', 1, 'village_house'),
(223, 14, 'vh_area', 'Zemes platība', '{\"data\":\"Zemes plat\\u012bba\"}', 1, 'village_house'),
(224, 1, 'ft_amparo', 'Mājas lapas  izstrāde AMPARO', '{\"data\":\"Mājas lapas izstrāde <a href=\\\\\\\"https:\\/\\/www.amparo.lv\\\\\\\"> AMPARO<\\/a>\"}', 1, 'footer'),
(225, 14, 'ft_amparo', 'Mājas lapas  izstrāde AMPARO', '{\"data\":\"Mājas lapas  izstrāde AMPARO\"}', 1, 'footer'),
(226, 1, 'md_name', 'Vārds, Uzvārds', '{\"data\":\"Vārds, Uzvārds\"}', 1, 'modal'),
(227, 14, 'md_name', 'Vārds, Uzvārds', '{\"data\":\"V\\u0101rds, Uzv\\u0101rds\"}', 1, 'modal'),
(228, 1, 'md_email', 'E-pasts', '{\"data\":\"E-pasts\"}', 1, 'modal'),
(229, 14, 'md_email', 'E-pasts', '{\"data\":\"E-pasts\"}', 1, 'modal'),
(230, 1, 'md_option', 'Ciemats', '{\"data\":\"Ciemats\"}', 1, 'modal'),
(231, 14, 'md_option', 'Ciemats', '{\"data\":\"Ciemats\"}', 1, 'modal'),
(232, 1, 'md_comments', 'Ziņa', '{\"data\":\"Ziņa\"}', 1, 'modal'),
(233, 14, 'md_comments', 'Ziņa', '{\"data\":\"Zi\\u0146a\"}', 1, 'modal'),
(234, 1, 'md_personal', 'Es piekrītu personas datu apstrādes', '{\"data\":\"Es piekrītu personas datu apstrādes\"}', 1, 'modal'),
(235, 14, 'md_personal', 'Es piekrītu personas datu apstrādes', '{\"data\":\"Es piekr\\u012btu personas datu apstr\\u0101des\"}', 1, 'modal'),
(236, 1, 'md_link', 'noteikumiem un nosacījumiem.', '{\"link\":\"\\/lv\\/privatuma-politika\\/\",\"label\":\"noteikumiem un nosacījumiem.\"}', 10, 'modal'),
(237, 14, 'md_link', 'noteikumiem un nosacījumiem.', '[]', 10, 'modal'),
(238, 1, 'md_submit', 'Nosūtīt', '{\"data\":\"Nosūtīt\"}', 1, 'modal'),
(239, 14, 'md_submit', 'Nosūtīt', '{\"data\":\"Nos\\u016bt\\u012bt\"}', 1, 'modal'),
(240, 1, 'md_textarea', 'textarea top modal', '{\"data\":\"Lūdzam aizpildīt visus laukus, lai pieteiktos apmeklējumam.\"}', 3, 'modal'),
(241, 14, 'md_textarea', 'textarea top modal', '{\"data\":\"Lorem Ipsum is simply dummy text of the printing and typesetting industry. Lorem Ipsum has been the industry\'s standard dummy text ever since the 1500s, when an unknown printer took a galley of type and scrambled it\"}', 3, 'modal'),
(242, 1, 'md_apply_visit', 'Piesakies apmeklējumam', '{\"data\":\"Piesakies apmeklējumam\"}', 1, 'modal'),
(243, 14, 'md_apply_visit', 'Piesakies apmeklējumam', '{\"data\":\"Piesakies apmekl\\u0113jumam\"}', 1, 'modal'),
(244, 1, 'md_success', 'Success message', '{\"data\":\"Paldies! Tuvākajā laikā mūsu menedžeris sazināsies ar Jums!\"}', 3, 'modal'),
(245, 14, 'md_success', 'Success message', '{\"data\":\"Thanks, in the near future the manager will contact you.\"}', 3, 'modal'),
(246, 1, 'md_choose_opt', 'Please choose the option', '{\"data\":\"Izvēlies ciematu\"}', 1, 'modal'),
(247, 14, 'md_choose_opt', 'Please choose the option', '{\"data\":\"Please choose the option\"}', 1, 'modal'),
(248, 1, 'md_send_news', 'Vēlos saņemt jaunumus:', '{\"data\":\"Vēlos saņemt jaunumus:\"}', 1, 'modal'),
(249, 14, 'md_send_news', 'Vēlos saņemt jaunumus:', '{\"data\":\"V\\u0113los sa\\u0146emt jaunumus:\"}', 1, 'modal'),
(250, 3, 'ft_placeholderInput', 'Saņemt jaunumus uz e-pastu', '{\"data\":\"Saņemt jaunumus uz e-pastu\"}', 1, 'footer'),
(251, 3, 'ft_agree_data', 'Es piekrītu personas datu apstrādes', '{\"data\":\"Es piekrītu personas datu apstrādes\"}', 1, 'footer'),
(252, 3, 'ft_notification', 'Es piekrītu personas datu apstrādes', '[]', 10, 'footer'),
(253, 1, 'ft_placeholderInput', 'Saņemt jaunumus uz e-pastu', '{\"data\":\"Saņemt jaunumus uz e-pastu\"}', 1, 'footer'),
(254, 14, 'ft_placeholderInput', 'Saņemt jaunumus uz e-pastu', '{\"data\":\"Sa\\u0146emt jaunumus uz e-pastu\"}', 1, 'footer'),
(255, 1, 'ft_agree_data', 'Es piekrītu personas datu apstrādes', '{\"data\":\"Es piekrītu personas datu apstrādes\"}', 1, 'footer'),
(256, 14, 'ft_agree_data', 'Es piekrītu personas datu apstrādes', '{\"data\":\"Es piekrītu personas datu apstrādes\"}', 1, 'footer'),
(257, 1, 'ft_notification', 'Es piekrītu personas datu apstrādes', '[]', 10, 'footer'),
(258, 14, 'ft_notification', 'Es piekrītu personas datu apstrādes', '[]', 10, 'footer'),
(260, 3, 'statuss_all', 'All status', '{\"active\":\"Свободен\",\"inactive\":\"Неактивный\",\"reserved\":\"Резервация\",\"sold\":\"Продан\"}', 41, 'status'),
(261, 14, 'statuss_all', 'All status', '{\"active\":\"Vacant\",\"inactive\":\"Inactive\",\"reserved\":\"Reserved\",\"sold\":\"Sold\"}', 41, 'status'),
(262, 1, 'h_scroll', 'Uz leju', '{\"data\":\"Uz leju\"}', 1, 'header'),
(263, 1, 'vh_house_all', 'Atļauts stāvu skaits', '{\"data\":\"Atļauts stāvu skaits\"}', 1, 'village_house'),
(264, 3, 'h_scroll', 'Uz leju', '{\"data\":\"Вниз\"}', 1, 'header'),
(265, 14, 'h_scroll', 'Uz leju', '{\"data\":\"Uz leju\"}', 1, 'header'),
(266, 3, 'vh_house_all', 'Atļauts stāvu skaits', '{\"data\":\"Mājas pilnā apdarē\"}', 1, 'village_house'),
(267, 14, 'vh_house_all', 'Atļauts stāvu skaits', '{\"data\":\"Mājas pilnā apdarē\"}', 1, 'village_house'),
(268, 3, 'gdpr_active', 'Active', '{\"data\":\"Активные\"}', 1, 'Cookie GDPR'),
(269, 1, 'gdpr_active', 'Active', '{\"data\":\"Aktīvs\"}', 1, 'Cookie GDPR'),
(270, 14, 'gdpr_active', 'Active', '{\"data\":\"Active\"}', 1, 'Cookie GDPR'),
(271, 3, 'gdpr_always_active', 'Always active', '{\"data\":\"Всегда активные\"}', 1, 'Cookie GDPR'),
(272, 1, 'gdpr_always_active', 'Always active', '{\"data\":\"Vienmēr aktīvs\"}', 1, 'Cookie GDPR'),
(273, 14, 'gdpr_always_active', 'Always active', '{\"data\":\"Always active\"}', 1, 'Cookie GDPR'),
(274, 3, 'gdpr_apply_changes', 'Apply changes', '{\"data\":\"Сохранить изменения\"}', 1, 'Cookie GDPR'),
(275, 1, 'gdpr_apply_changes', 'Apply changes', '{\"data\":\"Piemērot izmaiņas\"}', 1, 'Cookie GDPR'),
(276, 14, 'gdpr_apply_changes', 'Apply changes', '{\"data\":\"Apply changes\"}', 1, 'Cookie GDPR'),
(277, 3, 'gdpr_apply_cookie', 'Apply cookie', '{\"data\":\"Согласен \\/ согласна\"}', 1, 'Cookie GDPR'),
(278, 1, 'gdpr_apply_cookie', 'Apply cookie', '{\"data\":\"Apstiprināt sīkdatnes\"}', 1, 'Cookie GDPR'),
(279, 14, 'gdpr_apply_cookie', 'Apply cookie', '{\"data\":\"Agree\"}', 1, 'Cookie GDPR'),
(280, 3, 'gdpr_checkbox_in_forms', 'Checkbox in forms', '{\"data\":\"Я согласен \\/ согласна c <a href=\\\\\\\"#\\\\\\\">условиями<\\/a> обработки личных данных\"}', 1, 'Cookie GDPR'),
(281, 1, 'gdpr_checkbox_in_forms', 'Checkbox in forms', '{\"data\":\"Es piekrītu personas datu apstrādes noteikumiem un nosacījumiem.<a href=\\\\\\\"\\/lv\\/privatuma-politika\\/\\\\\\\">Privātuma politika<\\/a>\"}', 1, 'Cookie GDPR'),
(282, 14, 'gdpr_checkbox_in_forms', 'Checkbox in forms', '{\"data\":\"I agree to the <a href=\\\\\\\"#\\\\\\\">terms and conditions<\\/a> of personal data processing.\"}', 1, 'Cookie GDPR'),
(283, 3, 'gdpr_cookies_preferences', 'Cookies preferences', '{\"data\":\"Политика использования cookie-файлов\"}', 1, 'Cookie GDPR'),
(284, 1, 'gdpr_cookies_preferences', 'Cookies preferences', '{\"data\":\"Sīkdatņu iestatījumi\"}', 1, 'Cookie GDPR'),
(285, 14, 'gdpr_cookies_preferences', 'Cookies preferences', '{\"data\":\"Cookies preferences\"}', 1, 'Cookie GDPR'),
(286, 3, 'gdpr_cookie_options', 'Cookie options', '{\"data\":\"Настройки cookie-файлов\"}', 1, 'Cookie GDPR'),
(287, 1, 'gdpr_cookie_options', 'Cookie options', '{\"data\":\"Sīkdatņu iestatījumi\"}', 1, 'Cookie GDPR'),
(288, 14, 'gdpr_cookie_options', 'Cookie options', '{\"data\":\"Cookie options\"}', 1, 'Cookie GDPR'),
(289, 3, 'gdpr_footer_text', 'Footer text', '{\"data\":\"На данном веб-сайте используются cookie-файлы. Мы используем cookie-файлы с целью оптимизации функциональности веб-сайта, обобщения статистики и обеспечения такого содержания, которое соответствует Вашим интересам. Нажмите «Согласен \\/ согласна», чтобы сохранить cookie-файлы, или нажмите Настройки cookie-файлов, чтобы перейти к более подробному описанию и выбрать сохранение конкретных видов cookie-фалов, либо изменить настройки. <a href=\\\\\\\"#\\\\\\\">Политика конфиденциальности<\\/a>\"}', 1, 'Cookie GDPR'),
(290, 1, 'gdpr_footer_text', 'Footer text', '{\"data\":\"Šī vietne izmanto sīkdatnes. Turpinot pārlūkot šo vietni, Jūs piekrītat sīkdatņu izmantošanas noteikumiem. Sīkāka informācija ir pieejama <a href=\\\\\\\"\\/lv\\/privatuma-politika\\/\\\\\\\">šeit.<\\/a>\"}', 1, 'Cookie GDPR'),
(291, 14, 'gdpr_footer_text', 'Footer text', '{\"data\":\"This site uses cookies. We use cookies to optimize the site functionality, gather statistics and provide relevant content according to your interests. Press “Agree” to save cookies or press “Cookie options” to go to a more detailed description and choose to save specific types of cookies or change the settings. Leran more about <a href=\\\\\\\"#\\\\\\\">Privacy Policy<\\/a>\"}', 1, 'Cookie GDPR'),
(292, 3, 'gdpr_popup_body_title_1', 'Popup body title 1', '{\"data\":\"Функциональные cookie-файлы (cookie-файлы первой стороны)\"}', 1, 'Cookie GDPR'),
(293, 1, 'gdpr_popup_body_title_1', 'Popup body title 1', '{\"data\":\"Sesijas un patstāvīgās sīkdatnes\"}', 1, 'Cookie GDPR'),
(294, 14, 'gdpr_popup_body_title_1', 'Popup body title 1', '{\"data\":\"Functional cookies (first-party cookies)\"}', 1, 'Cookie GDPR'),
(295, 3, 'gdpr_popup_body_title_2', 'Popup body title 2', '{\"data\":\"Аналитические и рекламные cookie-файлы (cookie-файлы третьей стороны)\"}', 1, 'Cookie GDPR'),
(296, 1, 'gdpr_popup_body_title_2', 'Popup body title 2', '{\"data\":\"Analītikas un reklāmas sīkdatnes\"}', 1, 'Cookie GDPR'),
(297, 14, 'gdpr_popup_body_title_2', 'Popup body title 2', '{\"data\":\"Analytics and advertising cookies (third-party cookies)\"}', 1, 'Cookie GDPR'),
(298, 3, 'gdpr_popup_body_txt_1', 'Popup body txt 1', '{\"data\":\"<p>Cookie-файлы необходимы для того, чтобы домашняя страница могла выполнять свои функции и помнила о Вас каждый раз, когда Вы совершаете новое действие, например, настройки языка, введенный текст, либо когда Вы открываете сайт заново, его содержание загружается быстрее, чем в первый раз.<\\/p><p>Вы можете изменить настройки веб-браузера, чтобы cookie-файлы не сохранялись в дальнейшем, или удалить cookie-файлы. Обращаем Ваше внимание, что при таких настройках домашняя страница может не работать.<\\/p>\"}', 4, 'Cookie GDPR'),
(299, 1, 'gdpr_popup_body_txt_1', 'Popup body txt 1', '{\"data\":\"<p>&Scaron;īs sīkdatnes tiek saglabātas jūsu ierīcē uz laiku vai līdz brīdim, kad tās manuāli izdzēsīsiet. Sīkdatnes ir nepiecie&scaron;amas, lai mājas lapa spētu pildīt savas funkcijas un neaizmirstu jūs ikreiz, kad tiek veikta jauna darbība, piemēram, valodas iestatījumus, ievadīto tekstu vai atverot vietni no jauna, tā spētu ielādēt saturu ātrāk, nekā pirmajā atvēr&scaron;anas reizē. Jums ir iespēja izslēgt vai izdzēst sīkdatnes izmantojot pārlūkprogrammas iestatījumus. Vairāk par sīkdatnēm varat uzzināt <a href=\\\\\\\"..\\/lv\\/privatuma-politika\\/\\\\\\\">&Scaron;eit.<\\/a><\\/p>\"}', 4, 'Cookie GDPR'),
(300, 14, 'gdpr_popup_body_txt_1', 'Popup body txt 1', '{\"data\":\"<p>Cookies are essential so that a website can perform its functions and remember you each time when a new activity is performed, such as setting the language, typing a text or reopening the website, and so that it would be able to load the content faster than the first time.<\\/p><p>You can change the browser settings to avoid saving cookies or delete the cookies. Please note that when making such changes in settings the webpage may not work properly.<\\/p>\"}', 4, 'Cookie GDPR'),
(301, 3, 'gdpr_popup_body_txt_2', 'Popup body txt 2', '{\"data\":\"<p>На веб-сайте используются аналитические программы &ndash; Google Analytics и Yandex Metric. Эти программы используют cookie-файлы, предоставляя нам в качестве администратора сайта возможность анализировать, какое содержание сайта используется чаще всего, через какую поисковую систему пользователь попал на наш сайт и как он ориентируется на сайте. Полученная информация используется для соответствующего улучшения веб-сайта, чтобы сделать навигацию более удобной, а содержание веб-сайта более соответствующим интересам пользователя.<\\/p><p>Информация cookie-файлов не используется для Вашей идентификации.<\\/p><p>Данные cookie-файлы используются исключительно для тех целей, которые указаны в политике использования cookie-файлов.<\\/p>\"}', 4, 'Cookie GDPR'),
(302, 1, 'gdpr_popup_body_txt_2', 'Popup body txt 2', '{\"data\":\"<p>Reklāmas un statistikas sīkdatnes tiek izmantotas, lai nodro&scaron;inātu statistikas datus, kas palīdz mums uzlabot tīmekļa vietnes darbību atbilsto&scaron;i lietotāja vajadzībām, kā arī pielāgot reklāmas saturu. &Scaron;īs sīkdatnes jebkurā brīdī ir iespējams dzēst no interneta pārlūka atmiņas, kā arī ir iespējams atteikties no to izmanto&scaron;anas.<\\/p>\\r\\n<p>Ar sīkdatnēm saistītā informācija netiek izmantotas, lai Jūs indentificētu.<\\/p>\\r\\n<p>&Scaron;īs sīkdatnes tiek izmantotas tikai un vienīgi tam mērķim, kas norādītas&nbsp;<a href=\\\\\\\"..\\/lv\\/privatuma-politika\\/\\\\\\\">sīkdatņu noteikumos.<\\/a><\\/p>\"}', 4, 'Cookie GDPR'),
(303, 14, 'gdpr_popup_body_txt_2', 'Popup body txt 2', '{\"data\":\"<p>The website uses analytics services - Google Analytics and Yandex Metric. These services use cookies to help us as the site webmasters analyze what site content is being used most often, through which search engine the user has come to the site and how the user can navigate the site. The obtained information helps us to make appropriate site enhancements, improve site navigation and provide more user&ndash;friendly site content.<\\/p><p>The cookie information is not used to identify a person.  The cookies are solely used for the purpose specified in the cookie <a href=\\\\\\\"#\\\\\\\">terms and preferences.<\\/a><\\/p>\"}', 4, 'Cookie GDPR'),
(304, 3, 'gdpr_popup_head_text', 'Popup head text', '{\"data\":\"Для того чтобы данный веб-сайт функционировал должным образом, мы размещаем на Вашем устройстве cookie-файлы. Продолжив читать, Вы узнаете, что такое cookie-файлы и для каких целей они используются.\"}', 1, 'Cookie GDPR'),
(305, 1, 'gdpr_popup_head_text', 'Popup head text', '{\"data\":\"Sīkdatne ir neliels teksta fails, ko  Islande hotel mājas lapa saglabā jūsu datorā vai mobilajā ierīcē, kad tā tiek atvērta. Sīkdatne palīdz atcerēties jūsu uzstādītos iestatījumus (piemēram, valodu, ielādētos attēlus, attēlošanas iestatījumus u.c.), ar kādiem esat izvēlējies mājas lapu skatīt, lai katru reizi jums tie nebūtu jānorāda un jāielādē no jauna. Citas sīkdatnes var tikt izmantotas, lai iegūtu statistikas datus vai pielāgotu reklāmu atbilstoši jūsu vajadzībām.  Jums ir iespēja izvēlēties, kādas sīkdatnes saglabāt iercē. <a href=\\\\\\\"\\/lv\\/privatuma-politika\\/\\\\\\\">Uzzināt vairāk.<\\/a>\"}', 1, 'Cookie GDPR'),
(306, 14, 'gdpr_popup_head_text', 'Popup head text', '{\"data\":\"For this website to function properly we have placed cookies on your device. Continue reading to find out what cookies are and what we use cookies for.\"}', 1, 'Cookie GDPR'),
(307, 3, 'gdpr_popup_head_title', 'Popup head title', '{\"data\":\"Каким образом веб-сайт использует cookie-файлы?\"}', 1, 'Cookie GDPR'),
(308, 1, 'gdpr_popup_head_title', 'Popup head title', '{\"data\":\"Kā Domuss Ciemati izmanto sīkdatnes?\"}', 1, 'Cookie GDPR'),
(309, 14, 'gdpr_popup_head_title', 'Popup head title', '{\"data\":\"How we use cookies?\"}', 1, 'Cookie GDPR'),
(310, 3, 'gdpr_popup_main_header', 'Popup main header', '{\"data\":\"Политика использования cookie-файлов\"}', 1, 'Cookie GDPR'),
(311, 1, 'gdpr_popup_main_header', 'Popup main header', '{\"data\":\"Jums ir iespēja izvēlēties kādas sīkdatnes saglabāt savā ierīcē\"}', 1, 'Cookie GDPR'),
(312, 14, 'gdpr_popup_main_header', 'Popup main header', '{\"data\":\"Your Choices Regarding Cookies on this Site\"}', 1, 'Cookie GDPR'),
(313, 3, 'gdpr_show_on_site', 'Show on site', '{\"data\":\"1\"}', 2, 'Cookie GDPR'),
(314, 1, 'gdpr_show_on_site', 'Show on site', '{\"data\":\"1\"}', 2, 'Cookie GDPR'),
(315, 14, 'gdpr_show_on_site', 'Show on site', '{\"data\":\"1\"}', 2, 'Cookie GDPR'),
(322, 14, 'type_object', 'type_object', '{\"land\":\"land\",\"house\":\"house\",\"row house\":\"row house\"}', 43, 'zeme'),
(321, 1, 'type_object', 'type_object', '{\"land\":\"zeme\",\"house\":\"māja\",\"row house\":\"rindu māja\"}', 43, 'zeme'),
(320, 3, 'type_object', 'type_object', '{\"land\":\"land\",\"house\":\"house\",\"row house\":\"row house\"}', 43, 'zeme'),
(547, 14, 'md_paceholderName', 'Jānis Petrovs', '{\"data\":\"J\\u0101nis Petrovs\"}', 1, 'modal'),
(546, 3, 'md_paceholderName', 'Jānis Petrovs', '{\"data\":\"J\\u0101nis Petrovs\"}', 1, 'modal'),
(545, 1, 'md_paceholderName', 'Jānis Petrovs', '{\"data\":\"Jānis Petrovs\"}', 1, 'modal'),
(544, 14, 'act_labels', 'Uzzināt vairāk', '{\"data\":\"Uzzin\\u0101t vair\\u0101k\"}', 1, 'action'),
(543, 3, 'act_labels', 'Uzzināt vairāk', '{\"data\":\"Uzzin\\u0101t vair\\u0101k\"}', 1, 'action'),
(542, 1, 'act_labels', 'Uzzināt vairāk', '{\"data\":\"Uzzināt vairāk\"}', 1, 'action'),
(541, 14, 'md_success_send', 'Success', '{\"data\":\"Success\"}', 1, 'modal'),
(540, 3, 'md_success_send', 'Success', '{\"data\":\"Success\"}', 1, 'modal'),
(539, 1, 'md_success_send', 'Success', '{\"data\":\"Viss kartībā!\"}', 1, 'modal'),
(538, 14, 'md_agreeTerms', 'Es piekrītu personas datu apstrādes noteikumiem un nosacījumiem.', '{\"data\":\"Es piekr\\u012btu personas datu apstr\\u0101des noteikumiem un nosac\\u012bjumiem.\"}', 1, 'modal'),
(537, 3, 'md_agreeTerms', 'Es piekrītu personas datu apstrādes noteikumiem un nosacījumiem.', '{\"data\":\"Es piekrītu personas datu apstrādes noteikumiem un nosacījumiem.\"}', 1, 'modal'),
(536, 14, 'sb_contact', 'Contact', '{\"data\":\"Contact\"}', 1, 'Subject'),
(535, 3, 'sb_contact', 'Contact', '{\"data\":\"Contact\"}', 1, 'Subject'),
(534, 14, 'sb_modal', 'Contact form', '{\"data\":\"Contact form\"}', 1, 'Subject'),
(533, 3, 'sb_modal', 'Contact form', '{\"data\":\"Contact form\"}', 1, 'Subject'),
(532, 14, 'sb_footerNewEmail', 'Jauns klient', '{\"data\":\"Jauns klient\"}', 1, 'Subject'),
(531, 3, 'sb_footerNewEmail', 'Jauns klient', '{\"data\":\"Jauns klient\"}', 1, 'Subject'),
(530, 1, 'sb_footerNewEmail', 'Jauns klient', '{\"data\":\"Jauns klient\"}', 1, 'Subject'),
(528, 1, 'sb_modal', 'Contact form', '{\"data\":\"Saņemta īsziņa no mājas lapas DomussCiemati.lv [no \\\\\\\"Piesakies apmeklējumam\\\\\\\" formas]\"}', 1, 'Subject'),
(529, 1, 'sb_contact', 'Contact', '{\"data\":\"Saņemta īsziņa no mājas lapas DomussCiemati.lv [no sadaļas Kontakti]\"}', 1, 'Subject'),
(527, 1, 'md_agreeTerms', 'Es piekrītu personas datu apstrādes noteikumiem un nosacījumiem.', '{\"data\":\"Es piekrītu personas datu apstrādes noteikumiem un nosacījumiem.\"}', 1, 'modal'),
(526, 14, 'thema4', 'Thema 4', '{\"data\":\"Canikava “Ziedlejas”\"}', 1, 'modal_themes'),
(525, 3, 'thema4', 'Thema 4', '{\"data\":\"Canikava “Ziedlejas”\"}', 1, 'modal_themes'),
(524, 14, 'thema5', 'Thema 5', '{\"data\":\"Ādaži “Dailas”\"}', 1, 'modal_themes'),
(523, 3, 'thema5', 'Thema 5', '{\"data\":\"Ādaži “Dailas”\"}', 1, 'modal_themes'),
(522, 1, 'thema5', 'Thema 5', '{\"data\":\"Ādaži “Dailas”\"}', 1, 'modal_themes'),
(521, 1, 'thema4', 'Thema 4', '{\"data\":\"Canikava “Ziedlejas”\"}', 1, 'modal_themes'),
(520, 14, 'md_notSubject', 'Not subject', '{\"data\":\"Not subject\"}', 1, 'modal'),
(519, 3, 'md_notSubject', 'Not subject', '{\"data\":\"Not subject\"}', 1, 'modal'),
(518, 1, 'md_notSubject', 'Not subject', '{\"data\":\"Man ir vispārīgais jautājums\"}', 1, 'modal'),
(517, 14, 'mdt_thema1', 'Thema 1', '{\"data\":\"Lorem Ipsum Dolores\"}', 3, 'modal_themes'),
(516, 3, 'mdt_thema1', 'Thema 1', '{\"data\":\"Lorem Ipsum Dolores\"}', 3, 'modal_themes'),
(515, 14, 'mdt_thema2', 'Thema 2', '{\"data\":\"He point of using Lorem Ipsum is that it has a more-or-less normal\"}', 3, 'modal_themes'),
(514, 3, 'mdt_thema2', 'Thema 2', '{\"data\":\"He point of using Lorem Ipsum is that it has a more-or-less normal\"}', 3, 'modal_themes'),
(513, 14, 'mdt_thema3', 'Thema 3', '{\"data\":\"That it has a more-or-less normal\"}', 3, 'modal_themes'),
(512, 3, 'mdt_thema3', 'Thema 3', '{\"data\":\"That it has a more-or-less normal\"}', 3, 'modal_themes'),
(511, 1, 'mdt_thema3', 'Thema 3', '{\"data\":\"Babīte “Lapsas”\"}', 3, 'modal_themes'),
(510, 1, 'mdt_thema2', 'Thema 2', '{\"data\":\"Mārupe “Mežavēji”\"}', 3, 'modal_themes'),
(509, 1, 'mdt_thema1', 'Thema 1', '{\"data\":\"Salaspils “Jaunzemes”\"}', 3, 'modal_themes');

-- --------------------------------------------------------

--
-- Table structure for table `text_constants_type`
--

CREATE TABLE `text_constants_type` (
  `id` int(11) NOT NULL,
  `name` varchar(255) DEFAULT NULL,
  `data` text
) ENGINE=MyISAM DEFAULT CHARSET=utf8;

--
-- Dumping data for table `text_constants_type`
--

INSERT INTO `text_constants_type` (`id`, `name`, `data`) VALUES
(1, 'text label', 'YToyOntzOjQ6Im5hbWUiO2E6NTp7aToxO3M6NDoiZGF0YSI7aToyO3M6MDoiIjtpOjM7czowOiIiO2k6NDtzOjA6IiI7aTo1O3M6MDoiIjt9czo0OiJ0eXBlIjthOjU6e2k6MTtzOjQ6InRleHQiO2k6MjtzOjQ6InRleHQiO2k6MztzOjQ6InRleHQiO2k6NDtzOjQ6InRleHQiO2k6NTtzOjQ6InRleHQiO319'),
(2, 'checkbox', 'YToyOntzOjQ6Im5hbWUiO2E6NTp7aToxO3M6NDoiZGF0YSI7aToyO3M6MDoiIjtpOjM7czowOiIiO2k6NDtzOjA6IiI7aTo1O3M6MDoiIjt9czo0OiJ0eXBlIjthOjU6e2k6MTtzOjg6ImNoZWNrYm94IjtpOjI7czo0OiJ0ZXh0IjtpOjM7czo0OiJ0ZXh0IjtpOjQ7czo0OiJ0ZXh0IjtpOjU7czo0OiJ0ZXh0Ijt9fQ=='),
(3, 'textarea', 'YToyOntzOjQ6Im5hbWUiO2E6NTp7aToxO3M6NDoiZGF0YSI7aToyO3M6MDoiIjtpOjM7czowOiIiO2k6NDtzOjA6IiI7aTo1O3M6MDoiIjt9czo0OiJ0eXBlIjthOjU6e2k6MTtzOjg6InRleHRhcmVhIjtpOjI7czo0OiJ0ZXh0IjtpOjM7czo0OiJ0ZXh0IjtpOjQ7czo0OiJ0ZXh0IjtpOjU7czo0OiJ0ZXh0Ijt9fQ=='),
(4, 'HTML Editor', 'YToyOntzOjQ6Im5hbWUiO2E6NTp7aToxO3M6NDoiZGF0YSI7aToyO3M6MDoiIjtpOjM7czowOiIiO2k6NDtzOjA6IiI7aTo1O3M6MDoiIjt9czo0OiJ0eXBlIjthOjU6e2k6MTtzOjQ6Imh0bWwiO2k6MjtzOjQ6InRleHQiO2k6MztzOjQ6InRleHQiO2k6NDtzOjQ6InRleHQiO2k6NTtzOjQ6InRleHQiO319'),
(5, 'file', 'YToyOntzOjQ6Im5hbWUiO2E6NTp7aToxO3M6NDoiZGF0YSI7aToyO3M6MDoiIjtpOjM7czowOiIiO2k6NDtzOjA6IiI7aTo1O3M6MDoiIjt9czo0OiJ0eXBlIjthOjU6e2k6MTtzOjQ6ImZpbGUiO2k6MjtzOjQ6InRleHQiO2k6MztzOjQ6InRleHQiO2k6NDtzOjQ6InRleHQiO2k6NTtzOjQ6InRleHQiO319'),
(10, 'link', 'YToyOntzOjQ6Im5hbWUiO2E6NTp7aToxO3M6NDoibGluayI7aToyO3M6NToibGFiZWwiO2k6MztzOjA6IiI7aTo0O3M6MDoiIjtpOjU7czowOiIiO31zOjQ6InR5cGUiO2E6NTp7aToxO3M6NDoidGV4dCI7aToyO3M6NDoidGV4dCI7aTozO3M6NDoidGV4dCI7aTo0O3M6NDoidGV4dCI7aTo1O3M6NDoidGV4dCI7fX0='),
(34, 'month', 'YToyOntzOjQ6Im5hbWUiO2E6MjU6e2k6MTtzOjM6IkphbiI7aToyO3M6MzoiRmViIjtpOjM7czozOiJNYXIiO2k6NDtzOjM6IkFwciI7aTo1O3M6MzoiTWF5IjtpOjY7czozOiJKdW4iO2k6NztzOjM6Ikp1bCI7aTo4O3M6MzoiQXVnIjtpOjk7czozOiJTZXAiO2k6MTA7czozOiJPY3QiO2k6MTE7czozOiJOb3YiO2k6MTI7czozOiJEZWMiO2k6MTM7czowOiIiO2k6MTQ7czowOiIiO2k6MTU7czowOiIiO2k6MTY7czowOiIiO2k6MTc7czowOiIiO2k6MTg7czowOiIiO2k6MTk7czowOiIiO2k6MjA7czowOiIiO2k6MjE7czowOiIiO2k6MjI7czowOiIiO2k6MjM7czowOiIiO2k6MjQ7czowOiIiO2k6MjU7czowOiIiO31zOjQ6InR5cGUiO2E6MjU6e2k6MTtzOjQ6InRleHQiO2k6MjtzOjQ6InRleHQiO2k6MztzOjQ6InRleHQiO2k6NDtzOjQ6InRleHQiO2k6NTtzOjQ6InRleHQiO2k6NjtzOjQ6InRleHQiO2k6NztzOjQ6InRleHQiO2k6ODtzOjQ6InRleHQiO2k6OTtzOjQ6InRleHQiO2k6MTA7czo0OiJ0ZXh0IjtpOjExO3M6NDoidGV4dCI7aToxMjtzOjQ6InRleHQiO2k6MTM7czo0OiJ0ZXh0IjtpOjE0O3M6NDoidGV4dCI7aToxNTtzOjQ6InRleHQiO2k6MTY7czo0OiJ0ZXh0IjtpOjE3O3M6NDoidGV4dCI7aToxODtzOjQ6InRleHQiO2k6MTk7czo0OiJ0ZXh0IjtpOjIwO3M6NDoidGV4dCI7aToyMTtzOjQ6InRleHQiO2k6MjI7czo0OiJ0ZXh0IjtpOjIzO3M6NDoidGV4dCI7aToyNDtzOjQ6InRleHQiO2k6MjU7czo0OiJ0ZXh0Ijt9fQ=='),
(37, 'mail_template', 'YToyOntzOjQ6Im5hbWUiO2E6MjU6e2k6MTtzOjc6InN1YmplY3QiO2k6MjtzOjQ6ImJvZHkiO2k6MztzOjA6IiI7aTo0O3M6MDoiIjtpOjU7czowOiIiO2k6NjtzOjA6IiI7aTo3O3M6MDoiIjtpOjg7czowOiIiO2k6OTtzOjA6IiI7aToxMDtzOjA6IiI7aToxMTtzOjA6IiI7aToxMjtzOjA6IiI7aToxMztzOjA6IiI7aToxNDtzOjA6IiI7aToxNTtzOjA6IiI7aToxNjtzOjA6IiI7aToxNztzOjA6IiI7aToxODtzOjA6IiI7aToxOTtzOjA6IiI7aToyMDtzOjA6IiI7aToyMTtzOjA6IiI7aToyMjtzOjA6IiI7aToyMztzOjA6IiI7aToyNDtzOjA6IiI7aToyNTtzOjA6IiI7fXM6NDoidHlwZSI7YToyNTp7aToxO3M6NDoidGV4dCI7aToyO3M6ODoidGV4dGFyZWEiO2k6MztzOjQ6InRleHQiO2k6NDtzOjQ6InRleHQiO2k6NTtzOjQ6InRleHQiO2k6NjtzOjQ6InRleHQiO2k6NztzOjQ6InRleHQiO2k6ODtzOjQ6InRleHQiO2k6OTtzOjQ6InRleHQiO2k6MTA7czo0OiJ0ZXh0IjtpOjExO3M6NDoidGV4dCI7aToxMjtzOjQ6InRleHQiO2k6MTM7czo0OiJ0ZXh0IjtpOjE0O3M6NDoidGV4dCI7aToxNTtzOjQ6InRleHQiO2k6MTY7czo0OiJ0ZXh0IjtpOjE3O3M6NDoidGV4dCI7aToxODtzOjQ6InRleHQiO2k6MTk7czo0OiJ0ZXh0IjtpOjIwO3M6NDoidGV4dCI7aToyMTtzOjQ6InRleHQiO2k6MjI7czo0OiJ0ZXh0IjtpOjIzO3M6NDoidGV4dCI7aToyNDtzOjQ6InRleHQiO2k6MjU7czo0OiJ0ZXh0Ijt9fQ=='),
(38, 'htmlhtml', 'YToyOntzOjQ6Im5hbWUiO2E6MjU6e2k6MTtzOjQ6ImxlZnQiO2k6MjtzOjU6InJpZ2h0IjtpOjM7czowOiIiO2k6NDtzOjA6IiI7aTo1O3M6MDoiIjtpOjY7czowOiIiO2k6NztzOjA6IiI7aTo4O3M6MDoiIjtpOjk7czowOiIiO2k6MTA7czowOiIiO2k6MTE7czowOiIiO2k6MTI7czowOiIiO2k6MTM7czowOiIiO2k6MTQ7czowOiIiO2k6MTU7czowOiIiO2k6MTY7czowOiIiO2k6MTc7czowOiIiO2k6MTg7czowOiIiO2k6MTk7czowOiIiO2k6MjA7czowOiIiO2k6MjE7czowOiIiO2k6MjI7czowOiIiO2k6MjM7czowOiIiO2k6MjQ7czowOiIiO2k6MjU7czowOiIiO31zOjQ6InR5cGUiO2E6MjU6e2k6MTtzOjQ6Imh0bWwiO2k6MjtzOjQ6Imh0bWwiO2k6MztzOjQ6InRleHQiO2k6NDtzOjQ6InRleHQiO2k6NTtzOjQ6InRleHQiO2k6NjtzOjQ6InRleHQiO2k6NztzOjQ6InRleHQiO2k6ODtzOjQ6InRleHQiO2k6OTtzOjQ6InRleHQiO2k6MTA7czo0OiJ0ZXh0IjtpOjExO3M6NDoidGV4dCI7aToxMjtzOjQ6InRleHQiO2k6MTM7czo0OiJ0ZXh0IjtpOjE0O3M6NDoidGV4dCI7aToxNTtzOjQ6InRleHQiO2k6MTY7czo0OiJ0ZXh0IjtpOjE3O3M6NDoidGV4dCI7aToxODtzOjQ6InRleHQiO2k6MTk7czo0OiJ0ZXh0IjtpOjIwO3M6NDoidGV4dCI7aToyMTtzOjQ6InRleHQiO2k6MjI7czo0OiJ0ZXh0IjtpOjIzO3M6NDoidGV4dCI7aToyNDtzOjQ6InRleHQiO2k6MjU7czo0OiJ0ZXh0Ijt9fQ=='),
(39, 'titlehtml', 'YToyOntzOjQ6Im5hbWUiO2E6MjU6e2k6MTtzOjU6InRpdGxlIjtpOjI7czo0OiJkYXRhIjtpOjM7czowOiIiO2k6NDtzOjA6IiI7aTo1O3M6MDoiIjtpOjY7czowOiIiO2k6NztzOjA6IiI7aTo4O3M6MDoiIjtpOjk7czowOiIiO2k6MTA7czowOiIiO2k6MTE7czowOiIiO2k6MTI7czowOiIiO2k6MTM7czowOiIiO2k6MTQ7czowOiIiO2k6MTU7czowOiIiO2k6MTY7czowOiIiO2k6MTc7czowOiIiO2k6MTg7czowOiIiO2k6MTk7czowOiIiO2k6MjA7czowOiIiO2k6MjE7czowOiIiO2k6MjI7czowOiIiO2k6MjM7czowOiIiO2k6MjQ7czowOiIiO2k6MjU7czowOiIiO31zOjQ6InR5cGUiO2E6MjU6e2k6MTtzOjQ6InRleHQiO2k6MjtzOjQ6Imh0bWwiO2k6MztzOjQ6InRleHQiO2k6NDtzOjQ6InRleHQiO2k6NTtzOjQ6InRleHQiO2k6NjtzOjQ6InRleHQiO2k6NztzOjQ6InRleHQiO2k6ODtzOjQ6InRleHQiO2k6OTtzOjQ6InRleHQiO2k6MTA7czo0OiJ0ZXh0IjtpOjExO3M6NDoidGV4dCI7aToxMjtzOjQ6InRleHQiO2k6MTM7czo0OiJ0ZXh0IjtpOjE0O3M6NDoidGV4dCI7aToxNTtzOjQ6InRleHQiO2k6MTY7czo0OiJ0ZXh0IjtpOjE3O3M6NDoidGV4dCI7aToxODtzOjQ6InRleHQiO2k6MTk7czo0OiJ0ZXh0IjtpOjIwO3M6NDoidGV4dCI7aToyMTtzOjQ6InRleHQiO2k6MjI7czo0OiJ0ZXh0IjtpOjIzO3M6NDoidGV4dCI7aToyNDtzOjQ6InRleHQiO2k6MjU7czo0OiJ0ZXh0Ijt9fQ=='),
(40, 'day_of_week', 'YToyOntzOjQ6Im5hbWUiO2E6MjU6e2k6MTtzOjY6Im1vbmRheSI7aToyO3M6NzoidHVlc2RheSI7aTozO3M6OToid2VkbmVzZGF5IjtpOjQ7czo4OiJ0aHVyc2RheSI7aTo1O3M6NjoiZnJpZGF5IjtpOjY7czo4OiJzYXR1cmRheSI7aTo3O3M6Njoic3VuZGF5IjtpOjg7czowOiIiO2k6OTtzOjA6IiI7aToxMDtzOjA6IiI7aToxMTtzOjA6IiI7aToxMjtzOjA6IiI7aToxMztzOjA6IiI7aToxNDtzOjA6IiI7aToxNTtzOjA6IiI7aToxNjtzOjA6IiI7aToxNztzOjA6IiI7aToxODtzOjA6IiI7aToxOTtzOjA6IiI7aToyMDtzOjA6IiI7aToyMTtzOjA6IiI7aToyMjtzOjA6IiI7aToyMztzOjA6IiI7aToyNDtzOjA6IiI7aToyNTtzOjA6IiI7fXM6NDoidHlwZSI7YToyNTp7aToxO3M6NDoidGV4dCI7aToyO3M6NDoidGV4dCI7aTozO3M6NDoidGV4dCI7aTo0O3M6NDoidGV4dCI7aTo1O3M6NDoidGV4dCI7aTo2O3M6NDoidGV4dCI7aTo3O3M6NDoidGV4dCI7aTo4O3M6NDoidGV4dCI7aTo5O3M6NDoidGV4dCI7aToxMDtzOjQ6InRleHQiO2k6MTE7czo0OiJ0ZXh0IjtpOjEyO3M6NDoidGV4dCI7aToxMztzOjQ6InRleHQiO2k6MTQ7czo0OiJ0ZXh0IjtpOjE1O3M6NDoidGV4dCI7aToxNjtzOjQ6InRleHQiO2k6MTc7czo0OiJ0ZXh0IjtpOjE4O3M6NDoidGV4dCI7aToxOTtzOjQ6InRleHQiO2k6MjA7czo0OiJ0ZXh0IjtpOjIxO3M6NDoidGV4dCI7aToyMjtzOjQ6InRleHQiO2k6MjM7czo0OiJ0ZXh0IjtpOjI0O3M6NDoidGV4dCI7aToyNTtzOjQ6InRleHQiO319'),
(41, 'statuss', '{\"name\":{\"1\":\"active\",\"2\":\"inactive\",\"3\":\"reserved\",\"4\":\"sold\",\"5\":\"\",\"6\":\"\",\"7\":\"\",\"8\":\"\",\"9\":\"\",\"10\":\"\",\"11\":\"\",\"12\":\"\",\"13\":\"\",\"14\":\"\",\"15\":\"\",\"16\":\"\",\"17\":\"\",\"18\":\"\",\"19\":\"\",\"20\":\"\",\"21\":\"\",\"22\":\"\",\"23\":\"\",\"24\":\"\",\"25\":\"\"},\"type\":{\"1\":\"text\",\"2\":\"text\",\"3\":\"text\",\"4\":\"text\",\"5\":\"text\",\"6\":\"text\",\"7\":\"text\",\"8\":\"text\",\"9\":\"text\",\"10\":\"text\",\"11\":\"text\",\"12\":\"text\",\"13\":\"text\",\"14\":\"text\",\"15\":\"text\",\"16\":\"text\",\"17\":\"text\",\"18\":\"text\",\"19\":\"text\",\"20\":\"text\",\"21\":\"text\",\"22\":\"text\",\"23\":\"text\",\"24\":\"text\",\"25\":\"text\"}}'),
(42, 'person', '{\"name\":{\"1\":\"name\",\"2\":\"rank\",\"3\":\"photo\",\"4\":\"\",\"5\":\"\",\"6\":\"\",\"7\":\"\",\"8\":\"\",\"9\":\"\",\"10\":\"\",\"11\":\"\",\"12\":\"\",\"13\":\"\",\"14\":\"\",\"15\":\"\",\"16\":\"\",\"17\":\"\",\"18\":\"\",\"19\":\"\",\"20\":\"\",\"21\":\"\",\"22\":\"\",\"23\":\"\",\"24\":\"\",\"25\":\"\"},\"type\":{\"1\":\"text\",\"2\":\"text\",\"3\":\"file\",\"4\":\"text\",\"5\":\"text\",\"6\":\"text\",\"7\":\"text\",\"8\":\"text\",\"9\":\"text\",\"10\":\"text\",\"11\":\"text\",\"12\":\"text\",\"13\":\"text\",\"14\":\"text\",\"15\":\"text\",\"16\":\"text\",\"17\":\"text\",\"18\":\"text\",\"19\":\"text\",\"20\":\"text\",\"21\":\"text\",\"22\":\"text\",\"23\":\"text\",\"24\":\"text\",\"25\":\"text\"}}'),
(43, 'type_object', '{\"name\":{\"1\":\"land\",\"2\":\"house\",\"3\":\"row house\",\"4\":\"\",\"5\":\"\",\"6\":\"\",\"7\":\"\",\"8\":\"\",\"9\":\"\",\"10\":\"\",\"11\":\"\",\"12\":\"\",\"13\":\"\",\"14\":\"\",\"15\":\"\",\"16\":\"\",\"17\":\"\",\"18\":\"\",\"19\":\"\",\"20\":\"\",\"21\":\"\",\"22\":\"\",\"23\":\"\",\"24\":\"\",\"25\":\"\"},\"type\":{\"1\":\"text\",\"2\":\"text\",\"3\":\"text\",\"4\":\"text\",\"5\":\"text\",\"6\":\"text\",\"7\":\"text\",\"8\":\"text\",\"9\":\"text\",\"10\":\"text\",\"11\":\"text\",\"12\":\"text\",\"13\":\"text\",\"14\":\"text\",\"15\":\"text\",\"16\":\"text\",\"17\":\"text\",\"18\":\"text\",\"19\":\"text\",\"20\":\"text\",\"21\":\"text\",\"22\":\"text\",\"23\":\"text\",\"24\":\"text\",\"25\":\"text\"}}');

--
-- Indexes for table `cms_langs`
--
ALTER TABLE `cms_langs`
  ADD PRIMARY KEY (`site_lang_id`),
  ADD UNIQUE KEY `cms_lang_abbreviation` (`site_lang_abbreviation`);

--
-- Indexes for table `cms_translate`
--
ALTER TABLE `cms_translate`
  ADD PRIMARY KEY (`id`),
  ADD KEY `file` (`file`),
  ADD KEY `phrase` (`phrase`);

--
-- Indexes for table `data_history`
--
ALTER TABLE `data_history`
  ADD PRIMARY KEY (`id`);

--
-- Indexes for table `gdpr_history_log`
--
ALTER TABLE `gdpr_history_log`
  ADD PRIMARY KEY (`id`);

--
-- Indexes for table `mail_history`
--
ALTER TABLE `mail_history`
  ADD PRIMARY KEY (`id`);

--
-- Indexes for table `module_blocks`
--
ALTER TABLE `module_blocks`
  ADD PRIMARY KEY (`id`),
  ADD KEY `order_all` (`order_all`),
  ADD KEY `pid` (`pid`);

--
-- Indexes for table `module_blocks_photogallery`
--
ALTER TABLE `module_blocks_photogallery`
  ADD PRIMARY KEY (`id`);

--
-- Indexes for table `module_menu`
--
ALTER TABLE `module_menu`
  ADD PRIMARY KEY (`module_menu_id`),
  ADD KEY `page_id` (`page_id`),
  ADD KEY `link_id` (`link_id`);

--
-- Indexes for table `page`
--
ALTER TABLE `page`
  ADD PRIMARY KEY (`page_id`),
  ADD KEY `path_name` (`path_name`),
  ADD KEY `template` (`template`),
  ADD KEY `page_parent` (`page_parent`),
  ADD KEY `page_sort` (`page_sort`),
  ADD KEY `with_purl` (`with_purl`);

--
-- Indexes for table `page_site_lang`
--
ALTER TABLE `page_site_lang`
  ADD PRIMARY KEY (`page_site_lang_id`),
  ADD KEY `page_id` (`page_id`),
  ADD KEY `site_lang_id` (`site_lang_id`),
  ADD KEY `path_lang` (`path_lang`);

--
-- Indexes for table `page_type`
--
ALTER TABLE `page_type`
  ADD PRIMARY KEY (`page_type_id`);

--
-- Indexes for table `redirect_managment`
--
ALTER TABLE `redirect_managment`
  ADD PRIMARY KEY (`id`);

--
-- Indexes for table `settings`
--
ALTER TABLE `settings`
  ADD KEY `id` (`id`);

--
-- Indexes for table `site_lang`
--
ALTER TABLE `site_lang`
  ADD PRIMARY KEY (`site_lang_id`),
  ADD UNIQUE KEY `site_lang_abbreviation` (`site_lang_abbreviation`);

--
-- Indexes for table `subscribers`
--
ALTER TABLE `subscribers`
  ADD PRIMARY KEY (`id`),
  ADD UNIQUE KEY `email` (`email`);

--
-- Indexes for table `text_constants`
--
ALTER TABLE `text_constants`
  ADD PRIMARY KEY (`id`);

--
-- Indexes for table `text_constants_type`
--
ALTER TABLE `text_constants_type`
  ADD PRIMARY KEY (`id`);
--
-- AUTO_INCREMENT for table `cms_langs`
--
ALTER TABLE `cms_langs`
  MODIFY `site_lang_id` int(11) NOT NULL AUTO_INCREMENT, AUTO_INCREMENT=14;
--
-- AUTO_INCREMENT for table `cms_translate`
--
ALTER TABLE `cms_translate`
  MODIFY `id` int(11) NOT NULL AUTO_INCREMENT, AUTO_INCREMENT=1340;
--
-- AUTO_INCREMENT for table `data_history`
--
ALTER TABLE `data_history`
  MODIFY `id` int(11) NOT NULL AUTO_INCREMENT;
--
-- AUTO_INCREMENT for table `gdpr_history_log`
--
ALTER TABLE `gdpr_history_log`
  MODIFY `id` int(11) NOT NULL AUTO_INCREMENT, AUTO_INCREMENT=27;
--
-- AUTO_INCREMENT for table `mail_history`
--
ALTER TABLE `mail_history`
  MODIFY `id` int(11) NOT NULL AUTO_INCREMENT, AUTO_INCREMENT=7;
--
-- AUTO_INCREMENT for table `module_blocks`
--
ALTER TABLE `module_blocks`
  MODIFY `id` int(11) NOT NULL AUTO_INCREMENT, AUTO_INCREMENT=3155;
--
-- AUTO_INCREMENT for table `module_blocks_photogallery`
--
ALTER TABLE `module_blocks_photogallery`
  MODIFY `id` int(11) NOT NULL AUTO_INCREMENT, AUTO_INCREMENT=658;
--
-- AUTO_INCREMENT for table `module_menu`
--
ALTER TABLE `module_menu`
  MODIFY `module_menu_id` int(11) NOT NULL AUTO_INCREMENT, AUTO_INCREMENT=29;
--
-- AUTO_INCREMENT for table `page`
--
ALTER TABLE `page`
  MODIFY `page_id` int(11) NOT NULL AUTO_INCREMENT, AUTO_INCREMENT=103;
--
-- AUTO_INCREMENT for table `page_site_lang`
--
ALTER TABLE `page_site_lang`
  MODIFY `page_site_lang_id` int(11) NOT NULL AUTO_INCREMENT, AUTO_INCREMENT=307;
--
-- AUTO_INCREMENT for table `page_type`
--
ALTER TABLE `page_type`
  MODIFY `page_type_id` int(11) NOT NULL AUTO_INCREMENT, AUTO_INCREMENT=342;
--
-- AUTO_INCREMENT for table `redirect_managment`
--
ALTER TABLE `redirect_managment`
  MODIFY `id` int(11) NOT NULL AUTO_INCREMENT, AUTO_INCREMENT=40;
--
-- AUTO_INCREMENT for table `site_lang`
--
ALTER TABLE `site_lang`
  MODIFY `site_lang_id` int(11) NOT NULL AUTO_INCREMENT, AUTO_INCREMENT=15;
--
-- AUTO_INCREMENT for table `subscribers`
--
ALTER TABLE `subscribers`
  MODIFY `id` int(11) NOT NULL AUTO_INCREMENT, AUTO_INCREMENT=24;
--
-- AUTO_INCREMENT for table `text_constants`
--
ALTER TABLE `text_constants`
  MODIFY `id` int(11) NOT NULL AUTO_INCREMENT, AUTO_INCREMENT=548;
--
-- AUTO_INCREMENT for table `text_constants_type`
--
ALTER TABLE `text_constants_type`
  MODIFY `id` int(11) NOT NULL AUTO_INCREMENT, AUTO_INCREMENT=44;COMMIT;

